{"id":523,"date":"2019-04-01T16:28:10","date_gmt":"2019-04-01T14:28:10","guid":{"rendered":"https:\/\/www.upo.es\/area-historia-arte\/?page_id=523"},"modified":"2019-07-19T09:12:56","modified_gmt":"2019-07-19T07:12:56","slug":"febrero-2018-v-coloquio-internacional-arte-y-patrimonio-en-espana-y-america","status":"publish","type":"page","link":"https:\/\/www.upo.es\/area-historia-arte\/febrero-2018-v-coloquio-internacional-arte-y-patrimonio-en-espana-y-america\/","title":{"rendered":"V Coloquio Internacional \u00abArte y Patrimonio en Espa\u00f1a y Am\u00e9rica. De lo barroco a la modernidad\u00bb"},"content":{"rendered":"\n<p><\/p>\n\n\n\n<div class=\"wp-block-image\"><figure class=\"aligncenter is-resized\"><img loading=\"lazy\" src=\"https:\/\/www.upo.es\/area-historia-arte\/wp-content\/uploads\/2019\/05\/V_Coloquio_Internacional_Arte_y_Patrimonio_2018-724x1024.jpg\" alt=\"\" class=\"wp-image-1034\" width=\"389\" height=\"549\" srcset=\"https:\/\/www.upo.es\/area-historia-arte\/wp-content\/uploads\/2019\/05\/V_Coloquio_Internacional_Arte_y_Patrimonio_2018-724x1024.jpg 724w, https:\/\/www.upo.es\/area-historia-arte\/wp-content\/uploads\/2019\/05\/V_Coloquio_Internacional_Arte_y_Patrimonio_2018-212x300.jpg 212w, https:\/\/www.upo.es\/area-historia-arte\/wp-content\/uploads\/2019\/05\/V_Coloquio_Internacional_Arte_y_Patrimonio_2018-768x1086.jpg 768w, https:\/\/www.upo.es\/area-historia-arte\/wp-content\/uploads\/2019\/05\/V_Coloquio_Internacional_Arte_y_Patrimonio_2018.jpg 1240w\" sizes=\"(max-width: 389px) 100vw, 389px\" \/><\/figure><\/div>\n\n\n\n<p style=\"text-align:center\">V Coloquio Internacional \u00abArte y Patrimonio en Espa\u00f1a y Am\u00e9rica. De lo barroco a la modernidad\u00bb<\/p>\n\n\n\n<p style=\"text-align:center\"><strong>Fecha<\/strong>: 1, 7 y 8 de febrero de 2018 <\/p>\n\n\n\n<p style=\"text-align:center\"><strong>Lugar<\/strong>: Casa de la Provincia, Sevilla<\/p>\n\n\n\n<p><strong>Organizan<\/strong>:&nbsp;\u00c1rea de Historia del Arte y el M\u00e1ster oficial Arte, Museos y Gesti\u00f3n del Patrimonio Hist\u00f3rico de la Universidad Pablo de Olavide<\/p>\n\n\n\n<p><strong>Colaboran<\/strong>: Centro de Estudios del Barroco Iberoamericano &#8211; CeIBA, Asociaci\u00f3n Universitaria Iberoamerica de Postgrado &#8211; AUIP y la Casa de la Provincia &#8211; Diputaci\u00f3n de Sevilla<\/p>\n\n\n\n<p><strong>Coordinaci\u00f3n acad\u00e9mica<\/strong>: Fernando Quiles Garc\u00eda y Mar\u00eda de los \u00c1ngeles Fern\u00e1ndez Valle (Universidad Pablo de Olavide)<\/p>\n\n\n\n<p><strong>Colaboran<\/strong>: Zara Ruiz Romero, Victoria S\u00e1nchez y Rafael Gonz\u00e1lez Madrid (Universidad Pablo de Olavide)<\/p>\n\n\n\n<p><strong>Informaci\u00f3n e inscripci\u00f3n<\/strong>: ubarroco@gmail.com<\/p>\n\n\n\n<p><a href=\"https:\/\/www.upo.es\/area-historia-arte\/wp-content\/uploads\/2019\/04\/V_Coloquio_Internacional_Arte_y_Patrimonio_2018.pdf\">PROGRAMA<\/a><\/p>\n","protected":false},"excerpt":{"rendered":"<p>V Coloquio Internacional \u00abArte y Patrimonio en Espa\u00f1a y Am\u00e9rica. De lo barroco a la modernidad\u00bb Fecha: 1, 7 y[&#8230;]<\/p>\n","protected":false},"author":1,"featured_media":0,"parent":0,"menu_order":0,"comment_status":"closed","ping_status":"closed","template":"template-fullwidth.php","meta":[],"_links":{"self":[{"href":"https:\/\/www.upo.es\/area-historia-arte\/wp-json\/wp\/v2\/pages\/523"}],"collection":[{"href":"https:\/\/www.upo.es\/area-historia-arte\/wp-json\/wp\/v2\/pages"}],"about":[{"href":"https:\/\/www.upo.es\/area-historia-arte\/wp-json\/wp\/v2\/types\/page"}],"author":[{"embeddable":true,"href":"https:\/\/www.upo.es\/area-historia-arte\/wp-json\/wp\/v2\/users\/1"}],"replies":[{"embeddable":true,"href":"https:\/\/www.upo.es\/area-historia-arte\/wp-json\/wp\/v2\/comments?post=523"}],"version-history":[{"count":9,"href":"https:\/\/www.upo.es\/area-historia-arte\/wp-json\/wp\/v2\/pages\/523\/revisions"}],"predecessor-version":[{"id":2188,"href":"https:\/\/www.upo.es\/area-historia-arte\/wp-json\/wp\/v2\/pages\/523\/revisions\/2188"}],"wp:attachment":[{"href":"https:\/\/www.upo.es\/area-historia-arte\/wp-json\/wp\/v2\/media?parent=523"}],"curies":[{"name":"wp","href":"https:\/\/api.w.org\/{rel}","templated":true}]}}