{"id":527,"date":"2019-04-01T16:29:42","date_gmt":"2019-04-01T14:29:42","guid":{"rendered":"https:\/\/www.upo.es\/area-historia-arte\/?page_id=527"},"modified":"2019-07-19T09:12:30","modified_gmt":"2019-07-19T07:12:30","slug":"febrero-2018-vii-jornadas-de-orientacion-profesional-gestion-cultural-y-patrimonio-historico","status":"publish","type":"page","link":"https:\/\/www.upo.es\/area-historia-arte\/febrero-2018-vii-jornadas-de-orientacion-profesional-gestion-cultural-y-patrimonio-historico\/","title":{"rendered":"VII Jornadas de Orientaci\u00f3n Profesional Gesti\u00f3n Cultural y Patrimonio Hist\u00f3rico"},"content":{"rendered":"\n<p><\/p>\n\n\n\n<div class=\"wp-block-image\"><figure class=\"aligncenter is-resized\"><img loading=\"lazy\" src=\"https:\/\/www.upo.es\/area-historia-arte\/wp-content\/uploads\/2019\/05\/VII_Jornadas_de_Orientacion_Profesional_2018-1024x724.jpg\" alt=\"\" class=\"wp-image-1032\" width=\"741\" height=\"523\" srcset=\"https:\/\/www.upo.es\/area-historia-arte\/wp-content\/uploads\/2019\/05\/VII_Jornadas_de_Orientacion_Profesional_2018-1024x724.jpg 1024w, https:\/\/www.upo.es\/area-historia-arte\/wp-content\/uploads\/2019\/05\/VII_Jornadas_de_Orientacion_Profesional_2018-300x212.jpg 300w, https:\/\/www.upo.es\/area-historia-arte\/wp-content\/uploads\/2019\/05\/VII_Jornadas_de_Orientacion_Profesional_2018-768x543.jpg 768w, https:\/\/www.upo.es\/area-historia-arte\/wp-content\/uploads\/2019\/05\/VII_Jornadas_de_Orientacion_Profesional_2018.jpg 1753w\" sizes=\"(max-width: 741px) 100vw, 741px\" \/><\/figure><\/div>\n\n\n\n<p style=\"text-align:center\">VII Jornadas de Orientaci\u00f3n Profesional de la Facultad de Humanidades \u00abGesti\u00f3n Cultural y Patrimonio Hist\u00f3rico\u00bb<\/p>\n\n\n\n<p style=\"text-align:center\"><strong>Fecha<\/strong>: 2 de febrero de 2018 <\/p>\n\n\n\n<p style=\"text-align:center\"><strong>Lugar<\/strong>: Sala de Grados 2 de CEI CamBio, Biblioteca &#8211; Universidad Pablo de Olavide, Sevilla<\/p>\n\n\n\n<p><strong>Organizan<\/strong>:&nbsp;\u00c1rea de Historia del Arte, Facultad de Humanidades &nbsp;y M\u00e1ster oficial Arte, Museos y Gesti\u00f3n del Patrimonio Hist\u00f3rico de la Universidad Pablo de Olavide<\/p>\n\n\n\n<p><strong>Colaboran<\/strong>: Fundaci\u00f3n Universidad Pablo de Olavide, Engranajes Culturales y SACOiaci\u00f3n Universitaria Iberoamerica de Postgrado &#8211; AUIP y la Casa de la Provincia &#8211; Diputaci\u00f3n de Sevilla<\/p>\n\n\n\n<p><strong>Coordinaci\u00f3n acad\u00e9mica<\/strong>: Francisco Ollero Lobato y Victoria S\u00e1nchez Mellado (Universidad Pablo de Olavide)<\/p>\n\n\n\n<p><strong>Informaci\u00f3n e inscripci\u00f3n<\/strong>: vsanmel@upo.es<\/p>\n\n\n\n<p><a href=\"https:\/\/www.upo.es\/area-historia-arte\/wp-content\/uploads\/2019\/04\/VII_Jornadas_de_Orientacion_Profesional_2018.pdf\">PROGRAMA<\/a><br> &nbsp;<\/p>\n","protected":false},"excerpt":{"rendered":"<p>VII Jornadas de Orientaci\u00f3n Profesional de la Facultad de Humanidades \u00abGesti\u00f3n Cultural y Patrimonio Hist\u00f3rico\u00bb Fecha: 2 de febrero de[&#8230;]<\/p>\n","protected":false},"author":1,"featured_media":0,"parent":0,"menu_order":0,"comment_status":"closed","ping_status":"closed","template":"template-fullwidth.php","meta":[],"_links":{"self":[{"href":"https:\/\/www.upo.es\/area-historia-arte\/wp-json\/wp\/v2\/pages\/527"}],"collection":[{"href":"https:\/\/www.upo.es\/area-historia-arte\/wp-json\/wp\/v2\/pages"}],"about":[{"href":"https:\/\/www.upo.es\/area-historia-arte\/wp-json\/wp\/v2\/types\/page"}],"author":[{"embeddable":true,"href":"https:\/\/www.upo.es\/area-historia-arte\/wp-json\/wp\/v2\/users\/1"}],"replies":[{"embeddable":true,"href":"https:\/\/www.upo.es\/area-historia-arte\/wp-json\/wp\/v2\/comments?post=527"}],"version-history":[{"count":8,"href":"https:\/\/www.upo.es\/area-historia-arte\/wp-json\/wp\/v2\/pages\/527\/revisions"}],"predecessor-version":[{"id":2187,"href":"https:\/\/www.upo.es\/area-historia-arte\/wp-json\/wp\/v2\/pages\/527\/revisions\/2187"}],"wp:attachment":[{"href":"https:\/\/www.upo.es\/area-historia-arte\/wp-json\/wp\/v2\/media?parent=527"}],"curies":[{"name":"wp","href":"https:\/\/api.w.org\/{rel}","templated":true}]}}

VII Jornadas de Orientación Profesional Gestión Cultural y Patrimonio Histórico

<p></p>



<div class="wp-block-image"><figure class="aligncenter is-resized"><img loading="lazy" src="https://www.upo.es/area-historia-arte/wp-content/uploads/2019/05/VII_Jornadas_de_Orientacion_Profesional_2018-1024x724.jpg" alt="" class="wp-image-1032" width="741" height="523" srcset="https://www.upo.es/area-historia-arte/wp-content/uploads/2019/05/VII_Jornadas_de_Orientacion_Profesional_2018-1024x724.jpg 1024w, https://www.upo.es/area-historia-arte/wp-content/uploads/2019/05/VII_Jornadas_de_Orientacion_Profesional_2018-300x212.jpg 300w, https://www.upo.es/area-historia-arte/wp-content/uploads/2019/05/VII_Jornadas_de_Orientacion_Profesional_2018-768x543.jpg 768w, https://www.upo.es/area-historia-arte/wp-content/uploads/2019/05/VII_Jornadas_de_Orientacion_Profesional_2018.jpg 1753w" sizes="(max-width: 741px) 100vw, 741px" /></figure></div>



<p style="text-align:center">VII Jornadas de Orientación Profesional de la Facultad de Humanidades «Gestión Cultural y Patrimonio Histórico»</p>



<p style="text-align:center"><strong>Fecha</strong>: 2 de febrero de 2018 </p>



<p style="text-align:center"><strong>Lugar</strong>: Sala de Grados 2 de CEI CamBio, Biblioteca &#8211; Universidad Pablo de Olavide, Sevilla</p>



<p><strong>Organizan</strong>:&nbsp;Área de Historia del Arte, Facultad de Humanidades &nbsp;y Máster oficial Arte, Museos y Gestión del Patrimonio Histórico de la Universidad Pablo de Olavide</p>



<p><strong>Colaboran</strong>: Fundación Universidad Pablo de Olavide, Engranajes Culturales y SACOiación Universitaria Iberoamerica de Postgrado &#8211; AUIP y la Casa de la Provincia &#8211; Diputación de Sevilla</p>



<p><strong>Coordinación académica</strong>: Francisco Ollero Lobato y Victoria Sánchez Mellado (Universidad Pablo de Olavide)</p>



<p><strong>Información e inscripción</strong>: vsanmel@upo.es</p>



<p><a href="https://www.upo.es/area-historia-arte/wp-content/uploads/2019/04/VII_Jornadas_de_Orientacion_Profesional_2018.pdf">PROGRAMA</a><br> &nbsp;</p>

<p>VII Jornadas de Orientación Profesional de la Facultad de Humanidades «Gestión Cultural y Patrimonio Histórico» Fecha: 2 de febrero de[&#8230;]</p>
