{"id":557,"date":"2019-04-01T16:47:06","date_gmt":"2019-04-01T14:47:06","guid":{"rendered":"https:\/\/www.upo.es\/area-historia-arte\/?page_id=557"},"modified":"2019-07-16T11:18:16","modified_gmt":"2019-07-16T09:18:16","slug":"mayo-2018-visita-teatralizada-para-ninos-por-la-upo","status":"publish","type":"page","link":"https:\/\/www.upo.es\/area-historia-arte\/mayo-2018-visita-teatralizada-para-ninos-por-la-upo\/","title":{"rendered":"Visita teatralizada para ni\u00f1os por la UPO: descubriendo la UPO"},"content":{"rendered":"\n<p><\/p>\n\n\n\n<div class=\"wp-block-image\"><figure class=\"aligncenter is-resized\"><img loading=\"lazy\" src=\"https:\/\/www.upo.es\/area-historia-arte\/wp-content\/uploads\/2019\/06\/Cartel_visita_teatralizada_ninos_UPO_2018_page-0001-819x1024.jpg\" alt=\"\" class=\"wp-image-1605\" width=\"496\" height=\"620\" srcset=\"https:\/\/www.upo.es\/area-historia-arte\/wp-content\/uploads\/2019\/06\/Cartel_visita_teatralizada_ninos_UPO_2018_page-0001-819x1024.jpg 819w, https:\/\/www.upo.es\/area-historia-arte\/wp-content\/uploads\/2019\/06\/Cartel_visita_teatralizada_ninos_UPO_2018_page-0001-240x300.jpg 240w, https:\/\/www.upo.es\/area-historia-arte\/wp-content\/uploads\/2019\/06\/Cartel_visita_teatralizada_ninos_UPO_2018_page-0001-768x960.jpg 768w\" sizes=\"(max-width: 496px) 100vw, 496px\" \/><\/figure><\/div>\n\n\n\n<p style=\"text-align:center\"><em>Descubriendo la UPO&#8230;&nbsp;<\/em><\/p>\n\n\n\n<p style=\"text-align:center\">Visita teatralizada para ni\u00f1os. &nbsp;20 a\u00f1os. Aniversario de la Universidad Pablo de Olavide <\/p>\n\n\n\n<p style=\"text-align:center\"><strong>Fecha<\/strong>: 26 de mayo de 2018<\/p>\n\n\n\n<p style=\"text-align:center\"><strong>Hora<\/strong>: 12\u00b400h<\/p>\n\n\n\n<p style=\"text-align:center\"><strong>Punto de encuentro<\/strong>: Plaza de Am\u00e9rica &#8211; Universidad Pablo de Olavide, Sevilla<\/p>\n\n\n\n<p>Los estudiantes de\nlos Grados de Geograf\u00eda e Historia y Humanidades convocan a los ni\u00f1os y ni\u00f1as\npara disfrutar de una visita teatralizada por la UPO.<\/p>\n\n\n\n<p><strong>Estudiantes:&nbsp;<\/strong><\/p>\n\n\n\n<ul><li>Elena Almeida Gonz\u00e1lez<\/li><li>Francisco Ben\u00edtez Gonz\u00e1lez<\/li><li>Julieta de Le\u00f3n Maruri<\/li><li>Vanessa Kr\u00fcger<\/li><li>Miguel \u00c1ngel Luque Mart\u00ednez<\/li><li>Rafael Mar\u00edn Rodr\u00edguez<\/li><li>Antonio Tabares Galindo<\/li><li>Luis Orlando Ram\u00edrez Mej\u00eda<\/li><\/ul>\n\n\n\n<p><strong>Colaboradores:<\/strong>&nbsp;<\/p>\n\n\n\n<ul><li>Victoria S\u00e1nchez Mellado<\/li><li>Rafael Gonz\u00e1lez Madrid<\/li><li>Rafael Molina Mart\u00edn<\/li><li>Salvador Hern\u00e1ndez Gonz\u00e1lez<\/li><\/ul>\n\n\n\n<p><strong>Coordinaci\u00f3n acad\u00e9mica:<\/strong><\/p>\n\n\n\n<ul><li>Fernando Quiles Garc\u00eda <\/li><li>Mar\u00eda de los \u00c1ngeles Fern\u00e1ndez Valle<\/li><\/ul>\n\n\n\n<p><strong>Organizan:&nbsp;<\/strong><\/p>\n\n\n\n<ul><li>\u00c1rea de Historia del Arte, Facultad de Humanidades, Departamento de Geograf\u00eda, Historia y Filosof\u00eda<\/li><li>OTRI &#8211; Oficina de Transferencia de Resultados de Investigaci\u00f3n<\/li><li>Vicerrectorados de Cultura y Compromiso Social, Estudiantes e Investigaci\u00f3n y Transferencia de Tecnolog\u00eda de la Universidad Pablo de Olavide, Sevilla<\/li><\/ul>\n\n\n\n<p><strong>Colaboran:&nbsp;<\/strong><\/p>\n\n\n\n<ul><li>EnredARS. Matriz de Proyectos Culturales<\/li><li>Acer-VOS. Patrimonio Cultural Iberoamericano<\/li><li>CeIBA. Centro de Estudios del Barroco Iberoamericano<\/li><li>UnbRRC. Universo Barroco Iberoamericano<\/li><li>Aula Latinoamericana de Pensamiento y Creaci\u00f3n Contempor\u00e1neos<\/li><\/ul>\n\n\n\n<p><a href=\"https:\/\/www.upo.es\/area-historia-arte\/wp-content\/uploads\/2019\/04\/Cartel_visita_teatralizada_ninos_UPO_2018.pdf\">VISITA TEATRALIZADA PARA NI\u00d1OS 20 A\u00d1OS UPO<\/a><\/p>\n","protected":false},"excerpt":{"rendered":"<p>Descubriendo la UPO&#8230;&nbsp; Visita teatralizada para ni\u00f1os. &nbsp;20 a\u00f1os. Aniversario de la Universidad Pablo de Olavide Fecha: 26 de mayo[&#8230;]<\/p>\n","protected":false},"author":1,"featured_media":0,"parent":0,"menu_order":0,"comment_status":"closed","ping_status":"closed","template":"template-fullwidth.php","meta":[],"_links":{"self":[{"href":"https:\/\/www.upo.es\/area-historia-arte\/wp-json\/wp\/v2\/pages\/557"}],"collection":[{"href":"https:\/\/www.upo.es\/area-historia-arte\/wp-json\/wp\/v2\/pages"}],"about":[{"href":"https:\/\/www.upo.es\/area-historia-arte\/wp-json\/wp\/v2\/types\/page"}],"author":[{"embeddable":true,"href":"https:\/\/www.upo.es\/area-historia-arte\/wp-json\/wp\/v2\/users\/1"}],"replies":[{"embeddable":true,"href":"https:\/\/www.upo.es\/area-historia-arte\/wp-json\/wp\/v2\/comments?post=557"}],"version-history":[{"count":12,"href":"https:\/\/www.upo.es\/area-historia-arte\/wp-json\/wp\/v2\/pages\/557\/revisions"}],"predecessor-version":[{"id":1970,"href":"https:\/\/www.upo.es\/area-historia-arte\/wp-json\/wp\/v2\/pages\/557\/revisions\/1970"}],"wp:attachment":[{"href":"https:\/\/www.upo.es\/area-historia-arte\/wp-json\/wp\/v2\/media?parent=557"}],"curies":[{"name":"wp","href":"https:\/\/api.w.org\/{rel}","templated":true}]}}

Visita teatralizada para niños por la UPO: descubriendo la UPO

<p></p>



<div class="wp-block-image"><figure class="aligncenter is-resized"><img loading="lazy" src="https://www.upo.es/area-historia-arte/wp-content/uploads/2019/06/Cartel_visita_teatralizada_ninos_UPO_2018_page-0001-819x1024.jpg" alt="" class="wp-image-1605" width="496" height="620" srcset="https://www.upo.es/area-historia-arte/wp-content/uploads/2019/06/Cartel_visita_teatralizada_ninos_UPO_2018_page-0001-819x1024.jpg 819w, https://www.upo.es/area-historia-arte/wp-content/uploads/2019/06/Cartel_visita_teatralizada_ninos_UPO_2018_page-0001-240x300.jpg 240w, https://www.upo.es/area-historia-arte/wp-content/uploads/2019/06/Cartel_visita_teatralizada_ninos_UPO_2018_page-0001-768x960.jpg 768w" sizes="(max-width: 496px) 100vw, 496px" /></figure></div>



<p style="text-align:center"><em>Descubriendo la UPO&#8230;&nbsp;</em></p>



<p style="text-align:center">Visita teatralizada para niños. &nbsp;20 años. Aniversario de la Universidad Pablo de Olavide </p>



<p style="text-align:center"><strong>Fecha</strong>: 26 de mayo de 2018</p>



<p style="text-align:center"><strong>Hora</strong>: 12´00h</p>



<p style="text-align:center"><strong>Punto de encuentro</strong>: Plaza de América &#8211; Universidad Pablo de Olavide, Sevilla</p>



<p>Los estudiantes de
los Grados de Geografía e Historia y Humanidades convocan a los niños y niñas
para disfrutar de una visita teatralizada por la UPO.</p>



<p><strong>Estudiantes:&nbsp;</strong></p>



<ul><li>Elena Almeida González</li><li>Francisco Benítez González</li><li>Julieta de León Maruri</li><li>Vanessa Krüger</li><li>Miguel Ángel Luque Martínez</li><li>Rafael Marín Rodríguez</li><li>Antonio Tabares Galindo</li><li>Luis Orlando Ramírez Mejía</li></ul>



<p><strong>Colaboradores:</strong>&nbsp;</p>



<ul><li>Victoria Sánchez Mellado</li><li>Rafael González Madrid</li><li>Rafael Molina Martín</li><li>Salvador Hernández González</li></ul>



<p><strong>Coordinación académica:</strong></p>



<ul><li>Fernando Quiles García </li><li>María de los Ángeles Fernández Valle</li></ul>



<p><strong>Organizan:&nbsp;</strong></p>



<ul><li>Área de Historia del Arte, Facultad de Humanidades, Departamento de Geografía, Historia y Filosofía</li><li>OTRI &#8211; Oficina de Transferencia de Resultados de Investigación</li><li>Vicerrectorados de Cultura y Compromiso Social, Estudiantes e Investigación y Transferencia de Tecnología de la Universidad Pablo de Olavide, Sevilla</li></ul>



<p><strong>Colaboran:&nbsp;</strong></p>



<ul><li>EnredARS. Matriz de Proyectos Culturales</li><li>Acer-VOS. Patrimonio Cultural Iberoamericano</li><li>CeIBA. Centro de Estudios del Barroco Iberoamericano</li><li>UnbRRC. Universo Barroco Iberoamericano</li><li>Aula Latinoamericana de Pensamiento y Creación Contemporáneos</li></ul>



<p><a href="https://www.upo.es/area-historia-arte/wp-content/uploads/2019/04/Cartel_visita_teatralizada_ninos_UPO_2018.pdf">VISITA TEATRALIZADA PARA NIÑOS 20 AÑOS UPO</a></p>

<p>Descubriendo la UPO&#8230;&nbsp; Visita teatralizada para niños. &nbsp;20 años. Aniversario de la Universidad Pablo de Olavide Fecha: 26 de mayo[&#8230;]</p>
