{"id":587,"date":"2019-04-01T17:08:16","date_gmt":"2019-04-01T15:08:16","guid":{"rendered":"https:\/\/www.upo.es\/area-historia-arte\/?page_id=587"},"modified":"2019-07-16T11:16:40","modified_gmt":"2019-07-16T09:16:40","slug":"noviembre-2018-coloquio-y-exposicion-cuerpos-simbolicos-antagonias-y-significados","status":"publish","type":"page","link":"https:\/\/www.upo.es\/area-historia-arte\/noviembre-2018-coloquio-y-exposicion-cuerpos-simbolicos-antagonias-y-significados\/","title":{"rendered":"COLOQUIO y EXPOSICI\u00d3N \u00abCuerpos simb\u00f3licos, antagon\u00edas y significados\u00bb"},"content":{"rendered":"\n<p><\/p>\n\n\n\n<div class=\"wp-block-image\"><figure class=\"aligncenter is-resized\"><img loading=\"lazy\" src=\"https:\/\/www.upo.es\/area-historia-arte\/wp-content\/uploads\/2019\/05\/Exposicion_cuerpo_2018-768x1024.jpg\" alt=\"\" class=\"wp-image-1004\" width=\"359\" height=\"478\" srcset=\"https:\/\/www.upo.es\/area-historia-arte\/wp-content\/uploads\/2019\/05\/Exposicion_cuerpo_2018-768x1024.jpg 768w, https:\/\/www.upo.es\/area-historia-arte\/wp-content\/uploads\/2019\/05\/Exposicion_cuerpo_2018-225x300.jpg 225w, https:\/\/www.upo.es\/area-historia-arte\/wp-content\/uploads\/2019\/05\/Exposicion_cuerpo_2018.jpg 1080w\" sizes=\"(max-width: 359px) 100vw, 359px\" \/><\/figure><\/div>\n\n\n\n<p style=\"text-align:center\">Coloquio \u00abConfiguraciones simb\u00f3licas del cuerpo: modos de entender, pensar, percibir y representar la relaci\u00f3n con la corporalidad en el contexto contempor\u00e1neo\u00bb<\/p>\n\n\n\n<p style=\"text-align:center\"><strong>Fecha<\/strong>: Lunes, 5 de noviembre de 2018<\/p>\n\n\n\n<p style=\"text-align:center\"><strong>Lugar<\/strong>: Casa de la Provincia, Sevilla<\/p>\n\n\n\n<p><strong>Horario<\/strong>:<\/p>\n\n\n\n<p>18\u00b400h. Aproximaciones al cuerpo, la familia y lo imperfecto. Eunice Miranda Tapia<\/p>\n\n\n\n<p>18\u00b430h. Cuerpos simb\u00f3licos, antagon\u00edas y signifiados. Reflexi\u00f3n en torno al cuerpo por cinco mujeres artistas emergentes en el oriente colombiano. Sandra Patricia Bautista Santos<\/p>\n\n\n\n<p>19\u00b400h. El renacer de Eros, el erotismo contemp\u00f3raneo y su relaci\u00f3n con los tatuajes. Jos\u00e9 Mar\u00eda Campos MataLugar: Casa de la Provincia, Sevilla<\/p>\n\n\n\n<p>______________________________________________________________________________________________<\/p>\n\n\n\n<p><strong>Exposici\u00f3n:<\/strong>&nbsp;<em>Cuerpos simb\u00f3licos, antagon\u00edas y significados. Reflexi\u00f3n en torno al cuerpo por cinco mujeres artistas emergentes en el oriente colombiano<\/em><\/p>\n\n\n\n<ul><li>Fecha: 6 de noviembre de 2018 <\/li><li>Lugar: Universidad Pablo de Olavide, Sala de Exposiciones &#8211; Biblioteca (Edificio 25)<\/li><\/ul>\n\n\n\n<p>La siguente muestra\nest\u00e1 constituida por un conjunto de cinco propuestas art\u00edsticas generadas en el\nprograma de Artes visuales de la Universidad de Pamplona -Colombia, que gira en\ntorno a la ref\u00f1exi\u00f3n sobre el cuerpo, asumi\u00e9ndolo como territorio simb\u00f3lico y\nobjeto de an\u00e1lisis, capaz de reflejar significados personales y colectivos e\nincluso revertirlos.<\/p>\n\n\n\n<p><strong>Comisaria:<\/strong> Sandra Patricia Bautista Santos<\/p>\n\n\n\n<p><strong>Organizan:<\/strong> <\/p>\n\n\n\n<ul><li>\u00c1rea de Historia del Arte de la Universidad Pablo de Olavide<\/li><li>Programa de Doctorado de Historia y Estudios Human\u00edsticos: Am\u00e9rica, Europa, Arte y Lenguas<\/li><li>Departamento de Geograf\u00eda, Hisotoria y Filosof\u00eda de la Universidad Pablo de Olavide<\/li><li>Aula Latinoamericana de pensamiento y creaci\u00f3n contempor\u00e1neos y Artes Visuales de la Universidad de Pamplona, Colombia<\/li><\/ul>\n\n\n\n<p><a href=\"https:\/\/www.upo.es\/area-historia-arte\/wp-content\/uploads\/2019\/04\/Exposicion_cuerpos_simbolicos_2018.pdf\">CAT\u00c1LOGO<\/a><\/p>\n","protected":false},"excerpt":{"rendered":"<p>Coloquio \u00abConfiguraciones simb\u00f3licas del cuerpo: modos de entender, pensar, percibir y representar la relaci\u00f3n con la corporalidad en el contexto[&#8230;]<\/p>\n","protected":false},"author":1,"featured_media":0,"parent":0,"menu_order":0,"comment_status":"closed","ping_status":"closed","template":"template-fullwidth.php","meta":[],"_links":{"self":[{"href":"https:\/\/www.upo.es\/area-historia-arte\/wp-json\/wp\/v2\/pages\/587"}],"collection":[{"href":"https:\/\/www.upo.es\/area-historia-arte\/wp-json\/wp\/v2\/pages"}],"about":[{"href":"https:\/\/www.upo.es\/area-historia-arte\/wp-json\/wp\/v2\/types\/page"}],"author":[{"embeddable":true,"href":"https:\/\/www.upo.es\/area-historia-arte\/wp-json\/wp\/v2\/users\/1"}],"replies":[{"embeddable":true,"href":"https:\/\/www.upo.es\/area-historia-arte\/wp-json\/wp\/v2\/comments?post=587"}],"version-history":[{"count":13,"href":"https:\/\/www.upo.es\/area-historia-arte\/wp-json\/wp\/v2\/pages\/587\/revisions"}],"predecessor-version":[{"id":1965,"href":"https:\/\/www.upo.es\/area-historia-arte\/wp-json\/wp\/v2\/pages\/587\/revisions\/1965"}],"wp:attachment":[{"href":"https:\/\/www.upo.es\/area-historia-arte\/wp-json\/wp\/v2\/media?parent=587"}],"curies":[{"name":"wp","href":"https:\/\/api.w.org\/{rel}","templated":true}]}}