{"id":592,"date":"2019-04-01T17:10:28","date_gmt":"2019-04-01T15:10:28","guid":{"rendered":"https:\/\/www.upo.es\/area-historia-arte\/?page_id=592"},"modified":"2019-07-16T11:16:28","modified_gmt":"2019-07-16T09:16:28","slug":"noviembre-de-2018-latinoamerica-beats-auge-y-explosion-de-musica-independiente-en-europa","status":"publish","type":"page","link":"https:\/\/www.upo.es\/area-historia-arte\/noviembre-de-2018-latinoamerica-beats-auge-y-explosion-de-musica-independiente-en-europa\/","title":{"rendered":"Latinoam\u00e9rica Beats. Auge y explosi\u00f3n de m\u00fasica independiente en Europa"},"content":{"rendered":"\n<p><\/p>\n\n\n\n<div class=\"wp-block-image\"><figure class=\"aligncenter is-resized\"><img loading=\"lazy\" src=\"https:\/\/www.upo.es\/area-historia-arte\/wp-content\/uploads\/2019\/05\/LatinoamericaBeats-1024x390.jpg\" alt=\"\" class=\"wp-image-987\" width=\"830\" height=\"315\" srcset=\"https:\/\/www.upo.es\/area-historia-arte\/wp-content\/uploads\/2019\/05\/LatinoamericaBeats-1024x390.jpg 1024w, https:\/\/www.upo.es\/area-historia-arte\/wp-content\/uploads\/2019\/05\/LatinoamericaBeats-300x114.jpg 300w, https:\/\/www.upo.es\/area-historia-arte\/wp-content\/uploads\/2019\/05\/LatinoamericaBeats-768x292.jpg 768w, https:\/\/www.upo.es\/area-historia-arte\/wp-content\/uploads\/2019\/05\/LatinoamericaBeats.jpg 1640w\" sizes=\"(max-width: 830px) 100vw, 830px\" \/><\/figure><\/div>\n\n\n\n<p style=\"text-align:center\">\u00abLatinoam\u00e9rica Beats. Auge y explosi\u00f3n de m\u00fasica independiente en Europa\u00bb<\/p>\n\n\n\n<p style=\"text-align:center\"><strong>Fecha<\/strong>: 23 de noviembre de 2018 <\/p>\n\n\n\n<p style=\"text-align:center\"><strong>Lugar<\/strong>: Universidad Pablo de Olavide. Sede Centro, Sevilla<br><\/p>\n\n\n\n<p>A partir de las <strong>17:00h.<\/strong>: <\/p>\n\n\n\n<p>&#8212; Dise\u00f1o\neditorial y medios de comunicaci\u00f3n. Cecilia Velasco. Revista Marvin &#8211; M\u00e9xico<\/p>\n\n\n\n<p>&#8212; C\u00f3mo generar y\nconstruir la escena de m\u00fasica independiente. Man\u00fa Charrit\u00f3n &#8211; Festival Marvin &#8211;\nM\u00e9xico<\/p>\n\n\n\n<p>&#8212; Construyendo\nuna plataforma a la creaci\u00f3n latinoamericana. Fernando Quiles &#8211; Universidad\nPablo de Olavide &#8211; Sevilla<\/p>\n\n\n\n<p>&#8212; \u00bfC\u00f3mo ser un productor en la m\u00fasica sin ser un productor? &nbsp;Israel Alexander &#8211; Agente Local &#8211; DELUXE MUXIK &#8211; Sevilla y Nicol\u00e1s D&#8217;Angel &#8211; Cuatro33 &#8211; Iberoam\u00e9rica<\/p>\n\n\n\n<p>****&nbsp;Showcase&nbsp;Quiero Club &#8211; M\u00e9xico&nbsp;por Priscila Gonz\u00e1lez, Luis Fara y Rodrigo\nBenavente<\/p>\n\n\n\n<p><strong>Enlazan<\/strong>: <\/p>\n\n\n\n<ul><li>Fernando Quiles<\/li><li>Boris Lefebvre<\/li><\/ul>\n\n\n\n<p><strong>Organizan<\/strong>: <\/p>\n\n\n\n<ul><li>\u00c1rea de Historia del Arte<\/li><li>Aula Latinoamericana de pensamiento y creaci\u00f3n contempor\u00e1neos<\/li><li>EnredARS<\/li><li>Universidad Pablo de Olavide<\/li><li>Cuatro33<\/li><li>DELUXE MUXIK<\/li><li>DIVINA GARZA<\/li><li>Marvin<\/li><\/ul>\n\n\n\n<p>Entrada libre &#8211; Cupos limitados<\/p>\n\n\n\n<p><a href=\"https:\/\/www.upo.es\/area-historia-arte\/wp-content\/uploads\/2019\/04\/LatinoamericaBeats.jpg\">PROGRAMA<\/a><\/p>\n","protected":false},"excerpt":{"rendered":"<p>\u00abLatinoam\u00e9rica Beats. Auge y explosi\u00f3n de m\u00fasica independiente en Europa\u00bb Fecha: 23 de noviembre de 2018 Lugar: Universidad Pablo de[&#8230;]<\/p>\n","protected":false},"author":1,"featured_media":0,"parent":0,"menu_order":0,"comment_status":"closed","ping_status":"closed","template":"template-fullwidth.php","meta":[],"_links":{"self":[{"href":"https:\/\/www.upo.es\/area-historia-arte\/wp-json\/wp\/v2\/pages\/592"}],"collection":[{"href":"https:\/\/www.upo.es\/area-historia-arte\/wp-json\/wp\/v2\/pages"}],"about":[{"href":"https:\/\/www.upo.es\/area-historia-arte\/wp-json\/wp\/v2\/types\/page"}],"author":[{"embeddable":true,"href":"https:\/\/www.upo.es\/area-historia-arte\/wp-json\/wp\/v2\/users\/1"}],"replies":[{"embeddable":true,"href":"https:\/\/www.upo.es\/area-historia-arte\/wp-json\/wp\/v2\/comments?post=592"}],"version-history":[{"count":14,"href":"https:\/\/www.upo.es\/area-historia-arte\/wp-json\/wp\/v2\/pages\/592\/revisions"}],"predecessor-version":[{"id":1964,"href":"https:\/\/www.upo.es\/area-historia-arte\/wp-json\/wp\/v2\/pages\/592\/revisions\/1964"}],"wp:attachment":[{"href":"https:\/\/www.upo.es\/area-historia-arte\/wp-json\/wp\/v2\/media?parent=592"}],"curies":[{"name":"wp","href":"https:\/\/api.w.org\/{rel}","templated":true}]}}

Latinoamérica Beats. Auge y explosión de música independiente en Europa

<p></p>



<div class="wp-block-image"><figure class="aligncenter is-resized"><img loading="lazy" src="https://www.upo.es/area-historia-arte/wp-content/uploads/2019/05/LatinoamericaBeats-1024x390.jpg" alt="" class="wp-image-987" width="830" height="315" srcset="https://www.upo.es/area-historia-arte/wp-content/uploads/2019/05/LatinoamericaBeats-1024x390.jpg 1024w, https://www.upo.es/area-historia-arte/wp-content/uploads/2019/05/LatinoamericaBeats-300x114.jpg 300w, https://www.upo.es/area-historia-arte/wp-content/uploads/2019/05/LatinoamericaBeats-768x292.jpg 768w, https://www.upo.es/area-historia-arte/wp-content/uploads/2019/05/LatinoamericaBeats.jpg 1640w" sizes="(max-width: 830px) 100vw, 830px" /></figure></div>



<p style="text-align:center">«Latinoamérica Beats. Auge y explosión de música independiente en Europa»</p>



<p style="text-align:center"><strong>Fecha</strong>: 23 de noviembre de 2018 </p>



<p style="text-align:center"><strong>Lugar</strong>: Universidad Pablo de Olavide. Sede Centro, Sevilla<br></p>



<p>A partir de las <strong>17:00h.</strong>: </p>



<p>&#8212; Diseño
editorial y medios de comunicación. Cecilia Velasco. Revista Marvin &#8211; México</p>



<p>&#8212; Cómo generar y
construir la escena de música independiente. Manú Charritón &#8211; Festival Marvin &#8211;
México</p>



<p>&#8212; Construyendo
una plataforma a la creación latinoamericana. Fernando Quiles &#8211; Universidad
Pablo de Olavide &#8211; Sevilla</p>



<p>&#8212; ¿Cómo ser un productor en la música sin ser un productor? &nbsp;Israel Alexander &#8211; Agente Local &#8211; DELUXE MUXIK &#8211; Sevilla y Nicolás D&#8217;Angel &#8211; Cuatro33 &#8211; Iberoamérica</p>



<p>****&nbsp;Showcase&nbsp;Quiero Club &#8211; México&nbsp;por Priscila González, Luis Fara y Rodrigo
Benavente</p>



<p><strong>Enlazan</strong>: </p>



<ul><li>Fernando Quiles</li><li>Boris Lefebvre</li></ul>



<p><strong>Organizan</strong>: </p>



<ul><li>Área de Historia del Arte</li><li>Aula Latinoamericana de pensamiento y creación contemporáneos</li><li>EnredARS</li><li>Universidad Pablo de Olavide</li><li>Cuatro33</li><li>DELUXE MUXIK</li><li>DIVINA GARZA</li><li>Marvin</li></ul>



<p>Entrada libre &#8211; Cupos limitados</p>



<p><a href="https://www.upo.es/area-historia-arte/wp-content/uploads/2019/04/LatinoamericaBeats.jpg">PROGRAMA</a></p>

<p>«Latinoamérica Beats. Auge y explosión de música independiente en Europa» Fecha: 23 de noviembre de 2018 Lugar: Universidad Pablo de[&#8230;]</p>
