{"id":606,"date":"2019-04-01T17:18:28","date_gmt":"2019-04-01T15:18:28","guid":{"rendered":"https:\/\/www.upo.es\/area-historia-arte\/?page_id=606"},"modified":"2019-07-16T11:15:12","modified_gmt":"2019-07-16T09:15:12","slug":"18-19-de-febrero-de-2019-coloquio-internacional-la-pintura-ilusionista","status":"publish","type":"page","link":"https:\/\/www.upo.es\/area-historia-arte\/18-19-de-febrero-de-2019-coloquio-internacional-la-pintura-ilusionista\/","title":{"rendered":"Coloquio Internacional \u00abLa pintura ilusionista entre Europa y Am\u00e9rica\u00bb"},"content":{"rendered":"\n<p><\/p>\n\n\n\n<div class=\"wp-block-image\"><figure class=\"aligncenter is-resized\"><img loading=\"lazy\" src=\"https:\/\/www.upo.es\/area-historia-arte\/wp-content\/uploads\/2019\/05\/Estampa_2.Merian-724x1024.jpg\" alt=\"\" class=\"wp-image-994\" width=\"368\" height=\"519\" srcset=\"https:\/\/www.upo.es\/area-historia-arte\/wp-content\/uploads\/2019\/05\/Estampa_2.Merian-724x1024.jpg 724w, https:\/\/www.upo.es\/area-historia-arte\/wp-content\/uploads\/2019\/05\/Estampa_2.Merian-212x300.jpg 212w, https:\/\/www.upo.es\/area-historia-arte\/wp-content\/uploads\/2019\/05\/Estampa_2.Merian-768x1086.jpg 768w\" sizes=\"(max-width: 368px) 100vw, 368px\" \/><\/figure><\/div>\n\n\n\n<p style=\"text-align:center\">Coloquio Internacional \u00abLa pintura ilusionista entre Europa y Am\u00e9rica\u00bb<\/p>\n\n\n\n<p style=\"text-align:center\"><strong>Fecha<\/strong>: 18 y 19 de febrero de 2019<\/p>\n\n\n\n<p style=\"text-align:center\"><strong>Lugar<\/strong>: Universidad Pablo de Olavide. Sede Centro, Sevilla<\/p>\n\n\n\n<p>Este es un coloquio\ninternacional de historia del arte coordinado por el Dr. Magno Mello, profesor\nde historia del arte del Departamento de Historia de la Universidad Federal de\nMinas Gerais y el Dr. Fernando Quiles, profesor de historia del arte de la\nUniversidad Pablo de Olavide.<\/p>\n\n\n\n<p>El grupo de investigaci\u00f3n, Perspectiva Pictorum (grupo de investigaci\u00f3n con sede en la Universidad Federal de Minas Gerais), organiza junto con el \u00c1rea de Historia del Arte de la Universidad Pablo de Olavide un evento internacional dedicado al estudio de la pintura ilusionista entre Europa y Am\u00e9rica.<\/p>\n\n\n\n<p><strong>Coordinaci\u00f3n acad\u00e9mica: <\/strong><\/p>\n\n\n\n<ul><li>Magno Mello (Universidad Federal de Minas Gerais)<\/li><li>Fernando Quiles Garc\u00eda (Universidad Pablo de Olavide)<\/li><\/ul>\n\n\n\n<p><strong>Secretar\u00eda t\u00e9cnica: <\/strong><\/p>\n\n\n\n<ul><li>Rafael Molina Mart\u00edn (Universidad Pablo de Olavide)<\/li><\/ul>\n\n\n\n<p><strong>Informaci\u00f3n e inscripci\u00f3n<\/strong>: ubarroco@gmail.com&nbsp;<\/p>\n\n\n\n<p><a href=\"https:\/\/www.upo.es\/area-historia-arte\/wp-content\/uploads\/2019\/04\/Pintura_ilusionista_2019.pdf\">PROGRAMA<\/a><\/p>\n","protected":false},"excerpt":{"rendered":"<p>Coloquio Internacional \u00abLa pintura ilusionista entre Europa y Am\u00e9rica\u00bb Fecha: 18 y 19 de febrero de 2019 Lugar: Universidad Pablo[&#8230;]<\/p>\n","protected":false},"author":1,"featured_media":0,"parent":0,"menu_order":0,"comment_status":"closed","ping_status":"closed","template":"template-fullwidth.php","meta":[],"_links":{"self":[{"href":"https:\/\/www.upo.es\/area-historia-arte\/wp-json\/wp\/v2\/pages\/606"}],"collection":[{"href":"https:\/\/www.upo.es\/area-historia-arte\/wp-json\/wp\/v2\/pages"}],"about":[{"href":"https:\/\/www.upo.es\/area-historia-arte\/wp-json\/wp\/v2\/types\/page"}],"author":[{"embeddable":true,"href":"https:\/\/www.upo.es\/area-historia-arte\/wp-json\/wp\/v2\/users\/1"}],"replies":[{"embeddable":true,"href":"https:\/\/www.upo.es\/area-historia-arte\/wp-json\/wp\/v2\/comments?post=606"}],"version-history":[{"count":13,"href":"https:\/\/www.upo.es\/area-historia-arte\/wp-json\/wp\/v2\/pages\/606\/revisions"}],"predecessor-version":[{"id":1962,"href":"https:\/\/www.upo.es\/area-historia-arte\/wp-json\/wp\/v2\/pages\/606\/revisions\/1962"}],"wp:attachment":[{"href":"https:\/\/www.upo.es\/area-historia-arte\/wp-json\/wp\/v2\/media?parent=606"}],"curies":[{"name":"wp","href":"https:\/\/api.w.org\/{rel}","templated":true}]}}

Coloquio Internacional «La pintura ilusionista entre Europa y América»

<p></p>



<div class="wp-block-image"><figure class="aligncenter is-resized"><img loading="lazy" src="https://www.upo.es/area-historia-arte/wp-content/uploads/2019/05/Estampa_2.Merian-724x1024.jpg" alt="" class="wp-image-994" width="368" height="519" srcset="https://www.upo.es/area-historia-arte/wp-content/uploads/2019/05/Estampa_2.Merian-724x1024.jpg 724w, https://www.upo.es/area-historia-arte/wp-content/uploads/2019/05/Estampa_2.Merian-212x300.jpg 212w, https://www.upo.es/area-historia-arte/wp-content/uploads/2019/05/Estampa_2.Merian-768x1086.jpg 768w" sizes="(max-width: 368px) 100vw, 368px" /></figure></div>



<p style="text-align:center">Coloquio Internacional «La pintura ilusionista entre Europa y América»</p>



<p style="text-align:center"><strong>Fecha</strong>: 18 y 19 de febrero de 2019</p>



<p style="text-align:center"><strong>Lugar</strong>: Universidad Pablo de Olavide. Sede Centro, Sevilla</p>



<p>Este es un coloquio
internacional de historia del arte coordinado por el Dr. Magno Mello, profesor
de historia del arte del Departamento de Historia de la Universidad Federal de
Minas Gerais y el Dr. Fernando Quiles, profesor de historia del arte de la
Universidad Pablo de Olavide.</p>



<p>El grupo de investigación, Perspectiva Pictorum (grupo de investigación con sede en la Universidad Federal de Minas Gerais), organiza junto con el Área de Historia del Arte de la Universidad Pablo de Olavide un evento internacional dedicado al estudio de la pintura ilusionista entre Europa y América.</p>



<p><strong>Coordinación académica: </strong></p>



<ul><li>Magno Mello (Universidad Federal de Minas Gerais)</li><li>Fernando Quiles García (Universidad Pablo de Olavide)</li></ul>



<p><strong>Secretaría técnica: </strong></p>



<ul><li>Rafael Molina Martín (Universidad Pablo de Olavide)</li></ul>



<p><strong>Información e inscripción</strong>: ubarroco@gmail.com&nbsp;</p>



<p><a href="https://www.upo.es/area-historia-arte/wp-content/uploads/2019/04/Pintura_ilusionista_2019.pdf">PROGRAMA</a></p>

<p>Coloquio Internacional «La pintura ilusionista entre Europa y América» Fecha: 18 y 19 de febrero de 2019 Lugar: Universidad Pablo[&#8230;]</p>
