{"id":647,"date":"2019-04-01T17:45:21","date_gmt":"2019-04-01T15:45:21","guid":{"rendered":"https:\/\/www.upo.es\/area-historia-arte\/?page_id=647"},"modified":"2026-01-20T08:10:57","modified_gmt":"2026-01-20T07:10:57","slug":"ma-de-los-angeles-fernandez-valle","status":"publish","type":"page","link":"https:\/\/www.upo.es\/area-historia-arte\/ma-de-los-angeles-fernandez-valle\/","title":{"rendered":"M\u00aa de los \u00c1ngeles Fern\u00e1ndez Valle"},"content":{"rendered":"\n<p>Profesora Contratada Doctora Permanente<br>\u00c1rea de Historia del Arte<br>Universidad Pablo de Olavide<\/p>\n\n\n\n<p>Sus trabajos analizan las conexiones e intercambios culturales entre el Nuevo y el Viejo Mundo, con especial inter\u00e9s en el tornaviaje durante la Edad Moderna. Y, en los \u00faltimos a\u00f1os, investiga sobre las relaciones culturales y art\u00edsticas de mujeres artistas en las primeras d\u00e9cadas del siglo XX. Tambi\u00e9n estudia la mirada historiogr\u00e1fica sobre el barroco hispanoamericano a trav\u00e9s de los trabajos de Enrique Marco Dorta, Mario Buschiazzo o Manuel G\u00f3mez Moreno Mart\u00ednez. Adem\u00e1s de su inter\u00e9s en la aplicaci\u00f3n de las nuevas tecnolog\u00edas de la informaci\u00f3n y la web 2.0 en la catalogaci\u00f3n y difusi\u00f3n de patrimonio iberoamericano.<\/p>\n\n\n\n<div class=\"wp-block-file\"><a href=\"https:\/\/www.upo.es\/area-historia-arte\/wp-content\/uploads\/2026\/01\/CV_abreviado_Ma-A\u0301ngeles-Ferna\u0301ndez-Valle_2026.pdf\">CV abreviado<\/a><a href=\"https:\/\/www.upo.es\/area-historia-arte\/wp-content\/uploads\/2026\/01\/CV_abreviado_Ma-A\u0301ngeles-Ferna\u0301ndez-Valle_2026.pdf\" class=\"wp-block-file__button\" download>Descarga<\/a><\/div>\n\n\n\n<p><strong>\u00daltimas publicaciones<\/strong><\/p>\n\n\n\n<p>Fern\u00e1ndez Valle, Mar\u00eda de los \u00c1ngeles. \u00abDe los primeros env\u00edos de antig\u00fcedades americanas a la Corte\u00bb, <em>Continuidades y rupturas. Estudios sobre arte barroco iberoamericano<\/em>. Granada: Universidad de Granada, 2025, p\u00e1gs. 173-179 (en prensa)<\/p>\n\n\n\n<p>Chiva Beltr\u00e1n, Juan; Fern\u00e1ndez Valle, Mar\u00eda de los \u00c1ngeles; L\u00f3pez Calder\u00f3n, Carme (eds.). <em>Traves\u00edas del barroco iberoamericano<\/em>. Valencia: Universitat de Val\u00e8ncia, 2025, 378 p\u00e1gs (en prensa)<\/p>\n\n\n\n<p>Fern\u00e1ndez Valle, Mar\u00eda de los \u00c1ngeles. \u00abPor el ansia de su avidez innovadora: Norah Borges en Sevilla\u00bb, <em>\u00abPODEROS\u00cdSIMAS ARMAS\u00bb. Mujeres artistas, escritoras, promotoras y protagonistas en la escena cultural andaluza<\/em>. Sevilla: Universidad de Sevilla, 2025, p\u00e1gs. 471-492. ISBN: 978-84-472-2644-3<\/p>\n\n\n\n<p>Fern\u00e1ndez Valle, Mar\u00eda de los \u00c1ngeles. \u00abPara la oportunidad de los remedios. Nuevos tiempos tras el terremoto de Lima en 1746<em>\u00bb<\/em>, <em>Ciudades, Desastres y Resiliencia: Per\u00fa y Chile, Siglos XVI-XX<\/em>. Lima: Pontificia Universidad Cat\u00f3lica del Per\u00fa; Concepci\u00f3n: Universidad de Concepci\u00f3n, 2024, p\u00e1gs. 186-213. ISBN: 978-612-4496-22-6<\/p>\n\n\n\n<p>Fern\u00e1ndez Valle, Mar\u00eda de los \u00c1ngeles; Quiles Garc\u00eda, Fernando. \u00abMujeres artistas latinoamericanas en Espa\u00f1a. Una exploraci\u00f3n te\u00f3rica y conceptual<em>\u00bb<\/em>, <em>Intr\u00e9pidas. Entre Europa y las Am\u00e9ricas: cultura, arte y pol\u00edtica en equidad<\/em>. Madrid: Plaza y Vald\u00e9s, 2022, p\u00e1gs. 109-135. ISBN: 978-84-17121-61-7<\/p>\n\n\n\n<p>Fern\u00e1ndez Valle, Mar\u00eda de los \u00c1ngeles; Rey Ashfield, William. \u00abClaves modernas en la revalorizaci\u00f3n del barroco. Manuel G\u00f3mez Moreno en el R\u00edo de la Plata, 1922<em>\u00bb<\/em>, <em>Identidades y redes culturales<\/em>. Granada: Universidad de Granada, 2021, p\u00e1gs. 151-159. ISBN: 978-84-338-6830-5<\/p>\n\n\n\n<p>Fern\u00e1ndez Valle, Mar\u00eda de los \u00c1ngeles. \u00ab\u00b4Y habiendo sado cuenta al rey de esta preciosa remesa\u2026\u2019 El env\u00edo de obras art\u00edsticas de Lima a Madrid por Baltasar Jaime Mart\u00ednez Compa\u00f1\u00f3n<em>\u00bb<\/em>, <em>Tornaviaje. Tr\u00e1nsito art\u00edstico entre los virreinatos americanos y la metr\u00f3polis. <\/em>Santiago de Compostela: Andavira Editorial; Sevilla: Enredars\/Universidad Pablo de Olavide, 2020, p\u00e1gs. 209-239. ISBN: 978-84-121881-4-1<\/p>\n\n\n\n<p>Fern\u00e1ndez Valle, Mar\u00eda de los \u00c1ngeles. \u00abRespondi\u00f3 Espa\u00f1a con festivos ecos: el culto a santa Rosa de Lima en los siglos XVII y XVIII<em>\u00bb<\/em>, <em>A la luz de Roma. Santos y santidad en el barroco iberoamericano<\/em>. Vol. XV. Sevilla: Universidad Pablo de Olavide; Roma: Roma Tre-Press, 2020, p\u00e1gs. 313-331. ISBN: 979-12-5977-009-7<\/p>\n\n\n\n<p><strong>\u00daltimas becas concedidas<\/strong><\/p>\n\n\n\n<p><strong>2024. <\/strong><strong>Ayuda del VI Plan Propio de Investigaci\u00f3n y Transferencia (2023-2026), Universidad Pablo de Olavide<\/strong><\/p>\n\n\n\n<p>Centro de Documentaci\u00f3n de Arquitectura Latinoamericana (CEDODAL), Buenos Aires, Universidad Nacional de Salta y Universidad Cat\u00f3lica de Salta<\/p>\n\n\n\n<p><strong>2022. Beca AUIP \u2013 Asociaci\u00f3n Universitaria Iberoamericana de Postgrado<\/strong><\/p>\n\n\n\n<p>Instituto Interdisciplinario de Estudios e Investigaciones de Am\u00e9rica Latina (INDEAL) de Universidad de Buenos Aires y Centro de Documentaci\u00f3n de Arquitectura Latinoamericana (CEDODAL), Buenos Aires<\/p>\n","protected":false},"excerpt":{"rendered":"<p>Profesora Contratada Doctora Permanente\u00c1rea de Historia del ArteUniversidad Pablo de Olavide Sus trabajos analizan las conexiones e intercambios culturales entre[&#8230;]<\/p>\n","protected":false},"author":1,"featured_media":0,"parent":0,"menu_order":0,"comment_status":"closed","ping_status":"closed","template":"template-fullwidth.php","meta":[],"_links":{"self":[{"href":"https:\/\/www.upo.es\/area-historia-arte\/wp-json\/wp\/v2\/pages\/647"}],"collection":[{"href":"https:\/\/www.upo.es\/area-historia-arte\/wp-json\/wp\/v2\/pages"}],"about":[{"href":"https:\/\/www.upo.es\/area-historia-arte\/wp-json\/wp\/v2\/types\/page"}],"author":[{"embeddable":true,"href":"https:\/\/www.upo.es\/area-historia-arte\/wp-json\/wp\/v2\/users\/1"}],"replies":[{"embeddable":true,"href":"https:\/\/www.upo.es\/area-historia-arte\/wp-json\/wp\/v2\/comments?post=647"}],"version-history":[{"count":11,"href":"https:\/\/www.upo.es\/area-historia-arte\/wp-json\/wp\/v2\/pages\/647\/revisions"}],"predecessor-version":[{"id":3438,"href":"https:\/\/www.upo.es\/area-historia-arte\/wp-json\/wp\/v2\/pages\/647\/revisions\/3438"}],"wp:attachment":[{"href":"https:\/\/www.upo.es\/area-historia-arte\/wp-json\/wp\/v2\/media?parent=647"}],"curies":[{"name":"wp","href":"https:\/\/api.w.org\/{rel}","templated":true}]}}

Mª de los Ángeles Fernández Valle

<p>Profesora Contratada Doctora Permanente<br>Área de Historia del Arte<br>Universidad Pablo de Olavide</p>



<p>Sus trabajos analizan las conexiones e intercambios culturales entre el Nuevo y el Viejo Mundo, con especial interés en el tornaviaje durante la Edad Moderna. Y, en los últimos años, investiga sobre las relaciones culturales y artísticas de mujeres artistas en las primeras décadas del siglo XX. También estudia la mirada historiográfica sobre el barroco hispanoamericano a través de los trabajos de Enrique Marco Dorta, Mario Buschiazzo o Manuel Gómez Moreno Martínez. Además de su interés en la aplicación de las nuevas tecnologías de la información y la web 2.0 en la catalogación y difusión de patrimonio iberoamericano.</p>



<div class="wp-block-file"><a href="https://www.upo.es/area-historia-arte/wp-content/uploads/2026/01/CV_abreviado_Ma-Ángeles-Fernández-Valle_2026.pdf">CV abreviado</a><a href="https://www.upo.es/area-historia-arte/wp-content/uploads/2026/01/CV_abreviado_Ma-Ángeles-Fernández-Valle_2026.pdf" class="wp-block-file__button" download>Descarga</a></div>



<p><strong>Últimas publicaciones</strong></p>



<p>Fernández Valle, María de los Ángeles. «De los primeros envíos de antigüedades americanas a la Corte», <em>Continuidades y rupturas. Estudios sobre arte barroco iberoamericano</em>. Granada: Universidad de Granada, 2025, págs. 173-179 (en prensa)</p>



<p>Chiva Beltrán, Juan; Fernández Valle, María de los Ángeles; López Calderón, Carme (eds.). <em>Travesías del barroco iberoamericano</em>. Valencia: Universitat de València, 2025, 378 págs (en prensa)</p>



<p>Fernández Valle, María de los Ángeles. «Por el ansia de su avidez innovadora: Norah Borges en Sevilla», <em>«PODEROSÍSIMAS ARMAS». Mujeres artistas, escritoras, promotoras y protagonistas en la escena cultural andaluza</em>. Sevilla: Universidad de Sevilla, 2025, págs. 471-492. ISBN: 978-84-472-2644-3</p>



<p>Fernández Valle, María de los Ángeles. «Para la oportunidad de los remedios. Nuevos tiempos tras el terremoto de Lima en 1746<em>»</em>, <em>Ciudades, Desastres y Resiliencia: Perú y Chile, Siglos XVI-XX</em>. Lima: Pontificia Universidad Católica del Perú; Concepción: Universidad de Concepción, 2024, págs. 186-213. ISBN: 978-612-4496-22-6</p>



<p>Fernández Valle, María de los Ángeles; Quiles García, Fernando. «Mujeres artistas latinoamericanas en España. Una exploración teórica y conceptual<em>»</em>, <em>Intrépidas. Entre Europa y las Américas: cultura, arte y política en equidad</em>. Madrid: Plaza y Valdés, 2022, págs. 109-135. ISBN: 978-84-17121-61-7</p>



<p>Fernández Valle, María de los Ángeles; Rey Ashfield, William. «Claves modernas en la revalorización del barroco. Manuel Gómez Moreno en el Río de la Plata, 1922<em>»</em>, <em>Identidades y redes culturales</em>. Granada: Universidad de Granada, 2021, págs. 151-159. ISBN: 978-84-338-6830-5</p>



<p>Fernández Valle, María de los Ángeles. «´Y habiendo sado cuenta al rey de esta preciosa remesa…’ El envío de obras artísticas de Lima a Madrid por Baltasar Jaime Martínez Compañón<em>»</em>, <em>Tornaviaje. Tránsito artístico entre los virreinatos americanos y la metrópolis. </em>Santiago de Compostela: Andavira Editorial; Sevilla: Enredars/Universidad Pablo de Olavide, 2020, págs. 209-239. ISBN: 978-84-121881-4-1</p>



<p>Fernández Valle, María de los Ángeles. «Respondió España con festivos ecos: el culto a santa Rosa de Lima en los siglos XVII y XVIII<em>»</em>, <em>A la luz de Roma. Santos y santidad en el barroco iberoamericano</em>. Vol. XV. Sevilla: Universidad Pablo de Olavide; Roma: Roma Tre-Press, 2020, págs. 313-331. ISBN: 979-12-5977-009-7</p>



<p><strong>Últimas becas concedidas</strong></p>



<p><strong>2024. </strong><strong>Ayuda del VI Plan Propio de Investigación y Transferencia (2023-2026), Universidad Pablo de Olavide</strong></p>



<p>Centro de Documentación de Arquitectura Latinoamericana (CEDODAL), Buenos Aires, Universidad Nacional de Salta y Universidad Católica de Salta</p>



<p><strong>2022. Beca AUIP – Asociación Universitaria Iberoamericana de Postgrado</strong></p>



<p>Instituto Interdisciplinario de Estudios e Investigaciones de América Latina (INDEAL) de Universidad de Buenos Aires y Centro de Documentación de Arquitectura Latinoamericana (CEDODAL), Buenos Aires</p>

<p>Profesora Contratada Doctora PermanenteÁrea de Historia del ArteUniversidad Pablo de Olavide Sus trabajos analizan las conexiones e intercambios culturales entre[&#8230;]</p>
