{"id":651,"date":"2019-04-01T17:46:55","date_gmt":"2019-04-01T15:46:55","guid":{"rendered":"https:\/\/www.upo.es\/area-historia-arte\/?page_id=651"},"modified":"2019-07-15T15:38:02","modified_gmt":"2019-07-15T13:38:02","slug":"ma-del-valle-gomez-de-terreros","status":"publish","type":"page","link":"https:\/\/www.upo.es\/area-historia-arte\/ma-del-valle-gomez-de-terreros\/","title":{"rendered":"M\u00aa del Valle G\u00f3mez de Terreros"},"content":{"rendered":"\n<p>Catedr\u00e1tica de Universidad, \u00c1rea de Historia del Arte,\nUniversidad Pablo de Olavide, de Sevilla.<\/p>\n\n\n\n<p><strong>Perfil docente<\/strong><\/p>\n\n\n\n<p>Fue becaria FPI y profesora de Universidad de Sevilla desde 1986 hasta 1993. A partir de dicho a\u00f1o imparti\u00f3 docencia en la Universidad de Huelva, donde obtuvo la C\u00e1tedra de Universidad en 2001. Desde el curso 2011-2012 trabaja en la Universidad Pablo de Olavide, a la que se traslad\u00f3 definitivamente en 2015. Actualmente imparte asignaturas del Grado en Geograf\u00eda e Historia y de los M\u00e1steres en Arte, Museos y Gesti\u00f3n del Patrimonio Hist\u00f3rico y en Diagn\u00f3stico del Estado de Conservaci\u00f3n del Patrimonio Hist\u00f3rico.<\/p>\n\n\n\n<p><strong>Perfil investigador<\/strong><\/p>\n\n\n\n<p>Es Doctora en Geograf\u00eda e Historia, Secci\u00f3n de Arte (1992,\nUniversidad de Sevilla). Su investigaci\u00f3n se centra en la historia de la\narquitectura contempor\u00e1nea y de la restauraci\u00f3n de monumentos. Tiene concedidos\ncuatro sexenios con la CNEAI. Actualmente es co-investigadora principal del\nproyecto del Plan Estatal de I+D \u00abRuinas, expolios e intervenciones en el\npatrimonio cultural\u00bb (DER2014-52947-P), financiado por el Ministerio de\nEconom\u00eda y Competitividad.<\/p>\n\n\n\n<p><a href=\"https:\/\/www.upo.es\/area-historia-arte\/wp-content\/uploads\/2019\/04\/CV_abreviado_Valle_.pdf\">CV abreviado<\/a><\/p>\n\n\n\n<p>Algunas publicaciones:<\/p>\n\n\n\n<p>&#8211; <em>Aurelio Gom\u00e9z Mill\u00e1n, arquitecto<\/em>, Sevilla, 1988.<\/p>\n\n\n\n<p>&#8211; <em>Antonio G\u00f3mez Mill\u00e1n (1883-1956). Una revisi\u00f3n de la arquitectura sevillana de su tiempo<\/em>, Sevilla, 1993.<\/p>\n\n\n\n<p>&#8211; <em>La Plaza de Toros de Sevilla: historia de su ininterrumpida construcci\u00f3n<\/em>, Huelva, 1999.<\/p>\n\n\n\n<p>&#8211; <em>Arquitectura y Segunda Rep\u00fablica en Sevilla<\/em>, Sevilla, 2006.<\/p>\n\n\n\n<p>&#8211; Editora y coautora de <em>La arquitectura de las \u00f3rdenes militares en Andaluc\u00eda. Conservaci\u00f3n y restauraci\u00f3n<\/em>, Huelva, 2011.<\/p>\n\n\n\n<p>&#8211; Editora, con Luis P\u00e9rez-Prat Durb\u00e1n, y coautora de <em>Teatros romanos en Espa\u00f1a y Portugal, \u00bfpatrimonio protegido?<\/em>, Huelva, 2014.<\/p>\n\n\n\n<p>&#8211; \u00abEl ruedo: breves apuntes sobre la evoluci\u00f3n hist\u00f3rica\u00bb, en D\u00edaz-Y. Recas\u00e9ns y otros, <em>Plaza de Toros<\/em>, Madrid, 1993.<\/p>\n\n\n\n<p>&#8211; \u00abReconstituci\u00f3n de la escena del teatro romano de M\u00e9rida. La intervenci\u00f3n de Antonio G\u00f3mez Mill\u00e1n\u00bb, <em>EGA. Revista de Expresi\u00f3n Gr\u00e1fica Arquitect\u00f3nica<\/em>, 2, Valladolid, 1994.<\/p>\n\n\n\n<p>&#8211; \u00abAdolfo Fern\u00e1ndez Casanova y la restauraci\u00f3n de la Catedral de Sevilla: los procedimientos de ejecuci\u00f3n de las obras\u00bb, en <em>El esp\u00edtitu de las antiguas f\u00e1bricas. Escritos de Adolfo Fern\u00e1ndez Casanova sobre la Catedral de Sevilla (1881-1901)<\/em>, Sevilla, 1999.<\/p>\n\n\n\n<p>&#8211; \u00abThe history of art in the restoration of monuments: the case of the pillars of Seville Cathedral\u00bb, en Gal\u00e1n, E. y Zezza, F. (eds.) <em>Protection and Conservation of the Cultural Heritage of the Mediterranean Cities<\/em>, Lisse, 2002.<\/p>\n\n\n\n<p>&#8211; \u00abLa restauraci\u00f3n del patio de los Naranjos de la Catedral de Sevilla. Los proyectos de F\u00e9lix Hern\u00e1ndez Gim\u00e9nez\u00bb, en colaboraci\u00f3n con M. A. D\u00edaz Zamorano, en Jim\u00e9nez, A. (ed.), <em>Magna Hispalensis (I). Recuperaci\u00f3n de la aljama almohade<\/em>, Sevilla, 2002.<\/p>\n\n\n\n<p>&#8211; \u00abTratamiento y fortuna de los grandes monumentos sevillanos en la segunda mitad del siglo XIX\u00bb, en Esteban Chapapr\u00eda, J. Palaia, L. (coords.), <em>Teor\u00eda e Historia de la Restauraci\u00f3n en Espa\u00f1a. Periodo 1844-1900,<\/em> Valencia, 2007.<\/p>\n\n\n\n<p>&#8211; \u00abPlanos y dibujos de la Catedral de Sevilla realizados por Jos\u00e9 O. Mestres en 1865. Apuntes para su estudio\u00bb, en Jim\u00e9nez Mart\u00edn (ed.), <em>La Piedra Postrera, Simposium Internacional sobre la Catedral de Sevilla en el contexto del G\u00f3tico Final<\/em>, vol.2 (comunicaciones), Sevilla, 2007.<\/p>\n\n\n\n<p>&#8211; \u00abPlaza del Triunfo, 3: obras y proyectos en la sede de la Diputaci\u00f3n Provincial de Sevilla (1927-1993)\u00bb, en Reina Mac\u00edas, J. (coord.),<em> Del Hospital del Rey a Casa de la Provincia. Una sede hist\u00f3rica de la Diputaci\u00f3n de Sevilla<\/em>, Sevilla, 2010.<\/p>\n\n\n\n<p>&#8211; \u00abSevilla en zona nacional: destrucciones, restauraciones y criterios de intervenci\u00f3n\u00bb, en colaboraci\u00f3n con M.G. G\u00f3mez de Terreros, en Garc\u00eda Cuetos, P., Almarcha N\u00fa\u00f1ez-Herrador, E. y Hern\u00e1ndez Mart\u00ednez, A. (coords), <em>Restaurando la memoria: Espa\u00f1a e Italia ante la recuperaci\u00f3n monumental de posguerra<\/em>, Gij\u00f3n, 2010.<\/p>\n\n\n\n<p>&#8211; \u00abLa Plaza de Toros de la Real Maestranza de Caballer\u00eda de Sevilla: rese\u00f1a hist\u00f3rica y cr\u00edtica del proceso constructivo de un edificio vivo\u00bb, en Carvajal Navarro, J. A., <em>Plaza de Toros de la Real Maestranza de Caballer\u00eda de Sevilla. Obras 2005-2011<\/em>, Sevilla, 2011.<\/p>\n\n\n\n<p>&#8211; \u00abLa Capilla Real de la Catedral de Sevilla en los siglos XIX y XX: obras y restauraciones\u00bb, en Jim\u00e9nez Mart\u00edn, A. (dir.), <em>La Capilla Real<\/em>, Sevilla, 2012.<\/p>\n\n\n\n<p>&#8211; \u00abConservaci\u00f3n y restauraci\u00f3n de los castillos de las \u00f3rdenes militares en Andaluc\u00eda. Breves reflexiones sobre criterios y m\u00e9todos de intervenci\u00f3n\u00bb, en Zalama, M.A. y Mogoll\u00f3n Cano- Cort\u00e9s, M. P. (coords.), <em>Alma Ars. Estudios de Arte e Historia en homenaje al Dr. Salvador Andr\u00e9s Ordax<\/em>, Valladolid, 2013.<\/p>\n\n\n\n<p>&#8211; \u00abArquitectura y sociedad en Andaluc\u00eda Oriental: del C\u00e1diz de las Cortes a 1936\u00bb, en Terr\u00f3n Reynols, M. T. y Mogoll\u00f3n Cano-Cort\u00e9s (coords.), <em>El hito 1812 y su estela. Aspectos singulares de la iconograf\u00eda y arte<\/em>, C\u00e1ceres, 2014.<\/p>\n\n\n\n<p>&#8211; \u00abJos\u00e9 Oriol Mestres y Esplugas en la Catedral de Sevilla. Los planos de las portadas inacabadas del crucero\u00bb, <em>Locus Amoenus<\/em>, 7, 2004.<\/p>\n\n\n\n<p>&#8211; \u00abArquitectura y \u00f3rdenes militares en Sevilla: intervenciones en los conventos de San Benito de Calatrava y Santiago de la Espada\u00bb, <em>Temas de Est\u00e9tica y Arte<\/em>, XIX, 2005.<\/p>\n\n\n\n<p>&#8211; \u00abLa conservaci\u00f3n del patrimonio arquitect\u00f3nico sevillano, 1936-1940. Del inicio de la Guerra Civil a la consolidaci\u00f3n de la Comisar\u00eda de la Sexta Zona del SDPAN\u00bb, <em>Temas de Est\u00e9tica y Arte<\/em>, XXIII, 2009.<\/p>\n\n\n\n<p>&#8211; \u00abCasas tercias o de bastimento de la orden de Santiago en Andaluc\u00eda: la Almona de Guadalcanal (Sevilla)\u00bb, en colaboraci\u00f3n con M.G. G\u00f3mez de Terreros, <em>Temas de Est\u00e9tica y Arte<\/em>, XXIV, 2010.<\/p>\n\n\n\n<p>&#8211; \u00abLa arquitectura medieval sevillana de 1350 a 1450. Una mirada desde la contemporaneidad\u00bb, <em>Goya<\/em>, 334, 2011.<\/p>\n\n\n\n<p>&#8211; \u00abEl maestre Lorenzo Su\u00e1rez de Figueroa y la arquitectura de la Orden de Santiago en Andaluc\u00eda: Estepa y su castillo como referentes\u00bb, <em>Actas del V Congreso Nacional sobre Cultura en Andaluc\u00eda. La Orden Militar de Santiago. Fortificaciones y Encomiendas. El castillo de Estepa.<\/em> Conmemoraci\u00f3n del VI Centenario de la muerte del Maestre Lorenzo Su\u00e1rez de Figueroa (1409-2009), Serie \u00abCuadernos de Estepa\u00bb, n\u00ba3, Estepa, 2014.<\/p>\n","protected":false},"excerpt":{"rendered":"<p>Catedr\u00e1tica de Universidad, \u00c1rea de Historia del Arte, Universidad Pablo de Olavide, de Sevilla. Perfil docente Fue becaria FPI y[&#8230;]<\/p>\n","protected":false},"author":1,"featured_media":0,"parent":0,"menu_order":0,"comment_status":"closed","ping_status":"closed","template":"template-fullwidth.php","meta":[],"_links":{"self":[{"href":"https:\/\/www.upo.es\/area-historia-arte\/wp-json\/wp\/v2\/pages\/651"}],"collection":[{"href":"https:\/\/www.upo.es\/area-historia-arte\/wp-json\/wp\/v2\/pages"}],"about":[{"href":"https:\/\/www.upo.es\/area-historia-arte\/wp-json\/wp\/v2\/types\/page"}],"author":[{"embeddable":true,"href":"https:\/\/www.upo.es\/area-historia-arte\/wp-json\/wp\/v2\/users\/1"}],"replies":[{"embeddable":true,"href":"https:\/\/www.upo.es\/area-historia-arte\/wp-json\/wp\/v2\/comments?post=651"}],"version-history":[{"count":6,"href":"https:\/\/www.upo.es\/area-historia-arte\/wp-json\/wp\/v2\/pages\/651\/revisions"}],"predecessor-version":[{"id":1880,"href":"https:\/\/www.upo.es\/area-historia-arte\/wp-json\/wp\/v2\/pages\/651\/revisions\/1880"}],"wp:attachment":[{"href":"https:\/\/www.upo.es\/area-historia-arte\/wp-json\/wp\/v2\/media?parent=651"}],"curies":[{"name":"wp","href":"https:\/\/api.w.org\/{rel}","templated":true}]}}

Mª del Valle Gómez de Terreros

<p>Catedrática de Universidad, Área de Historia del Arte,
Universidad Pablo de Olavide, de Sevilla.</p>



<p><strong>Perfil docente</strong></p>



<p>Fue becaria FPI y profesora de Universidad de Sevilla desde 1986 hasta 1993. A partir de dicho año impartió docencia en la Universidad de Huelva, donde obtuvo la Cátedra de Universidad en 2001. Desde el curso 2011-2012 trabaja en la Universidad Pablo de Olavide, a la que se trasladó definitivamente en 2015. Actualmente imparte asignaturas del Grado en Geografía e Historia y de los Másteres en Arte, Museos y Gestión del Patrimonio Histórico y en Diagnóstico del Estado de Conservación del Patrimonio Histórico.</p>



<p><strong>Perfil investigador</strong></p>



<p>Es Doctora en Geografía e Historia, Sección de Arte (1992,
Universidad de Sevilla). Su investigación se centra en la historia de la
arquitectura contemporánea y de la restauración de monumentos. Tiene concedidos
cuatro sexenios con la CNEAI. Actualmente es co-investigadora principal del
proyecto del Plan Estatal de I+D «Ruinas, expolios e intervenciones en el
patrimonio cultural» (DER2014-52947-P), financiado por el Ministerio de
Economía y Competitividad.</p>



<p><a href="https://www.upo.es/area-historia-arte/wp-content/uploads/2019/04/CV_abreviado_Valle_.pdf">CV abreviado</a></p>



<p>Algunas publicaciones:</p>



<p>&#8211; <em>Aurelio Goméz Millán, arquitecto</em>, Sevilla, 1988.</p>



<p>&#8211; <em>Antonio Gómez Millán (1883-1956). Una revisión de la arquitectura sevillana de su tiempo</em>, Sevilla, 1993.</p>



<p>&#8211; <em>La Plaza de Toros de Sevilla: historia de su ininterrumpida construcción</em>, Huelva, 1999.</p>



<p>&#8211; <em>Arquitectura y Segunda República en Sevilla</em>, Sevilla, 2006.</p>



<p>&#8211; Editora y coautora de <em>La arquitectura de las órdenes militares en Andalucía. Conservación y restauración</em>, Huelva, 2011.</p>



<p>&#8211; Editora, con Luis Pérez-Prat Durbán, y coautora de <em>Teatros romanos en España y Portugal, ¿patrimonio protegido?</em>, Huelva, 2014.</p>



<p>&#8211; «El ruedo: breves apuntes sobre la evolución histórica», en Díaz-Y. Recaséns y otros, <em>Plaza de Toros</em>, Madrid, 1993.</p>



<p>&#8211; «Reconstitución de la escena del teatro romano de Mérida. La intervención de Antonio Gómez Millán», <em>EGA. Revista de Expresión Gráfica Arquitectónica</em>, 2, Valladolid, 1994.</p>



<p>&#8211; «Adolfo Fernández Casanova y la restauración de la Catedral de Sevilla: los procedimientos de ejecución de las obras», en <em>El espítitu de las antiguas fábricas. Escritos de Adolfo Fernández Casanova sobre la Catedral de Sevilla (1881-1901)</em>, Sevilla, 1999.</p>



<p>&#8211; «The history of art in the restoration of monuments: the case of the pillars of Seville Cathedral», en Galán, E. y Zezza, F. (eds.) <em>Protection and Conservation of the Cultural Heritage of the Mediterranean Cities</em>, Lisse, 2002.</p>



<p>&#8211; «La restauración del patio de los Naranjos de la Catedral de Sevilla. Los proyectos de Félix Hernández Giménez», en colaboración con M. A. Díaz Zamorano, en Jiménez, A. (ed.), <em>Magna Hispalensis (I). Recuperación de la aljama almohade</em>, Sevilla, 2002.</p>



<p>&#8211; «Tratamiento y fortuna de los grandes monumentos sevillanos en la segunda mitad del siglo XIX», en Esteban Chapapría, J. Palaia, L. (coords.), <em>Teoría e Historia de la Restauración en España. Periodo 1844-1900,</em> Valencia, 2007.</p>



<p>&#8211; «Planos y dibujos de la Catedral de Sevilla realizados por José O. Mestres en 1865. Apuntes para su estudio», en Jiménez Martín (ed.), <em>La Piedra Postrera, Simposium Internacional sobre la Catedral de Sevilla en el contexto del Gótico Final</em>, vol.2 (comunicaciones), Sevilla, 2007.</p>



<p>&#8211; «Plaza del Triunfo, 3: obras y proyectos en la sede de la Diputación Provincial de Sevilla (1927-1993)», en Reina Macías, J. (coord.),<em> Del Hospital del Rey a Casa de la Provincia. Una sede histórica de la Diputación de Sevilla</em>, Sevilla, 2010.</p>



<p>&#8211; «Sevilla en zona nacional: destrucciones, restauraciones y criterios de intervención», en colaboración con M.G. Gómez de Terreros, en García Cuetos, P., Almarcha Núñez-Herrador, E. y Hernández Martínez, A. (coords), <em>Restaurando la memoria: España e Italia ante la recuperación monumental de posguerra</em>, Gijón, 2010.</p>



<p>&#8211; «La Plaza de Toros de la Real Maestranza de Caballería de Sevilla: reseña histórica y crítica del proceso constructivo de un edificio vivo», en Carvajal Navarro, J. A., <em>Plaza de Toros de la Real Maestranza de Caballería de Sevilla. Obras 2005-2011</em>, Sevilla, 2011.</p>



<p>&#8211; «La Capilla Real de la Catedral de Sevilla en los siglos XIX y XX: obras y restauraciones», en Jiménez Martín, A. (dir.), <em>La Capilla Real</em>, Sevilla, 2012.</p>



<p>&#8211; «Conservación y restauración de los castillos de las órdenes militares en Andalucía. Breves reflexiones sobre criterios y métodos de intervención», en Zalama, M.A. y Mogollón Cano- Cortés, M. P. (coords.), <em>Alma Ars. Estudios de Arte e Historia en homenaje al Dr. Salvador Andrés Ordax</em>, Valladolid, 2013.</p>



<p>&#8211; «Arquitectura y sociedad en Andalucía Oriental: del Cádiz de las Cortes a 1936», en Terrón Reynols, M. T. y Mogollón Cano-Cortés (coords.), <em>El hito 1812 y su estela. Aspectos singulares de la iconografía y arte</em>, Cáceres, 2014.</p>



<p>&#8211; «José Oriol Mestres y Esplugas en la Catedral de Sevilla. Los planos de las portadas inacabadas del crucero», <em>Locus Amoenus</em>, 7, 2004.</p>



<p>&#8211; «Arquitectura y órdenes militares en Sevilla: intervenciones en los conventos de San Benito de Calatrava y Santiago de la Espada», <em>Temas de Estética y Arte</em>, XIX, 2005.</p>



<p>&#8211; «La conservación del patrimonio arquitectónico sevillano, 1936-1940. Del inicio de la Guerra Civil a la consolidación de la Comisaría de la Sexta Zona del SDPAN», <em>Temas de Estética y Arte</em>, XXIII, 2009.</p>



<p>&#8211; «Casas tercias o de bastimento de la orden de Santiago en Andalucía: la Almona de Guadalcanal (Sevilla)», en colaboración con M.G. Gómez de Terreros, <em>Temas de Estética y Arte</em>, XXIV, 2010.</p>



<p>&#8211; «La arquitectura medieval sevillana de 1350 a 1450. Una mirada desde la contemporaneidad», <em>Goya</em>, 334, 2011.</p>



<p>&#8211; «El maestre Lorenzo Suárez de Figueroa y la arquitectura de la Orden de Santiago en Andalucía: Estepa y su castillo como referentes», <em>Actas del V Congreso Nacional sobre Cultura en Andalucía. La Orden Militar de Santiago. Fortificaciones y Encomiendas. El castillo de Estepa.</em> Conmemoración del VI Centenario de la muerte del Maestre Lorenzo Suárez de Figueroa (1409-2009), Serie «Cuadernos de Estepa», nº3, Estepa, 2014.</p>

<p>Catedrática de Universidad, Área de Historia del Arte, Universidad Pablo de Olavide, de Sevilla. Perfil docente Fue becaria FPI y[&#8230;]</p>
