{"id":668,"date":"2019-04-01T17:54:28","date_gmt":"2019-04-01T15:54:28","guid":{"rendered":"https:\/\/www.upo.es\/area-historia-arte\/?page_id=668"},"modified":"2019-05-16T11:27:09","modified_gmt":"2019-05-16T09:27:09","slug":"fernando-quiles-garcia","status":"publish","type":"page","link":"https:\/\/www.upo.es\/area-historia-arte\/fernando-quiles-garcia\/","title":{"rendered":"Fernando Quiles Garc\u00eda"},"content":{"rendered":"\n<p>Profesor\nTitular del \u00c1rea de Historia del Arte, en el Departamento de Geograf\u00eda,\nHistoria y Filosof\u00eda, de la Universidad Pablo de Olavide de Sevilla.<\/p>\n\n\n\n<p>Estudia\nel barroco sevillano desde distintas perspectivas. Se ha interesado por el\nconocimiento del medio art\u00edstico, con relaci\u00f3n a los creadores y a sus\npromotores. En esa l\u00ednea ha desarrollado una amplia investigaci\u00f3n, abarcando\ndistintas \u00e1reas tem\u00e1ticas, entre otras la pintura mural en el reino sevillano,\nlas relaciones de centro y periferia dentro del mismo \u00e1mbito espacial, los\nefectos de la peste negra en los talleres art\u00edsticos locales o la incidencia de\nlos procesos de canonizaci\u00f3n en la formulaci\u00f3n de las ideas est\u00e9ticas.<\/p>\n\n\n\n<p><a href=\"https:\/\/www.upo.es\/area-historia-arte\/wp-content\/uploads\/2019\/04\/Curriculum_Fernando_Quiles.pdf\">&nbsp;Curriculum Vitae<\/a><\/p>\n\n\n\n<p><strong>Selecci\u00f3n\nde publicaciones:<\/strong>&nbsp;<\/p>\n\n\n\n<p>&#8211; Los pintores sevillanos y sus privilegios a la luz de un nuevo dato de fines del XVII, 1991.<\/p>\n\n\n\n<p>&#8211;\nNuevos datos sobre la vida y la obra de Leonardo de Figue\u00adroa, 1992.<\/p>\n\n\n\n<p>&#8211; Jos\u00e9\nL\u00f3pez Chico y las pinturas murales de Santa Mar\u00eda de Jes\u00fas (Sevilla), 1996.<\/p>\n\n\n\n<p>&#8211; Datos\npara una definici\u00f3n de la Arquitectura Neocl\u00e1sica Sevillana, 1997.<\/p>\n\n\n\n<p>&#8211; En\nlos cimientos de la Iglesia sevillana: Fernando III, rey y santo, 1999.<\/p>\n\n\n\n<p>&#8211; El\nVenerable Fernando Contreras, un santo para la Catedral de Sevilla, 1999.<\/p>\n\n\n\n<p>&#8211; La Capilla de San Leandro de la Catedral de Sevilla, fundaci\u00f3n del confesor de la Reina Isabel de Farnesio. Un instrumento para la pol\u00e9mica, 1999. <\/p>\n\n\n\n<p>&#8211;\nNuevas obras de Cornelio Schut el Joven, 1999.<\/p>\n\n\n\n<p>&#8211; Las\nAcademias de pintura en Sevilla, 2000.<\/p>\n\n\n\n<p>&#8211;\nContribuci\u00f3n documental al conocimiento de la policrom\u00eda barroca, 2000.<\/p>\n\n\n\n<p>&#8211; Los\nyang\u00fceses y la&nbsp;<em>conducta de plata<\/em>&nbsp;de Am\u00e9rica, 2001.<\/p>\n\n\n\n<p>&#8211;\nTocado por la gracia de Murillo: El pintor cortesano Alonso Miguel de Tobar,\n2002.<\/p>\n\n\n\n<p>&#8211; La cuadratura en el barroco sevillano. Pintando arquitecturas a la manera italiana, 2004.<\/p>\n\n\n\n<p>&#8211; La\nciudad de los gremios. Indicios de su existencia, 2005.<\/p>\n\n\n\n<p>&#8211; Santa\nRosa de Lima en el Museo L\u00e1zaro Galdiano, 2005.<\/p>\n\n\n\n<p>&#8211; Sevilla, lugar de encuentro art\u00edstico de la vieja y la Nueva Espa\u00f1a (ss. XVII y XVIII), 2006.<\/p>\n\n\n\n<p>&#8211;\nAndrea Pozzo en la periferia. El caso espa\u00f1ol, 2006.<\/p>\n\n\n\n<p>&#8211; El\narte en un emporio mercantil, la Sevilla barroca, 2006.<\/p>\n\n\n\n<p>&#8211;\nArquitectura con pasado. Formas sin futuro, 2007.<\/p>\n\n\n\n<p><a href=\"https:\/\/www.upo.es\/area-historia-arte\/wp-content\/uploads\/2019\/04\/Quiles_Varias_imagenes__y_un_pensamiento_sobre_los_retratos_de_difuntos_2007.pdf\">&#8211;&nbsp;Varias im\u00e1genes y un pensamiento sobre los retratos de difuntos, 2007.<\/a><\/p>\n\n\n\n<p>&#8211; Jos\u00e9\nMar\u00eda Arango (1790-1835), pintor. Una voz en el desierto, 2007.<\/p>\n\n\n\n<p>&#8211; La invenci\u00f3n de la forma y la concreci\u00f3n del gesto. La hagiograf\u00eda creada para la Sevilla barroca, 2008.<\/p>\n\n\n\n<p>&#8211;\nCornelio Schut el Mozo, un retratista en la Sevilla del Barroco, 2008.<\/p>\n\n\n\n<p>&#8211; Los\nextranjeros y sus colecciones art\u00edsticas en la Sevilla barroca, 2009.<\/p>\n\n\n\n<p>&#8211;\n\u2026Eppur si muove. La pintura sevillana despu\u00e9s de la peste negra (1650-1655),\n2009.<\/p>\n\n\n\n<p>&#8211; Un\nviaje de la periferia al centro. La pintura sevillana y el Lustro Real,\n2010.&nbsp;<\/p>\n","protected":false},"excerpt":{"rendered":"<p>Profesor Titular del \u00c1rea de Historia del Arte, en el Departamento de Geograf\u00eda, Historia y Filosof\u00eda, de la Universidad Pablo[&#8230;]<\/p>\n","protected":false},"author":1,"featured_media":0,"parent":0,"menu_order":0,"comment_status":"closed","ping_status":"closed","template":"template-fullwidth.php","meta":[],"_links":{"self":[{"href":"https:\/\/www.upo.es\/area-historia-arte\/wp-json\/wp\/v2\/pages\/668"}],"collection":[{"href":"https:\/\/www.upo.es\/area-historia-arte\/wp-json\/wp\/v2\/pages"}],"about":[{"href":"https:\/\/www.upo.es\/area-historia-arte\/wp-json\/wp\/v2\/types\/page"}],"author":[{"embeddable":true,"href":"https:\/\/www.upo.es\/area-historia-arte\/wp-json\/wp\/v2\/users\/1"}],"replies":[{"embeddable":true,"href":"https:\/\/www.upo.es\/area-historia-arte\/wp-json\/wp\/v2\/comments?post=668"}],"version-history":[{"count":3,"href":"https:\/\/www.upo.es\/area-historia-arte\/wp-json\/wp\/v2\/pages\/668\/revisions"}],"predecessor-version":[{"id":1270,"href":"https:\/\/www.upo.es\/area-historia-arte\/wp-json\/wp\/v2\/pages\/668\/revisions\/1270"}],"wp:attachment":[{"href":"https:\/\/www.upo.es\/area-historia-arte\/wp-json\/wp\/v2\/media?parent=668"}],"curies":[{"name":"wp","href":"https:\/\/api.w.org\/{rel}","templated":true}]}}

Fernando Quiles García

<p>Profesor
Titular del Área de Historia del Arte, en el Departamento de Geografía,
Historia y Filosofía, de la Universidad Pablo de Olavide de Sevilla.</p>



<p>Estudia
el barroco sevillano desde distintas perspectivas. Se ha interesado por el
conocimiento del medio artístico, con relación a los creadores y a sus
promotores. En esa línea ha desarrollado una amplia investigación, abarcando
distintas áreas temáticas, entre otras la pintura mural en el reino sevillano,
las relaciones de centro y periferia dentro del mismo ámbito espacial, los
efectos de la peste negra en los talleres artísticos locales o la incidencia de
los procesos de canonización en la formulación de las ideas estéticas.</p>



<p><a href="https://www.upo.es/area-historia-arte/wp-content/uploads/2019/04/Curriculum_Fernando_Quiles.pdf">&nbsp;Curriculum Vitae</a></p>



<p><strong>Selección
de publicaciones:</strong>&nbsp;</p>



<p>&#8211; Los pintores sevillanos y sus privilegios a la luz de un nuevo dato de fines del XVII, 1991.</p>



<p>&#8211;
Nuevos datos sobre la vida y la obra de Leonardo de Figue­roa, 1992.</p>



<p>&#8211; José
López Chico y las pinturas murales de Santa María de Jesús (Sevilla), 1996.</p>



<p>&#8211; Datos
para una definición de la Arquitectura Neoclásica Sevillana, 1997.</p>



<p>&#8211; En
los cimientos de la Iglesia sevillana: Fernando III, rey y santo, 1999.</p>



<p>&#8211; El
Venerable Fernando Contreras, un santo para la Catedral de Sevilla, 1999.</p>



<p>&#8211; La Capilla de San Leandro de la Catedral de Sevilla, fundación del confesor de la Reina Isabel de Farnesio. Un instrumento para la polémica, 1999. </p>



<p>&#8211;
Nuevas obras de Cornelio Schut el Joven, 1999.</p>



<p>&#8211; Las
Academias de pintura en Sevilla, 2000.</p>



<p>&#8211;
Contribución documental al conocimiento de la policromía barroca, 2000.</p>



<p>&#8211; Los
yangüeses y la&nbsp;<em>conducta de plata</em>&nbsp;de América, 2001.</p>



<p>&#8211;
Tocado por la gracia de Murillo: El pintor cortesano Alonso Miguel de Tobar,
2002.</p>



<p>&#8211; La cuadratura en el barroco sevillano. Pintando arquitecturas a la manera italiana, 2004.</p>



<p>&#8211; La
ciudad de los gremios. Indicios de su existencia, 2005.</p>



<p>&#8211; Santa
Rosa de Lima en el Museo Lázaro Galdiano, 2005.</p>



<p>&#8211; Sevilla, lugar de encuentro artístico de la vieja y la Nueva España (ss. XVII y XVIII), 2006.</p>



<p>&#8211;
Andrea Pozzo en la periferia. El caso español, 2006.</p>



<p>&#8211; El
arte en un emporio mercantil, la Sevilla barroca, 2006.</p>



<p>&#8211;
Arquitectura con pasado. Formas sin futuro, 2007.</p>



<p><a href="https://www.upo.es/area-historia-arte/wp-content/uploads/2019/04/Quiles_Varias_imagenes__y_un_pensamiento_sobre_los_retratos_de_difuntos_2007.pdf">&#8211;&nbsp;Varias imágenes y un pensamiento sobre los retratos de difuntos, 2007.</a></p>



<p>&#8211; José
María Arango (1790-1835), pintor. Una voz en el desierto, 2007.</p>



<p>&#8211; La invención de la forma y la concreción del gesto. La hagiografía creada para la Sevilla barroca, 2008.</p>



<p>&#8211;
Cornelio Schut el Mozo, un retratista en la Sevilla del Barroco, 2008.</p>



<p>&#8211; Los
extranjeros y sus colecciones artísticas en la Sevilla barroca, 2009.</p>



<p>&#8211;
…Eppur si muove. La pintura sevillana después de la peste negra (1650-1655),
2009.</p>



<p>&#8211; Un
viaje de la periferia al centro. La pintura sevillana y el Lustro Real,
2010.&nbsp;</p>

<p>Profesor Titular del Área de Historia del Arte, en el Departamento de Geografía, Historia y Filosofía, de la Universidad Pablo[&#8230;]</p>
