{"id":713,"date":"2019-04-02T12:43:17","date_gmt":"2019-04-02T10:43:17","guid":{"rendered":"https:\/\/www.upo.es\/area-historia-arte\/?page_id=713"},"modified":"2019-07-17T20:26:40","modified_gmt":"2019-07-17T18:26:40","slug":"ii-seminario-de-innovacion-y-patrimonio-cultural-la-era-digital-y-nuevos-paradigmas-de-transferencia-de-conocimiento","status":"publish","type":"page","link":"https:\/\/www.upo.es\/area-historia-arte\/ii-seminario-de-innovacion-y-patrimonio-cultural-la-era-digital-y-nuevos-paradigmas-de-transferencia-de-conocimiento\/","title":{"rendered":"II Seminario de Innovaci\u00f3n y Patrimonio Cultural: la era digital y nuevos paradigmas de transferencia de conocimiento"},"content":{"rendered":"\n<p><\/p>\n\n\n\n<div class=\"wp-block-image\"><figure class=\"aligncenter is-resized\"><img loading=\"lazy\" src=\"https:\/\/www.upo.es\/area-historia-arte\/wp-content\/uploads\/2019\/04\/Red_Visibilia_logo.jpg\" alt=\"\" class=\"wp-image-710\" width=\"341\" height=\"302\"\/><\/figure><\/div>\n\n\n\n<p style=\"text-align:center\">Innovaci\u00f3n y Patrimonio Cultural: la era digital y nuevos paradigmas de transferencia de conocimiento<\/p>\n\n\n\n<p style=\"text-align:center\"><strong>Fecha<\/strong>: 14 de marzo de 2012<\/p>\n\n\n\n<p style=\"text-align:center\"><strong>Lugar<\/strong>: Centro Cultural Museo Lozano Sidro, Priego de C\u00f3rdoba<\/p>\n\n\n\n<p>10:00 &#8211; 10:30 h.\u00a0<strong>Presentaci\u00f3n del proyecto\u00a0<em>Visibilia. Red de Patrimonio Art\u00edstico de Andaluc\u00eda. <\/em><\/strong>Fernando Quiles Garc\u00eda (Universidad Pablo de Olavide)<\/p>\n\n\n\n<p>10:30 \u2013 11:00 h.&nbsp;<strong>Planificaci\u00f3n de recursos patrimoniales para el desarrollo local.<\/strong>&nbsp;Marcelo Mart\u00edn (Universidad Pablo de Olavide)<\/p>\n\n\n\n<p>11: 00 \u2013 11:30 h.&nbsp;&nbsp;Pausa<br><\/p>\n\n\n\n<p>11:30 &#8211; 12:00 h.&nbsp;<strong>Transformaci\u00f3n desde dentro = transferencia hacia fuera. El papel de la tecnolog\u00eda y las din\u00e1micas de redes.&nbsp;<\/strong>Israel S\u00e1nchez Mart\u00edn (Director de proyectos de la empresa KPACITA)<\/p>\n\n\n\n<p>12:00 &#8211; 13:00 h.&nbsp;<strong>Plataforma de&nbsp;<em>Visibilia<\/em>.&nbsp;<\/strong>\u00c1lvaro Cabezas Garc\u00eda y M\u00aa \u00c1ngeles Fern\u00e1ndez Valle (Universidad Pablo de Olavide)<\/p>\n\n\n\n<p>13:00 &#8211; 14:00 h.&nbsp;<strong>Conversaciones sobre el patrimonio local: opini\u00f3n de los representantes municipales y su inserci\u00f3n en el proyecto&nbsp;<em>Visibilia<\/em>.<\/strong><\/p>\n\n\n\n<p>Organizan<br>\u00c1rea de Historia del Arte. Universidad Pablo de Olavide, Sevilla.<br>Visibilia. Red de Patrimonio Art\u00edstico de Andaluc\u00eda. Proyecto Motriz de Excelencia. Consejer\u00eda de Econom\u00eda, Innovaci\u00f3n y Ciencia de la Junta de Andaluc\u00eda, P09-HUM-4523.<br><br>Colaboran<br>Red de Arquitectura Vern\u00e1cula Iberoamericana (Red-AVI). Proyecto de la AECID, A3\/041329\/11.<br>Fundaci\u00f3n Universidad &#8211; Sociedad de la Universidad Pablo de Olavide, Sevilla.<\/p>\n\n\n\n<p>Inscripci\u00f3n: visibilia@upo.es<\/p>\n\n\n\n<p>Aforo limitado.<\/p>\n","protected":false},"excerpt":{"rendered":"<p>Innovaci\u00f3n y Patrimonio Cultural: la era digital y nuevos paradigmas de transferencia de conocimiento Fecha: 14 de marzo de 2012[&#8230;]<\/p>\n","protected":false},"author":1,"featured_media":0,"parent":0,"menu_order":0,"comment_status":"closed","ping_status":"closed","template":"template-fullwidth.php","meta":[],"_links":{"self":[{"href":"https:\/\/www.upo.es\/area-historia-arte\/wp-json\/wp\/v2\/pages\/713"}],"collection":[{"href":"https:\/\/www.upo.es\/area-historia-arte\/wp-json\/wp\/v2\/pages"}],"about":[{"href":"https:\/\/www.upo.es\/area-historia-arte\/wp-json\/wp\/v2\/types\/page"}],"author":[{"embeddable":true,"href":"https:\/\/www.upo.es\/area-historia-arte\/wp-json\/wp\/v2\/users\/1"}],"replies":[{"embeddable":true,"href":"https:\/\/www.upo.es\/area-historia-arte\/wp-json\/wp\/v2\/comments?post=713"}],"version-history":[{"count":7,"href":"https:\/\/www.upo.es\/area-historia-arte\/wp-json\/wp\/v2\/pages\/713\/revisions"}],"predecessor-version":[{"id":2133,"href":"https:\/\/www.upo.es\/area-historia-arte\/wp-json\/wp\/v2\/pages\/713\/revisions\/2133"}],"wp:attachment":[{"href":"https:\/\/www.upo.es\/area-historia-arte\/wp-json\/wp\/v2\/media?parent=713"}],"curies":[{"name":"wp","href":"https:\/\/api.w.org\/{rel}","templated":true}]}}

II Seminario de Innovación y Patrimonio Cultural: la era digital y nuevos paradigmas de transferencia de conocimiento

<p></p>



<div class="wp-block-image"><figure class="aligncenter is-resized"><img loading="lazy" src="https://www.upo.es/area-historia-arte/wp-content/uploads/2019/04/Red_Visibilia_logo.jpg" alt="" class="wp-image-710" width="341" height="302"/></figure></div>



<p style="text-align:center">Innovación y Patrimonio Cultural: la era digital y nuevos paradigmas de transferencia de conocimiento</p>



<p style="text-align:center"><strong>Fecha</strong>: 14 de marzo de 2012</p>



<p style="text-align:center"><strong>Lugar</strong>: Centro Cultural Museo Lozano Sidro, Priego de Córdoba</p>



<p>10:00 &#8211; 10:30 h. <strong>Presentación del proyecto <em>Visibilia. Red de Patrimonio Artístico de Andalucía. </em></strong>Fernando Quiles García (Universidad Pablo de Olavide)</p>



<p>10:30 – 11:00 h.&nbsp;<strong>Planificación de recursos patrimoniales para el desarrollo local.</strong>&nbsp;Marcelo Martín (Universidad Pablo de Olavide)</p>



<p>11: 00 – 11:30 h.&nbsp;&nbsp;Pausa<br></p>



<p>11:30 &#8211; 12:00 h.&nbsp;<strong>Transformación desde dentro = transferencia hacia fuera. El papel de la tecnología y las dinámicas de redes.&nbsp;</strong>Israel Sánchez Martín (Director de proyectos de la empresa KPACITA)</p>



<p>12:00 &#8211; 13:00 h.&nbsp;<strong>Plataforma de&nbsp;<em>Visibilia</em>.&nbsp;</strong>Álvaro Cabezas García y Mª Ángeles Fernández Valle (Universidad Pablo de Olavide)</p>



<p>13:00 &#8211; 14:00 h.&nbsp;<strong>Conversaciones sobre el patrimonio local: opinión de los representantes municipales y su inserción en el proyecto&nbsp;<em>Visibilia</em>.</strong></p>



<p>Organizan<br>Área de Historia del Arte. Universidad Pablo de Olavide, Sevilla.<br>Visibilia. Red de Patrimonio Artístico de Andalucía. Proyecto Motriz de Excelencia. Consejería de Economía, Innovación y Ciencia de la Junta de Andalucía, P09-HUM-4523.<br><br>Colaboran<br>Red de Arquitectura Vernácula Iberoamericana (Red-AVI). Proyecto de la AECID, A3/041329/11.<br>Fundación Universidad &#8211; Sociedad de la Universidad Pablo de Olavide, Sevilla.</p>



<p>Inscripción: visibilia@upo.es</p>



<p>Aforo limitado.</p>

<p>Innovación y Patrimonio Cultural: la era digital y nuevos paradigmas de transferencia de conocimiento Fecha: 14 de marzo de 2012[&#8230;]</p>
