{"id":717,"date":"2019-04-02T12:45:25","date_gmt":"2019-04-02T10:45:25","guid":{"rendered":"https:\/\/www.upo.es\/area-historia-arte\/?page_id=717"},"modified":"2019-07-17T20:38:02","modified_gmt":"2019-07-17T18:38:02","slug":"seminario-de-innovacion-y-patrimonio-cultural-la-era-digital-y-nuevos-paradigmas-de-transferencia-de-conocimiento","status":"publish","type":"page","link":"https:\/\/www.upo.es\/area-historia-arte\/seminario-de-innovacion-y-patrimonio-cultural-la-era-digital-y-nuevos-paradigmas-de-transferencia-de-conocimiento\/","title":{"rendered":"Seminario de Innovaci\u00f3n y Patrimonio Cultural: la era digital y nuevos paradigmas de transferencia de conocimiento"},"content":{"rendered":"\n<p style=\"text-align:center\"><em>Seminario de Innovaci\u00f3n y Patrimonio Cultural: la era digital y nuevos paradigmas de transferencia de conocimiento<\/em><\/p>\n\n\n\n<div class=\"wp-block-image\"><figure class=\"aligncenter\"><img loading=\"lazy\" width=\"397\" height=\"508\" src=\"https:\/\/www.upo.es\/area-historia-arte\/wp-content\/uploads\/2019\/06\/Captura-de-pantalla-2019-06-17-a-las-13.52.40.png\" alt=\"\" class=\"wp-image-1546\" srcset=\"https:\/\/www.upo.es\/area-historia-arte\/wp-content\/uploads\/2019\/06\/Captura-de-pantalla-2019-06-17-a-las-13.52.40.png 397w, https:\/\/www.upo.es\/area-historia-arte\/wp-content\/uploads\/2019\/06\/Captura-de-pantalla-2019-06-17-a-las-13.52.40-234x300.png 234w\" sizes=\"(max-width: 397px) 100vw, 397px\" \/><\/figure><\/div>\n\n\n\n<p style=\"text-align:center\">Seminario de Innovaci\u00f3n y Patrimonio Cultural: la era digital y nuevos paradigmas de transferencia de conocimiento<\/p>\n\n\n\n<p style=\"text-align:center\"><strong>Fecha<\/strong>: 17 de noviembre de 2011, 10:00 a 14:30 h <\/p>\n\n\n\n<p style=\"text-align:center\"><strong>Lugar<\/strong>: Sal\u00f3n de grados, edificio 6 &#8211; Universidad Pablo de Olavide, Sevilla <br><\/p>\n\n\n\n<p>10:00 h.&nbsp;<strong>Inauguraci\u00f3n del Seminario.<\/strong><\/p>\n\n\n\n<p>Bernardo Bueno Beltr\u00e1n (Consejer\u00eda de Cultura de la Junta de Andaluc\u00eda)<\/p>\n\n\n\n<p>Luis P\u00e9rez-Prat Durb\u00e1n (Vicerrector de Relaciones Institucionales e Internacionales de la Universidad Pablo de Olavide)<\/p>\n\n\n\n<p>10:30 &#8211; 11:00 h.&nbsp;<strong>Presentaci\u00f3n de&nbsp;<em>Visibilia. Red de Patrimonio Art\u00edstico de Andaluc\u00eda.<\/em><\/strong>Fernando&nbsp; Quiles Garc\u00eda (Universidad Pablo de Olavide)<\/p>\n\n\n\n<p>11:00 \u2013 11:30 h.\u00a0<strong>Planificaci\u00f3n de recursos patrimoniales para el desarrollo local. <\/strong>Marcelo Mart\u00edn (Universidad Pablo de Olavide)<\/p>\n\n\n\n<p>11: 30 \u2013 12:00 h.&nbsp;&nbsp;Pausa. Caf\u00e9.<\/p>\n\n\n\n<p>12:00 &#8211; 12:30 h.&nbsp;<strong>Transformaci\u00f3n desde dentro = transferencia hacia fuera. El papel de la tecnolog\u00eda y las din\u00e1micas de redes.&nbsp;<\/strong>Israel S\u00e1nchez Mart\u00edn (Director de proyectos de la empresa KPACITA)<\/p>\n\n\n\n<p>12:30 &#8211; 13:00 h.&nbsp;<strong>Plataforma de&nbsp;<em>Visibilia<\/em>.&nbsp;<\/strong>\u00c1lvaro Cabezas Garc\u00eda y M\u00aa \u00c1ngeles Fern\u00e1ndez Valle (Universidad Pablo de Olavide)<\/p>\n\n\n\n<p>13:00 &#8211; 14:30 h.&nbsp;<strong>Conversaciones sobre el patrimonio local: opini\u00f3n de los representantes municipales y su inserci\u00f3n en el proyecto&nbsp;<em>Visibilia<\/em>.<\/strong><\/p>\n\n\n\n<p><strong>Organizan:<\/strong><\/p>\n\n\n\n<ul><li>\u00c1rea de Historia del Arte. Universidad Pablo de Olavide, Sevilla.<\/li><li>Visibilia. Red de Patrimonio Art\u00edstico de Andaluc\u00eda. Proyecto Motriz de Excelencia [P09-HUM-4523]. <\/li><li>Consejer\u00eda de Econom\u00eda, Innovaci\u00f3n y Ciencia de la Junta de Andaluc\u00eda.<\/li><li>OTRI. Oficina de Transferencia de la Investigaci\u00f3n. Universidad Pablo de Olavide, Sevilla.<\/li><\/ul>\n\n\n\n<p><strong>Colaboran:<\/strong><\/p>\n\n\n\n<ul><li>Red de Arquitectura Vern\u00e1cula Iberoamericana (Red -Avi) [C\/031806\/10C]. Proyecto financiado por la AECID, Espa\u00f1a.<\/li><li>Fundaci\u00f3n Universidad &#8211; Sociedad de la Universidad Pablo de Olavide. Sevilla.<\/li><\/ul>\n\n\n\n<p><strong>Inscripci\u00f3n:<\/strong> visibilia@upo.es<\/p>\n\n\n\n<p>Aforo limitado.<\/p>\n\n\n\n<p><a href=\"https:\/\/www.upo.es\/area-historia-arte\/wp-content\/uploads\/2019\/04\/Seminario_de_Innovacion__y_Patrimonio_Cultural__la__era__digital__y__nuevos__paradigmas__de__transferencia_de_conocimiento.pdf\">PROGRAMA<\/a><\/p>\n","protected":false},"excerpt":{"rendered":"<p>Seminario de Innovaci\u00f3n y Patrimonio Cultural: la era digital y nuevos paradigmas de transferencia de conocimiento Seminario de Innovaci\u00f3n y[&#8230;]<\/p>\n","protected":false},"author":1,"featured_media":0,"parent":0,"menu_order":0,"comment_status":"closed","ping_status":"closed","template":"template-fullwidth.php","meta":[],"_links":{"self":[{"href":"https:\/\/www.upo.es\/area-historia-arte\/wp-json\/wp\/v2\/pages\/717"}],"collection":[{"href":"https:\/\/www.upo.es\/area-historia-arte\/wp-json\/wp\/v2\/pages"}],"about":[{"href":"https:\/\/www.upo.es\/area-historia-arte\/wp-json\/wp\/v2\/types\/page"}],"author":[{"embeddable":true,"href":"https:\/\/www.upo.es\/area-historia-arte\/wp-json\/wp\/v2\/users\/1"}],"replies":[{"embeddable":true,"href":"https:\/\/www.upo.es\/area-historia-arte\/wp-json\/wp\/v2\/comments?post=717"}],"version-history":[{"count":4,"href":"https:\/\/www.upo.es\/area-historia-arte\/wp-json\/wp\/v2\/pages\/717\/revisions"}],"predecessor-version":[{"id":2146,"href":"https:\/\/www.upo.es\/area-historia-arte\/wp-json\/wp\/v2\/pages\/717\/revisions\/2146"}],"wp:attachment":[{"href":"https:\/\/www.upo.es\/area-historia-arte\/wp-json\/wp\/v2\/media?parent=717"}],"curies":[{"name":"wp","href":"https:\/\/api.w.org\/{rel}","templated":true}]}}

Seminario de Innovación y Patrimonio Cultural: la era digital y nuevos paradigmas de transferencia de conocimiento

<p style="text-align:center"><em>Seminario de Innovación y Patrimonio Cultural: la era digital y nuevos paradigmas de transferencia de conocimiento</em></p>



<div class="wp-block-image"><figure class="aligncenter"><img loading="lazy" width="397" height="508" src="https://www.upo.es/area-historia-arte/wp-content/uploads/2019/06/Captura-de-pantalla-2019-06-17-a-las-13.52.40.png" alt="" class="wp-image-1546" srcset="https://www.upo.es/area-historia-arte/wp-content/uploads/2019/06/Captura-de-pantalla-2019-06-17-a-las-13.52.40.png 397w, https://www.upo.es/area-historia-arte/wp-content/uploads/2019/06/Captura-de-pantalla-2019-06-17-a-las-13.52.40-234x300.png 234w" sizes="(max-width: 397px) 100vw, 397px" /></figure></div>



<p style="text-align:center">Seminario de Innovación y Patrimonio Cultural: la era digital y nuevos paradigmas de transferencia de conocimiento</p>



<p style="text-align:center"><strong>Fecha</strong>: 17 de noviembre de 2011, 10:00 a 14:30 h </p>



<p style="text-align:center"><strong>Lugar</strong>: Salón de grados, edificio 6 &#8211; Universidad Pablo de Olavide, Sevilla <br></p>



<p>10:00 h.&nbsp;<strong>Inauguración del Seminario.</strong></p>



<p>Bernardo Bueno Beltrán (Consejería de Cultura de la Junta de Andalucía)</p>



<p>Luis Pérez-Prat Durbán (Vicerrector de Relaciones Institucionales e Internacionales de la Universidad Pablo de Olavide)</p>



<p>10:30 &#8211; 11:00 h.&nbsp;<strong>Presentación de&nbsp;<em>Visibilia. Red de Patrimonio Artístico de Andalucía.</em></strong>Fernando&nbsp; Quiles García (Universidad Pablo de Olavide)</p>



<p>11:00 – 11:30 h. <strong>Planificación de recursos patrimoniales para el desarrollo local. </strong>Marcelo Martín (Universidad Pablo de Olavide)</p>



<p>11: 30 – 12:00 h.&nbsp;&nbsp;Pausa. Café.</p>



<p>12:00 &#8211; 12:30 h.&nbsp;<strong>Transformación desde dentro = transferencia hacia fuera. El papel de la tecnología y las dinámicas de redes.&nbsp;</strong>Israel Sánchez Martín (Director de proyectos de la empresa KPACITA)</p>



<p>12:30 &#8211; 13:00 h.&nbsp;<strong>Plataforma de&nbsp;<em>Visibilia</em>.&nbsp;</strong>Álvaro Cabezas García y Mª Ángeles Fernández Valle (Universidad Pablo de Olavide)</p>



<p>13:00 &#8211; 14:30 h.&nbsp;<strong>Conversaciones sobre el patrimonio local: opinión de los representantes municipales y su inserción en el proyecto&nbsp;<em>Visibilia</em>.</strong></p>



<p><strong>Organizan:</strong></p>



<ul><li>Área de Historia del Arte. Universidad Pablo de Olavide, Sevilla.</li><li>Visibilia. Red de Patrimonio Artístico de Andalucía. Proyecto Motriz de Excelencia [P09-HUM-4523]. </li><li>Consejería de Economía, Innovación y Ciencia de la Junta de Andalucía.</li><li>OTRI. Oficina de Transferencia de la Investigación. Universidad Pablo de Olavide, Sevilla.</li></ul>



<p><strong>Colaboran:</strong></p>



<ul><li>Red de Arquitectura Vernácula Iberoamericana (Red -Avi) [C/031806/10C]. Proyecto financiado por la AECID, España.</li><li>Fundación Universidad &#8211; Sociedad de la Universidad Pablo de Olavide. Sevilla.</li></ul>



<p><strong>Inscripción:</strong> visibilia@upo.es</p>



<p>Aforo limitado.</p>



<p><a href="https://www.upo.es/area-historia-arte/wp-content/uploads/2019/04/Seminario_de_Innovacion__y_Patrimonio_Cultural__la__era__digital__y__nuevos__paradigmas__de__transferencia_de_conocimiento.pdf">PROGRAMA</a></p>

<p>Seminario de Innovación y Patrimonio Cultural: la era digital y nuevos paradigmas de transferencia de conocimiento Seminario de Innovación y[&#8230;]</p>
