{"id":723,"date":"2019-04-02T12:50:00","date_gmt":"2019-04-02T10:50:00","guid":{"rendered":"https:\/\/www.upo.es\/area-historia-arte\/?page_id=723"},"modified":"2019-06-18T10:58:23","modified_gmt":"2019-06-18T08:58:23","slug":"red-de-arquitectura-vernacula-iberoamericana-red-avi","status":"publish","type":"page","link":"https:\/\/www.upo.es\/area-historia-arte\/red-de-arquitectura-vernacula-iberoamericana-red-avi\/","title":{"rendered":"Red de Arquitectura Vern\u00e1cula Iberoamericana (Red-Avi)"},"content":{"rendered":"\n<div class=\"wp-block-image\"><figure class=\"aligncenter is-resized\"><img loading=\"lazy\" src=\"https:\/\/www.upo.es\/area-historia-arte\/wp-content\/uploads\/2019\/04\/Red-Avi_logo-1.jpg\" alt=\"\" class=\"wp-image-725\" width=\"286\" height=\"255\" srcset=\"https:\/\/www.upo.es\/area-historia-arte\/wp-content\/uploads\/2019\/04\/Red-Avi_logo-1.jpg 572w, https:\/\/www.upo.es\/area-historia-arte\/wp-content\/uploads\/2019\/04\/Red-Avi_logo-1-300x267.jpg 300w\" sizes=\"(max-width: 286px) 100vw, 286px\" \/><\/figure><\/div>\n\n\n\n<p style=\"text-align:center\"><strong>Tipo de proyecto: <\/strong>Acci\u00f3n intregada de la Agencia Espa\u00f1ola de Cooperaci\u00f3n Internacional para el Desarrollo \u2013 AECID, Espa\u00f1a [A3\/041329\/11]<\/p>\n\n\n\n<p style=\"text-align:center\"><strong>\u00d3rgano promotor: <\/strong>Agencia Espa\u00f1a de Cooperaci\u00f3n Internacional para el Desarrollo<\/p>\n\n\n\n<p style=\"text-align:center\"><strong>A\u00f1os:<\/strong> 2011<strong>&#8211;<\/strong>2012<\/p>\n\n\n\n<p><strong>2012<\/strong>.&nbsp;<strong>Red de Arquitectura Vern\u00e1cula Iberoamericana (Red-Avi)<\/strong>. Universidad Pablo de Olavide de Sevilla y Universidad Nacional de Colombia-Sede Manizales. Acci\u00f3n intregada de la Agencia Espa\u00f1ola de Cooperaci\u00f3n Internacional para el Desarrollo &#8211; AECID, Espa\u00f1a [A3\/041329\/11].<\/p>\n\n\n\n<p><strong>2011<\/strong>.&nbsp;<strong>Red de Arquitectura Vern\u00e1cula Iberoamericana (Red-Avi).<\/strong>&nbsp;Universidad Pablo de Olavide de Sevilla y Universidad Ricardo Palma de Lima. Acci\u00f3n preparatoria de la Agencia Espa\u00f1ola de Cooperaci\u00f3n Internacional para el Desarrollo &#8211; AECID, Espa\u00f1a [C\/031806\/10].<\/p>\n\n\n\n<p>Proyecto coordinado por las universidades Pablo de Olavide de Sevilla y Nacional de Colombia, para poner en marcha, con investigadores de distintos pa\u00edses iberoamericanos, una red de arquitectura vern\u00e1cula. El proyecto ha sido financiado por la AECID, Espa\u00f1a [A3\/041329\/11].<\/p>\n\n\n\n<p>Miembros del grupo de investigaci\u00f3n:&nbsp;<\/p>\n\n\n\n<ul><li>Fernando Quiles Garc\u00eda (Universidad Pablo de Olavide, Sevilla, Espa\u00f1a)<\/li><li>Fabio Rinc\u00f3n Cardona (Universidad Nacional de Colombia, Manizales, Colombia)<\/li><li>Graciela Vi\u00f1uales (Universidad de Buenos Aires, Argentina)<\/li><li>Germ\u00e1n Mej\u00eda Pav\u00f3ny (Universidad Nacional de Colombia)<\/li><li>Marcela Cristina Cu\u00e9llar S\u00e1nchez (Universidad Nacional de Colombia)<\/li><li>Clara Eugenia S\u00e1nchez Gama (Universidad Nacional de Colombia)<\/li><li>Sandra Negro T\u00faa (Universidad Ricardo Palma, Lima, Per\u00fa)<\/li><li>Henry Mazorra Acosta (Universidad de Camag\u00fcey, Cuba)<\/li><li>Nory Pereira Colls (Universidad de los Andes, M\u00e9rida, Venezuela)<\/li><li>Norma Carnevali Lobo (Universidad de los Andes, M\u00e9rida, Venezuela)<\/li><li>Nelly Mej\u00eda Barrio (Universidad de los Andes, M\u00e9rida, Venezuela)<\/li><li>Ana Aranda Bernal (Universidad Pablo de Olavide, Sevilla, Espa\u00f1a)<\/li><li>Francisco Ollero Lobato (Universidad Pablo de Olavide, Sevilla, Espa\u00f1a)<\/li><li>Arsenio Moreno Mendoza (Universidad Pablo de Olavide, Sevilla, Espa\u00f1a)<\/li><li>Mar\u00eda del Mar Loren M\u00e9ndez (Universidad de Sevilla, Espa\u00f1a)<\/li><li>Daniel Pinz\u00f3n Ayala (Universidad de Sevilla, Espa\u00f1a)<\/li><li>Israel S\u00e1nchez Mart\u00edn (Universidad Pablo de Olavide, Sevilla, Espa\u00f1a)<\/li><li>Alberto Calla Garc\u00eda (Universidad Mayor de San Andr\u00e9s, Bolivia)<\/li><li>William Rey Ashfield (Universidad de la Rep\u00fablica, Montevideo, Uruguay)<\/li><li>Leonardo G\u00f3mez Sena (Universidad de la Rep\u00fablica, Montevideo, Uruguay)<\/li><li>Ricardo Tapia Zarricueta (Universidad de Chile)<\/li><li>Jorgen Enrique Osorio Vel\u00e1zquez (Universidad Pablo de Olavide, Sevilla, Espa\u00f1a)<\/li><li>Antonio Quintero Garc\u00eda (Universidad Pablo de Olavide, Sevilla, Espa\u00f1a)<\/li><li>Mar\u00eda Elodia Hern\u00e1ndez Le\u00f3n (Universidad Pablo de Olavide, Sevilla, Espa\u00f1a)<\/li><li>Mar\u00eda del Carmen Fuentes Huerta (Universidad Ricardo Palma, Lima, Per\u00fa)<\/li><li>Samuel Amor\u00f3s Casta\u00f1eda (Universidad Ricardo Palma, Lima, Per\u00fa)<\/li><li>M\u00aa \u00c1ngeles Fern\u00e1ndez Valle (Universidad Pablo de Olavide, Sevilla, Espa\u00f1a)<\/li><\/ul>\n\n\n\n<p style=\"text-align:center\"><a href=\"https:\/\/www.upo.es\/area-historia-arte\/actividades-de-la-red-avi\/\">ACTIVIDADES DEL PROYECTO<\/a><\/p>\n\n\n\n<p>ENLACES DE INTER\u00c9S<\/p>\n\n\n\n<p><a href=\"http:\/\/urp-instituto-patrimonio-cultural.blogspot.com\/\" target=\"_blank\" rel=\"noreferrer noopener\">Instituto de Investigaci\u00f3n del Patrimonio Cultural de&nbsp;la&nbsp;Universidad Ricardo Palma, Lima, Per\u00fa<\/a><\/p>\n","protected":false},"excerpt":{"rendered":"<p>Tipo de proyecto: Acci\u00f3n intregada de la Agencia Espa\u00f1ola de Cooperaci\u00f3n Internacional para el Desarrollo \u2013 AECID, Espa\u00f1a [A3\/041329\/11] \u00d3rgano[&#8230;]<\/p>\n","protected":false},"author":1,"featured_media":0,"parent":0,"menu_order":0,"comment_status":"closed","ping_status":"closed","template":"template-fullwidth.php","meta":[],"_links":{"self":[{"href":"https:\/\/www.upo.es\/area-historia-arte\/wp-json\/wp\/v2\/pages\/723"}],"collection":[{"href":"https:\/\/www.upo.es\/area-historia-arte\/wp-json\/wp\/v2\/pages"}],"about":[{"href":"https:\/\/www.upo.es\/area-historia-arte\/wp-json\/wp\/v2\/types\/page"}],"author":[{"embeddable":true,"href":"https:\/\/www.upo.es\/area-historia-arte\/wp-json\/wp\/v2\/users\/1"}],"replies":[{"embeddable":true,"href":"https:\/\/www.upo.es\/area-historia-arte\/wp-json\/wp\/v2\/comments?post=723"}],"version-history":[{"count":4,"href":"https:\/\/www.upo.es\/area-historia-arte\/wp-json\/wp\/v2\/pages\/723\/revisions"}],"predecessor-version":[{"id":1404,"href":"https:\/\/www.upo.es\/area-historia-arte\/wp-json\/wp\/v2\/pages\/723\/revisions\/1404"}],"wp:attachment":[{"href":"https:\/\/www.upo.es\/area-historia-arte\/wp-json\/wp\/v2\/media?parent=723"}],"curies":[{"name":"wp","href":"https:\/\/api.w.org\/{rel}","templated":true}]}}