{"id":729,"date":"2019-04-02T12:55:16","date_gmt":"2019-04-02T10:55:16","guid":{"rendered":"https:\/\/www.upo.es\/area-historia-arte\/?page_id=729"},"modified":"2019-07-17T18:57:50","modified_gmt":"2019-07-17T16:57:50","slug":"i-congreso-internacional-de-arquitectura-vernacula-en-el-mundo-iberico","status":"publish","type":"page","link":"https:\/\/www.upo.es\/area-historia-arte\/i-congreso-internacional-de-arquitectura-vernacula-en-el-mundo-iberico\/","title":{"rendered":"I Congreso Internacional de Arquitectura Vern\u00e1cula en el Mundo Ib\u00e9rico"},"content":{"rendered":"\n<p style=\"text-align:center\"><\/p>\n\n\n\n<div class=\"wp-block-image\"><figure class=\"aligncenter is-resized\"><img loading=\"lazy\" src=\"https:\/\/www.upo.es\/area-historia-arte\/wp-content\/uploads\/2019\/06\/Captura-de-pantalla-2019-06-17-a-las-12.33.11.png\" alt=\"\" class=\"wp-image-1533\" width=\"186\" height=\"406\" srcset=\"https:\/\/www.upo.es\/area-historia-arte\/wp-content\/uploads\/2019\/06\/Captura-de-pantalla-2019-06-17-a-las-12.33.11.png 243w, https:\/\/www.upo.es\/area-historia-arte\/wp-content\/uploads\/2019\/06\/Captura-de-pantalla-2019-06-17-a-las-12.33.11-137x300.png 137w\" sizes=\"(max-width: 186px) 100vw, 186px\" \/><\/figure><\/div>\n\n\n\n<p style=\"text-align:center\">I Congreso Internacional de Arquitectura Vern\u00e1cula en el Mundo Ib\u00e9rico<\/p>\n\n\n\n<p style=\"text-align:center\"><strong>Fecha<\/strong>: 26-28 de octubre de 2005 <\/p>\n\n\n\n<p style=\"text-align:center\"><strong>Lugar<\/strong>: Carmona (Sevilla)<\/p>\n\n\n\n<h3>Presentaci\u00f3n<\/h3>\n\n\n\n<p>El abandono de los h\u00e1bitos tradicionales en el medio rural ha tenido una incidencia directa en la progresiva desaparici\u00f3n de la arquitectura vern\u00e1cula. En la \u00faltima d\u00e9cada pueblos enteros han cambiado su faz por la sustituci\u00f3n de esas ancestrales formas de ocupaci\u00f3n. es un hecho que las novedades se han producido como resultado inmediato de las necesidades de una poblaci\u00f3n que necesita acomodarse a un nuevo espacio y en condiciones de habitabilidad distintas a las de sus antepasados.<br><br>En una postura intermedia que comprende la necesidad de adaptar la vivienda a los nuevos usos, en los que ya no entra el almacenamiento de grano o la estabulaci\u00f3n de las bestias, pero tambi\u00e9n considera la salvaguarda de ciertos testimonios identitarios, los miembros del comit\u00e9 ejecutivo y Organizador del CISAV promovieron una debate sobre el futuro de esa arquitectura.<br><br>En ese sentido plantearon varias sesiones para proceder al reconocimiento de los tipos, su valoraci\u00f3n, con distinci\u00f3n de matices art\u00edsticos, arquitect\u00f3nicos, antropol\u00f3gicos o sencillamente culturales.<br><br>El congreso se convirti\u00f3 as\u00ed en marco de an\u00e1lisis y debate sobre la coexistencia de un hecho patrimonial con una realidad social. Para ello pensamos en la contribuci\u00f3n de cuantos conocen estas circunstancias, desde un punto u otro de vista.<br><br>Ello tuvo cabida en las siguientes secciones:<br><br>1.&nbsp; Identificaci\u00f3n de la arquitectura y definici\u00f3n de sus tipos. Especialmente los modelos sevillanos.<br><br>2.&nbsp; Proyecto y construcci\u00f3n. Arquitectura de tierra. \u00bfArquitectura sin autor?<br><br>3.&nbsp; Vivir la casa. Antropolog\u00eda del espacio construido.<br><br>4.&nbsp; Vida y muerte de la arquitectura. Conservaci\u00f3n y aprovechamiento. Iniciativas particulares.<br> <br><\/p>\n\n\n\n<h3>Organizaci\u00f3n<\/h3>\n\n\n\n<p>\u00c1rea de Historia del Arte&nbsp;<br>Departamento de Geograf\u00eda, Historia y Filosof\u00eda&nbsp;<br>Universidad Pablo de Olavide<\/p>\n\n\n\n<h4>Comit\u00e9 Cient\u00edfico<\/h4>\n\n\n\n<p>Juan Agudo Torrico \u2013 Univ. de Sevilla<br>Lorenzo Alonso de la Sierra \u2013 Consejer\u00eda de educaci\u00f3n<br>Ana Aranda Bernal \u2013 Univ. Pablo de Olavide<br>Alfonso del Pozo \u2013 ETS. de Arquitectura. Sevilla&nbsp;<br>Gema Florido \u2013 Univ. del Pa\u00eds Vasco<br>Ram\u00f3n Guti\u00e9rrez \u2013 CEDODAL<br>Elodia Hern\u00e1ndez \u2013 Univ. Pablo de Olavide<br>Macarena Hern\u00e1ndez \u2013 Univ. Pablo de Olavide<br>Francisco J. Herrera \u2013 Univ. de Sevilla<br>Francisco Ollero \u2013 Univ. Pablo de Olavide<br>Guillermo Pav\u00f3n \u2013 ETS. de Arquitectura. Sevilla&nbsp;<br>V\u00edctor P\u00e9rez Escolano \u2013 ETS. de Arquitectura. Sevilla<br>Fernando Quiles \u2013 Univ. Pablo de Olavide&nbsp;<br>Magdalena Torres \u2013 Consejer\u00eda de Obras P\u00fablicas<br>Graciela M. Vi\u00f1uales \u2013 CEDODAL<\/p>\n\n\n\n<h4>Comit\u00e9 Ejecutivo<\/h4>\n\n\n\n<p>Fernando Quiles. Coordinador&nbsp;<br>Ana Aranda Bernal. Secretaria<br>Francisco Ollero Lobato. Secretario<br>Arsenio Moreno Mendoza&nbsp;<br>Ram\u00f3n Guti\u00e9rrez&nbsp;<br>Graciela Vi\u00f1uales<br>Jos\u00e9 Manuel Almansa Moreno<\/p>\n\n\n\n<h4>Secretar\u00eda T\u00e9cnica<\/h4>\n\n\n\n<p>Francisco Hidalgo &#8211; Olavide en Carmona<\/p>\n\n\n\n<h4><a href=\"https:\/\/www.upo.es\/area-historia-arte\/wp-content\/uploads\/2019\/04\/Triptico.pdf\">Tr\u00edptico<\/a><\/h4>\n\n\n\n<h3>Ponencias<\/h3>\n\n\n\n<p><a href=\"https:\/\/www.upo.es\/area-historia-arte\/wp-content\/uploads\/2019\/04\/Juan_Agudo_Torrico_Arquitectura_tradicional._Mercado_y_discusos_identitarios.pdf\">Arquitectura tradicional. Mercado y discursos identitarios<\/a>. Juan Agudo Torrico. Universidad de Sevilla. Espa\u00f1a<a href=\"https:\/\/www.upo.es\/area-historia-arte\/wp-content\/uploads\/2019\/04\/Juan_Agudo_Torrico_Arquitectura_tradicional._Mercado_y_discusos_identitarios.pdf\">&nbsp;<\/a><\/p>\n\n\n\n<p><a href=\"https:\/\/www.upo.es\/area-historia-arte\/wp-content\/uploads\/2019\/04\/Fernando_Quiles_Arquitectura_con_pasado._Formas_sin_futuro.pdf\">Arquitectura con pasado. Formas sin futuro .<\/a> Fernando Quiles Garc\u00eda. Universidad Pablo de Olavide. Sevilla. Espa\u00f1a<\/p>\n\n\n\n<p><a href=\"https:\/\/www.upo.es\/area-historia-arte\/wp-content\/uploads\/2019\/04\/Pablo_Dianez_Rubio_Mas_alla_de_identificacion._Interpretar_la_arquitectura_vernacula.pdf\">M\u00e1s all\u00e1 de identificaci\u00f3n. Interpretar la arquitectura vern\u00e1cula.<\/a> Pablo Di\u00e1\u00f1ez Rubio. Universidad de Sevilla. Espa\u00f1a<\/p>\n\n\n\n<p><a href=\"https:\/\/www.upo.es\/area-historia-arte\/wp-content\/uploads\/2019\/04\/Graciela_Vinuales_Arquitectura_Vernacula_en_Iberoamerica.Historia_y_persistencias.pdf\">Arquitectura Vern\u00e1cula en Iberoam\u00e9rica. Historia y persistencias.<\/a> Graciela Mar\u00eda Vi\u00f1uales. Conicet. Argentina<\/p>\n\n\n\n<p><\/p>\n\n\n\n<p><a href=\"https:\/\/www.upo.es\/area-historia-arte\/comunicaciones\/\"><strong>COMUNICACIONES<\/strong><\/a><\/p>\n\n\n\n<p>Editores: Ana Mar\u00eda Aranda Bernal, Francisco Ollero Lobato, Fernando Quiles Garc\u00eda, Rafael Rodr\u00edguez-Varo Roales<\/p>\n","protected":false},"excerpt":{"rendered":"<p>I Congreso Internacional de Arquitectura Vern\u00e1cula en el Mundo Ib\u00e9rico Fecha: 26-28 de octubre de 2005 Lugar: Carmona (Sevilla) Presentaci\u00f3n[&#8230;]<\/p>\n","protected":false},"author":1,"featured_media":0,"parent":0,"menu_order":0,"comment_status":"closed","ping_status":"closed","template":"template-fullwidth.php","meta":[],"_links":{"self":[{"href":"https:\/\/www.upo.es\/area-historia-arte\/wp-json\/wp\/v2\/pages\/729"}],"collection":[{"href":"https:\/\/www.upo.es\/area-historia-arte\/wp-json\/wp\/v2\/pages"}],"about":[{"href":"https:\/\/www.upo.es\/area-historia-arte\/wp-json\/wp\/v2\/types\/page"}],"author":[{"embeddable":true,"href":"https:\/\/www.upo.es\/area-historia-arte\/wp-json\/wp\/v2\/users\/1"}],"replies":[{"embeddable":true,"href":"https:\/\/www.upo.es\/area-historia-arte\/wp-json\/wp\/v2\/comments?post=729"}],"version-history":[{"count":6,"href":"https:\/\/www.upo.es\/area-historia-arte\/wp-json\/wp\/v2\/pages\/729\/revisions"}],"predecessor-version":[{"id":2079,"href":"https:\/\/www.upo.es\/area-historia-arte\/wp-json\/wp\/v2\/pages\/729\/revisions\/2079"}],"wp:attachment":[{"href":"https:\/\/www.upo.es\/area-historia-arte\/wp-json\/wp\/v2\/media?parent=729"}],"curies":[{"name":"wp","href":"https:\/\/api.w.org\/{rel}","templated":true}]}}