{"id":77,"date":"2019-03-26T16:56:04","date_gmt":"2019-03-26T15:56:04","guid":{"rendered":"https:\/\/www.upo.es\/area-historia-arte\/?page_id=77"},"modified":"2020-03-16T19:29:02","modified_gmt":"2020-03-16T18:29:02","slug":"doctorado","status":"publish","type":"page","link":"https:\/\/www.upo.es\/area-historia-arte\/postgrado\/doctorado\/","title":{"rendered":"Programa de Doctorado"},"content":{"rendered":"\n<h4 class=\"has-text-align-left\"><a href=\"https:\/\/www.upo.es\/area-historia-arte\/tesis-doctorales-defendidas\/\">Tesis doctorales<\/a><\/h4>\n\n\n\n<h4><strong><a rel=\"noreferrer noopener\" aria-label=\"DEA. Trabajos de investigaci\u00f3n (se abre en una nueva pesta\u00f1a)\" href=\"https:\/\/www.upo.es\/area-historia-arte\/dea-trabajos-de-investigacion\/\" target=\"_blank\">DEA. Trabajos de investigaci\u00f3n<\/a><\/strong><\/h4>\n\n\n\n<p>______________________________________________________________________________________________<\/p>\n\n\n\n<h4><strong><em>2013 &#8211; actualidad<\/em><\/strong><\/h4>\n\n\n\n<p>Programa de Doctorado en <strong>Historia y Estudios Human\u00edsticos: Europa, Am\u00e9rica, Arte y Lenguas &nbsp;&nbsp;&nbsp;&nbsp;&nbsp;&nbsp;&nbsp; <\/strong><\/p>\n\n\n\n<p>L\u00edneas de investigaci\u00f3n gestionadas por el \u00c1rea de Historia del Arte:<\/p>\n\n\n\n<ul><li>Tutela, Protecci\u00f3n, Gesti\u00f3n y Puesta en Valor del Patrimonio Hist\u00f3rico<\/li><li>Historia del Arte y de la Arquitectura en el Mundo Hisp\u00e1nico<\/li><\/ul>\n\n\n\n<p class=\"has-text-align-left\"><a href=\"https:\/\/www.upo.es\/postgrado\/Doctorado-Historia-y-Estudios-Humanisticos-Europa-America-Arte-y-Lenguas\">Web del Centro de Estudios de Posgrado (CEDEP) con toda la informaci\u00f3n referente a nuestro Programa de Doctorado<\/a><\/p>\n\n\n\n<p>______________________________________________________________________________________________<\/p>\n\n\n\n<h4><strong><em>2004 &#8211; 2012<\/em><\/strong><\/h4>\n\n\n\n<p>Programa de Doctorado en <strong>Historia del Arte y Gesti\u00f3n Cultural en el Mundo Hisp\u00e1nico<\/strong><\/p>\n\n\n\n<ul><li><a href=\"https:\/\/www.upo.es\/area-historia-arte\/wp-content\/uploads\/2019\/04\/Doctorado_en_Historia_del_Arte_y_Gestion_Cultural_en_el_Mundo_Hispanico_2008-2010.pdf\">2008 &#8211; 2010<\/a><\/li><li><a href=\"https:\/\/www.upo.es\/area-historia-arte\/wp-content\/uploads\/2019\/04\/Doctorado_en_Historia_del_Arte_y_Gestion_Cultural_en_el_Mundo_Hispanico_2007-2008.pdf\">2007 &#8211; 2008<\/a><\/li><li><a href=\"https:\/\/www.upo.es\/area-historia-arte\/wp-content\/uploads\/2019\/04\/Doctorado_en_Historia_del_Arte_y_Gestion_Cultural_en_el_Mundo_Hispanico_2004-2006.pdf\">2004 &#8211; 2006<\/a><\/li><\/ul>\n\n\n\n<p>______________________________________________________________________________________________<\/p>\n\n\n\n<h4><em><strong>2002 &#8211; 2004<\/strong><\/em><\/h4>\n\n\n\n<ul><li><a href=\"https:\/\/www.upo.es\/area-historia-arte\/wp-content\/uploads\/2019\/06\/Doctorado_en_Gestion_del_Patrimonio_Historico_2002-2004.pdf\">Programa de Doctorado en Gesti\u00f3n del Patrimonio Hist\u00f3rico<\/a><\/li><li><a href=\"https:\/\/www.upo.es\/area-historia-arte\/wp-content\/uploads\/2019\/04\/Doctorado_en_Historia_del_Arte_y_la_Arquitectura_en_Iberoamerica_2002-2004.pdf\">Programa de Doctorado en Historia del Arte y Arquitectura en Iberoam\u00e9rica<\/a><\/li><\/ul>\n\n\n\n<p>______________________________________________________________________________________________<\/p>\n\n\n\n<h4><\/h4>\n\n\n\n<p><\/p>\n","protected":false},"excerpt":{"rendered":"<p>Tesis doctorales DEA. Trabajos de investigaci\u00f3n ______________________________________________________________________________________________ 2013 &#8211; actualidad Programa de Doctorado en Historia y Estudios Human\u00edsticos: Europa, Am\u00e9rica,[&#8230;]<\/p>\n","protected":false},"author":1,"featured_media":0,"parent":57,"menu_order":2,"comment_status":"closed","ping_status":"closed","template":"template-fullwidth.php","meta":[],"_links":{"self":[{"href":"https:\/\/www.upo.es\/area-historia-arte\/wp-json\/wp\/v2\/pages\/77"}],"collection":[{"href":"https:\/\/www.upo.es\/area-historia-arte\/wp-json\/wp\/v2\/pages"}],"about":[{"href":"https:\/\/www.upo.es\/area-historia-arte\/wp-json\/wp\/v2\/types\/page"}],"author":[{"embeddable":true,"href":"https:\/\/www.upo.es\/area-historia-arte\/wp-json\/wp\/v2\/users\/1"}],"replies":[{"embeddable":true,"href":"https:\/\/www.upo.es\/area-historia-arte\/wp-json\/wp\/v2\/comments?post=77"}],"version-history":[{"count":21,"href":"https:\/\/www.upo.es\/area-historia-arte\/wp-json\/wp\/v2\/pages\/77\/revisions"}],"predecessor-version":[{"id":2404,"href":"https:\/\/www.upo.es\/area-historia-arte\/wp-json\/wp\/v2\/pages\/77\/revisions\/2404"}],"up":[{"embeddable":true,"href":"https:\/\/www.upo.es\/area-historia-arte\/wp-json\/wp\/v2\/pages\/57"}],"wp:attachment":[{"href":"https:\/\/www.upo.es\/area-historia-arte\/wp-json\/wp\/v2\/media?parent=77"}],"curies":[{"name":"wp","href":"https:\/\/api.w.org\/{rel}","templated":true}]}}