{"id":808,"date":"2019-04-02T13:34:09","date_gmt":"2019-04-02T11:34:09","guid":{"rendered":"https:\/\/www.upo.es\/area-historia-arte\/?page_id=808"},"modified":"2019-07-17T18:54:20","modified_gmt":"2019-07-17T16:54:20","slug":"seminario-la-arquitectura-de-camaguey-y-su-gestion-patrimonial-el-caso-de-la-red-avi","status":"publish","type":"page","link":"https:\/\/www.upo.es\/area-historia-arte\/seminario-la-arquitectura-de-camaguey-y-su-gestion-patrimonial-el-caso-de-la-red-avi\/","title":{"rendered":"Seminario La arquitectura de Camag\u00fcey y su gesti\u00f3n patrimonial. El caso de la Red Avi"},"content":{"rendered":"\n<p style=\"text-align:center\"><\/p>\n\n\n\n<div class=\"wp-block-image\"><figure class=\"aligncenter is-resized\"><img loading=\"lazy\" src=\"https:\/\/www.upo.es\/area-historia-arte\/wp-content\/uploads\/2019\/06\/Captura-de-pantalla-2019-06-17-a-las-13.54.39.png\" alt=\"\" class=\"wp-image-1550\" width=\"410\" height=\"571\" srcset=\"https:\/\/www.upo.es\/area-historia-arte\/wp-content\/uploads\/2019\/06\/Captura-de-pantalla-2019-06-17-a-las-13.54.39.png 487w, https:\/\/www.upo.es\/area-historia-arte\/wp-content\/uploads\/2019\/06\/Captura-de-pantalla-2019-06-17-a-las-13.54.39-215x300.png 215w\" sizes=\"(max-width: 410px) 100vw, 410px\" \/><\/figure><\/div>\n\n\n\n<p style=\"text-align:center\">Seminario La arquitectura de Camag\u00fcey y su gesti\u00f3n patrimonial. El caso de la Red Avi<\/p>\n\n\n\n<p style=\"text-align:center\"><strong>Fecha<\/strong>: 8, 9 y 10 de agosto de 2012<\/p>\n\n\n\n<p style=\"text-align:center\"><strong>Lugar<\/strong>: Universidad de Buenos Aires, Argentina<\/p>\n\n\n\n<p>Seminario \u00abLa arquitectura de Camag\u00fcey y su Gesti\u00f3n Patrimonial. El Caso de la RED AVI\u00bb, organizado por la Carrera de Especializaci\u00f3n en Gesti\u00f3n del Patrimonio Cultural, de la Secretar\u00eda de Posgrado de la Facultad de Arquitectura, Dise\u00f1o y Urbanismo (UBA). Cuenta con el auspicio de la Agencia Espa\u00f1ola de Cooperaci\u00f3n Internacional para el Desarrollo (AECID), la Universidad Pablo de Olavide (Sevilla) y la Red de Arquitectura Vern\u00e1cula Iberoamericana (Red AVI).<\/p>\n\n\n\n<p>Facultad de Arquitectura, Dise\u00f1o y Urbanismo, Universidad de Buenos Aires<br>9, 10 y 11 de agosto de 2012<br>Dr. Henry Mazorra Acosta<br><\/p>\n\n\n\n<p>Horario: 18:00 a 21:30 h; s\u00e1bado de 9:30 a 12:30 h<\/p>\n\n\n\n<p><strong>Organizado por<\/strong> la Carrera de Especializaci\u00f3n en Gesti\u00f3n del Patrimonio Cultural. Directora: Lyliam Albuquerque. Secretar\u00eda de Posgrado. Facultural de Arquitectura. Dise\u00f1o y Urbanismo. Universidad de Buenos Aires.<\/p>\n\n\n\n<p><strong>Informes e inscripci\u00f3n<br><\/strong>Secretar\u00eda de Posgrado, 4\u00ba Piso FADU<br>Contacto: gpc@fadu.uba.ar<\/p>\n\n\n\n<p><a href=\"https:\/\/www.upo.es\/area-historia-arte\/wp-content\/uploads\/2019\/04\/Seminario_La_arquitectura_de_Camaguey_y_su_gestion_patrimonial_El_caso_de_la_RED_AVI_UBA_2012.jpg\">PROGRAMA<\/a><\/p>\n","protected":false},"excerpt":{"rendered":"<p>Seminario La arquitectura de Camag\u00fcey y su gesti\u00f3n patrimonial. El caso de la Red Avi Fecha: 8, 9 y 10[&#8230;]<\/p>\n","protected":false},"author":1,"featured_media":0,"parent":0,"menu_order":0,"comment_status":"closed","ping_status":"closed","template":"template-fullwidth.php","meta":[],"_links":{"self":[{"href":"https:\/\/www.upo.es\/area-historia-arte\/wp-json\/wp\/v2\/pages\/808"}],"collection":[{"href":"https:\/\/www.upo.es\/area-historia-arte\/wp-json\/wp\/v2\/pages"}],"about":[{"href":"https:\/\/www.upo.es\/area-historia-arte\/wp-json\/wp\/v2\/types\/page"}],"author":[{"embeddable":true,"href":"https:\/\/www.upo.es\/area-historia-arte\/wp-json\/wp\/v2\/users\/1"}],"replies":[{"embeddable":true,"href":"https:\/\/www.upo.es\/area-historia-arte\/wp-json\/wp\/v2\/comments?post=808"}],"version-history":[{"count":5,"href":"https:\/\/www.upo.es\/area-historia-arte\/wp-json\/wp\/v2\/pages\/808\/revisions"}],"predecessor-version":[{"id":2075,"href":"https:\/\/www.upo.es\/area-historia-arte\/wp-json\/wp\/v2\/pages\/808\/revisions\/2075"}],"wp:attachment":[{"href":"https:\/\/www.upo.es\/area-historia-arte\/wp-json\/wp\/v2\/media?parent=808"}],"curies":[{"name":"wp","href":"https:\/\/api.w.org\/{rel}","templated":true}]}}

Seminario La arquitectura de Camagüey y su gestión patrimonial. El caso de la Red Avi

<p style="text-align:center"></p>



<div class="wp-block-image"><figure class="aligncenter is-resized"><img loading="lazy" src="https://www.upo.es/area-historia-arte/wp-content/uploads/2019/06/Captura-de-pantalla-2019-06-17-a-las-13.54.39.png" alt="" class="wp-image-1550" width="410" height="571" srcset="https://www.upo.es/area-historia-arte/wp-content/uploads/2019/06/Captura-de-pantalla-2019-06-17-a-las-13.54.39.png 487w, https://www.upo.es/area-historia-arte/wp-content/uploads/2019/06/Captura-de-pantalla-2019-06-17-a-las-13.54.39-215x300.png 215w" sizes="(max-width: 410px) 100vw, 410px" /></figure></div>



<p style="text-align:center">Seminario La arquitectura de Camagüey y su gestión patrimonial. El caso de la Red Avi</p>



<p style="text-align:center"><strong>Fecha</strong>: 8, 9 y 10 de agosto de 2012</p>



<p style="text-align:center"><strong>Lugar</strong>: Universidad de Buenos Aires, Argentina</p>



<p>Seminario «La arquitectura de Camagüey y su Gestión Patrimonial. El Caso de la RED AVI», organizado por la Carrera de Especialización en Gestión del Patrimonio Cultural, de la Secretaría de Posgrado de la Facultad de Arquitectura, Diseño y Urbanismo (UBA). Cuenta con el auspicio de la Agencia Española de Cooperación Internacional para el Desarrollo (AECID), la Universidad Pablo de Olavide (Sevilla) y la Red de Arquitectura Vernácula Iberoamericana (Red AVI).</p>



<p>Facultad de Arquitectura, Diseño y Urbanismo, Universidad de Buenos Aires<br>9, 10 y 11 de agosto de 2012<br>Dr. Henry Mazorra Acosta<br></p>



<p>Horario: 18:00 a 21:30 h; sábado de 9:30 a 12:30 h</p>



<p><strong>Organizado por</strong> la Carrera de Especialización en Gestión del Patrimonio Cultural. Directora: Lyliam Albuquerque. Secretaría de Posgrado. Facultural de Arquitectura. Diseño y Urbanismo. Universidad de Buenos Aires.</p>



<p><strong>Informes e inscripción<br></strong>Secretaría de Posgrado, 4º Piso FADU<br>Contacto: gpc@fadu.uba.ar</p>



<p><a href="https://www.upo.es/area-historia-arte/wp-content/uploads/2019/04/Seminario_La_arquitectura_de_Camaguey_y_su_gestion_patrimonial_El_caso_de_la_RED_AVI_UBA_2012.jpg">PROGRAMA</a></p>

<p>Seminario La arquitectura de Camagüey y su gestión patrimonial. El caso de la Red Avi Fecha: 8, 9 y 10[&#8230;]</p>
