{"id":927,"date":"2019-05-13T12:28:49","date_gmt":"2019-05-13T10:28:49","guid":{"rendered":"https:\/\/www.upo.es\/area-historia-arte\/?page_id=927"},"modified":"2019-07-19T09:06:56","modified_gmt":"2019-07-19T07:06:56","slug":"1-y-2-de-abril-seminario-bienes-culturales-en-america-latina-gestion-investigacion-conservacion","status":"publish","type":"page","link":"https:\/\/www.upo.es\/area-historia-arte\/1-y-2-de-abril-seminario-bienes-culturales-en-america-latina-gestion-investigacion-conservacion\/","title":{"rendered":"Seminario \u00abBienes culturales en Am\u00e9rica Latina. Gesti\u00f3n, investigaci\u00f3n, conservaci\u00f3n\u00bb"},"content":{"rendered":"\n<p><\/p>\n\n\n\n<div class=\"wp-block-image\"><figure class=\"aligncenter is-resized\"><img loading=\"lazy\" src=\"https:\/\/www.upo.es\/area-historia-arte\/wp-content\/uploads\/2019\/05\/cartel-bienBIENES-CULTURALES-EN-AM\u00c9RICA-LATINA.-GESTI\u00d3N-INVESTIGACI\u00d3N-CONSERVACI\u00d3N_page-0001-724x1024.jpg\" alt=\"\" class=\"wp-image-1036\" width=\"429\" height=\"607\" srcset=\"https:\/\/www.upo.es\/area-historia-arte\/wp-content\/uploads\/2019\/05\/cartel-bienBIENES-CULTURALES-EN-AM\u00c9RICA-LATINA.-GESTI\u00d3N-INVESTIGACI\u00d3N-CONSERVACI\u00d3N_page-0001-724x1024.jpg 724w, https:\/\/www.upo.es\/area-historia-arte\/wp-content\/uploads\/2019\/05\/cartel-bienBIENES-CULTURALES-EN-AM\u00c9RICA-LATINA.-GESTI\u00d3N-INVESTIGACI\u00d3N-CONSERVACI\u00d3N_page-0001-212x300.jpg 212w, https:\/\/www.upo.es\/area-historia-arte\/wp-content\/uploads\/2019\/05\/cartel-bienBIENES-CULTURALES-EN-AM\u00c9RICA-LATINA.-GESTI\u00d3N-INVESTIGACI\u00d3N-CONSERVACI\u00d3N_page-0001-768x1086.jpg 768w, https:\/\/www.upo.es\/area-historia-arte\/wp-content\/uploads\/2019\/05\/cartel-bienBIENES-CULTURALES-EN-AM\u00c9RICA-LATINA.-GESTI\u00d3N-INVESTIGACI\u00d3N-CONSERVACI\u00d3N_page-0001.jpg 1241w\" sizes=\"(max-width: 429px) 100vw, 429px\" \/><\/figure><\/div>\n\n\n\n<p style=\"text-align:center\">Seminario \u00abBienes Culturales en Am\u00e9rica Latina. Gesti\u00f3n, investigaci\u00f3n, conservaci\u00f3n\u00bb<\/p>\n\n\n\n<p style=\"text-align:center\"><strong>Fecha<\/strong>: 1 y 2 de abril de 2019<\/p>\n\n\n\n<p style=\"text-align:center\"><strong>Lugar<\/strong>: Sala de Grados I, planta baja, Edificio 25 &#8211; Sala de Grados, Edificio 6 &#8211; Sala de Teleconferencias, Edificio 6, Universidad Pablo de Olavide, Sevilla<\/p>\n\n\n\n<p><strong>Coordinaci\u00f3n acad\u00e9mica:<\/strong><\/p>\n\n\n\n<p>Francisco Ollero Lobato y Pilar Ortiz Calder\u00f3n (Universidad Pablo de Olavide)<\/p>\n\n\n\n<p><strong>Organizan:<\/strong><\/p>\n\n\n\n<ul><li>Departamento de Geograf\u00eda, Historia y Filosof\u00eda de la Universidad Pablo de Olavide <\/li><li>Departamento de Sistema F\u00edsicos, Qu\u00edmicos y Naturales de la Universidad Pablo de Olavide<\/li><li>Programa de Doctorado Historia y Estudios Human\u00edsticos. Europa, Am\u00e9rica, Arte y Lenguas<\/li><li>M\u00e1ster universitario en Diagn\u00f3stico del Estado de Conservaci\u00f3n del Patrimonio Hist\u00f3rico<\/li><li>M\u00e1ster universitario en Arte, Museos y Gesti\u00f3n del Patrimonio Hist\u00f3rico<\/li><\/ul>\n\n\n\n<p><a href=\"https:\/\/www.upo.es\/area-historia-arte\/wp-content\/uploads\/2019\/05\/programa-BIEENS-CULTURALES.pdf\">Programa<\/a> y <a href=\"https:\/\/www.upo.es\/area-historia-arte\/wp-content\/uploads\/2019\/05\/cartel-bienBIENES-CULTURALES-EN-AME\u0301RICA-LATINA.-GESTIO\u0301N-INVESTIGACIO\u0301N-CONSERVACIO\u0301N.pdf\">Cartel<\/a><\/p>\n","protected":false},"excerpt":{"rendered":"<p>Seminario \u00abBienes Culturales en Am\u00e9rica Latina. Gesti\u00f3n, investigaci\u00f3n, conservaci\u00f3n\u00bb Fecha: 1 y 2 de abril de 2019 Lugar: Sala de[&#8230;]<\/p>\n","protected":false},"author":1,"featured_media":0,"parent":0,"menu_order":0,"comment_status":"closed","ping_status":"closed","template":"template-fullwidth.php","meta":[],"_links":{"self":[{"href":"https:\/\/www.upo.es\/area-historia-arte\/wp-json\/wp\/v2\/pages\/927"}],"collection":[{"href":"https:\/\/www.upo.es\/area-historia-arte\/wp-json\/wp\/v2\/pages"}],"about":[{"href":"https:\/\/www.upo.es\/area-historia-arte\/wp-json\/wp\/v2\/types\/page"}],"author":[{"embeddable":true,"href":"https:\/\/www.upo.es\/area-historia-arte\/wp-json\/wp\/v2\/users\/1"}],"replies":[{"embeddable":true,"href":"https:\/\/www.upo.es\/area-historia-arte\/wp-json\/wp\/v2\/comments?post=927"}],"version-history":[{"count":10,"href":"https:\/\/www.upo.es\/area-historia-arte\/wp-json\/wp\/v2\/pages\/927\/revisions"}],"predecessor-version":[{"id":2180,"href":"https:\/\/www.upo.es\/area-historia-arte\/wp-json\/wp\/v2\/pages\/927\/revisions\/2180"}],"wp:attachment":[{"href":"https:\/\/www.upo.es\/area-historia-arte\/wp-json\/wp\/v2\/media?parent=927"}],"curies":[{"name":"wp","href":"https:\/\/api.w.org\/{rel}","templated":true}]}}

Seminario «Bienes culturales en América Latina. Gestión, investigación, conservación»

<p></p>



<div class="wp-block-image"><figure class="aligncenter is-resized"><img loading="lazy" src="https://www.upo.es/area-historia-arte/wp-content/uploads/2019/05/cartel-bienBIENES-CULTURALES-EN-AMÉRICA-LATINA.-GESTIÓN-INVESTIGACIÓN-CONSERVACIÓN_page-0001-724x1024.jpg" alt="" class="wp-image-1036" width="429" height="607" srcset="https://www.upo.es/area-historia-arte/wp-content/uploads/2019/05/cartel-bienBIENES-CULTURALES-EN-AMÉRICA-LATINA.-GESTIÓN-INVESTIGACIÓN-CONSERVACIÓN_page-0001-724x1024.jpg 724w, https://www.upo.es/area-historia-arte/wp-content/uploads/2019/05/cartel-bienBIENES-CULTURALES-EN-AMÉRICA-LATINA.-GESTIÓN-INVESTIGACIÓN-CONSERVACIÓN_page-0001-212x300.jpg 212w, https://www.upo.es/area-historia-arte/wp-content/uploads/2019/05/cartel-bienBIENES-CULTURALES-EN-AMÉRICA-LATINA.-GESTIÓN-INVESTIGACIÓN-CONSERVACIÓN_page-0001-768x1086.jpg 768w, https://www.upo.es/area-historia-arte/wp-content/uploads/2019/05/cartel-bienBIENES-CULTURALES-EN-AMÉRICA-LATINA.-GESTIÓN-INVESTIGACIÓN-CONSERVACIÓN_page-0001.jpg 1241w" sizes="(max-width: 429px) 100vw, 429px" /></figure></div>



<p style="text-align:center">Seminario «Bienes Culturales en América Latina. Gestión, investigación, conservación»</p>



<p style="text-align:center"><strong>Fecha</strong>: 1 y 2 de abril de 2019</p>



<p style="text-align:center"><strong>Lugar</strong>: Sala de Grados I, planta baja, Edificio 25 &#8211; Sala de Grados, Edificio 6 &#8211; Sala de Teleconferencias, Edificio 6, Universidad Pablo de Olavide, Sevilla</p>



<p><strong>Coordinación académica:</strong></p>



<p>Francisco Ollero Lobato y Pilar Ortiz Calderón (Universidad Pablo de Olavide)</p>



<p><strong>Organizan:</strong></p>



<ul><li>Departamento de Geografía, Historia y Filosofía de la Universidad Pablo de Olavide </li><li>Departamento de Sistema Físicos, Químicos y Naturales de la Universidad Pablo de Olavide</li><li>Programa de Doctorado Historia y Estudios Humanísticos. Europa, América, Arte y Lenguas</li><li>Máster universitario en Diagnóstico del Estado de Conservación del Patrimonio Histórico</li><li>Máster universitario en Arte, Museos y Gestión del Patrimonio Histórico</li></ul>



<p><a href="https://www.upo.es/area-historia-arte/wp-content/uploads/2019/05/programa-BIEENS-CULTURALES.pdf">Programa</a> y <a href="https://www.upo.es/area-historia-arte/wp-content/uploads/2019/05/cartel-bienBIENES-CULTURALES-EN-AMÉRICA-LATINA.-GESTIÓN-INVESTIGACIÓN-CONSERVACIÓN.pdf">Cartel</a></p>

<p>Seminario «Bienes Culturales en América Latina. Gestión, investigación, conservación» Fecha: 1 y 2 de abril de 2019 Lugar: Sala de[&#8230;]</p>
