{"id":2325,"date":"2021-02-09T14:28:59","date_gmt":"2021-02-09T13:28:59","guid":{"rendered":"https:\/\/www.upo.es\/biblioteca\/blog\/ciencia\/?page_id=2325"},"modified":"2021-03-08T18:14:35","modified_gmt":"2021-03-08T17:14:35","slug":"scopus-categorias","status":"publish","type":"page","link":"https:\/\/www.upo.es\/biblioteca\/blog\/ciencia\/scopus-categorias\/","title":{"rendered":"Scopus: \u00e1reas tem\u00e1ticas y categor\u00edas"},"content":{"rendered":"\n<p style=\"color:#fcb825\" class=\"has-text-color has-medium-font-size\"><strong>Article y review<\/strong><\/p>\n\n\n\n\n<table id=\"tablepress-65\" class=\"tablepress tablepress-id-65\">\n<thead>\n<tr class=\"row-1 odd\">\n\t<th class=\"column-1\">Categor\u00edas<\/th><th class=\"column-2\">N. trabajos Scopus<\/th><th class=\"column-3\">N. de citas<\/th><th class=\"column-4\">% Doc. citados<\/th><th class=\"column-5\">Impacto Normalizado (CROWN)<\/th><th class=\"column-6\">% Col. Intl.<\/th>\n<\/tr>\n<\/thead>\n<tbody class=\"row-hover\">\n<tr class=\"row-2 even\">\n\t<td class=\"column-1\">Social Sciences<\/td><td class=\"column-2\">661<\/td><td class=\"column-3\">2677<\/td><td class=\"column-4\">65,4<\/td><td class=\"column-5\">0,85<\/td><td class=\"column-6\">18,3<\/td>\n<\/tr>\n<tr class=\"row-3 odd\">\n\t<td class=\"column-1\">Biochemistry, Genetics and Molecular Biology<\/td><td class=\"column-2\">598<\/td><td class=\"column-3\">13075<\/td><td class=\"column-4\">95,3<\/td><td class=\"column-5\">1,39<\/td><td class=\"column-6\">57,4<\/td>\n<\/tr>\n<tr class=\"row-4 even\">\n\t<td class=\"column-1\">Medicine<\/td><td class=\"column-2\">494<\/td><td class=\"column-3\">6010<\/td><td class=\"column-4\">87,9<\/td><td class=\"column-5\">1,21<\/td><td class=\"column-6\">43,3<\/td>\n<\/tr>\n<tr class=\"row-5 odd\">\n\t<td class=\"column-1\">Agricultural and Biological Science<\/td><td class=\"column-2\">491<\/td><td class=\"column-3\">6361<\/td><td class=\"column-4\">95,5<\/td><td class=\"column-5\">1,43<\/td><td class=\"column-6\">59,1<\/td>\n<\/tr>\n<tr class=\"row-6 even\">\n\t<td class=\"column-1\">Environmental Science<\/td><td class=\"column-2\">313<\/td><td class=\"column-3\">4782<\/td><td class=\"column-4\">96,8<\/td><td class=\"column-5\">1,66<\/td><td class=\"column-6\">49,8<\/td>\n<\/tr>\n<tr class=\"row-7 odd\">\n\t<td class=\"column-1\">Arts and HumanitieS<\/td><td class=\"column-2\">288<\/td><td class=\"column-3\">634<\/td><td class=\"column-4\">51,7<\/td><td class=\"column-5\">0,93<\/td><td class=\"column-6\">13,2<\/td>\n<\/tr>\n<tr class=\"row-8 even\">\n\t<td class=\"column-1\">Chemistry<\/td><td class=\"column-2\">251<\/td><td class=\"column-3\">3574<\/td><td class=\"column-4\">95,2<\/td><td class=\"column-5\">1,22<\/td><td class=\"column-6\">52,2<\/td>\n<\/tr>\n<tr class=\"row-9 odd\">\n\t<td class=\"column-1\">Business, Management and Accounting<\/td><td class=\"column-2\">230<\/td><td class=\"column-3\">2456<\/td><td class=\"column-4\">87<\/td><td class=\"column-5\">1,34<\/td><td class=\"column-6\">27,4<\/td>\n<\/tr>\n<tr class=\"row-10 even\">\n\t<td class=\"column-1\">Health Professions<\/td><td class=\"column-2\">201<\/td><td class=\"column-3\">1969<\/td><td class=\"column-4\">82,1<\/td><td class=\"column-5\">1,32<\/td><td class=\"column-6\">33,8<\/td>\n<\/tr>\n<tr class=\"row-11 odd\">\n\t<td class=\"column-1\">Physics and Astronomy<\/td><td class=\"column-2\">167<\/td><td class=\"column-3\">7048<\/td><td class=\"column-4\">97<\/td><td class=\"column-5\">3,59<\/td><td class=\"column-6\">62,3<\/td>\n<\/tr>\n<tr class=\"row-12 even\">\n\t<td class=\"column-1\">Computer Science<\/td><td class=\"column-2\">150<\/td><td class=\"column-3\">2194<\/td><td class=\"column-4\">92,7<\/td><td class=\"column-5\">1,42<\/td><td class=\"column-6\">38<\/td>\n<\/tr>\n<tr class=\"row-13 odd\">\n\t<td class=\"column-1\">Multidisciplinary<\/td><td class=\"column-2\">137<\/td><td class=\"column-3\">2842<\/td><td class=\"column-4\">97,1<\/td><td class=\"column-5\">1,23<\/td><td class=\"column-6\">62<\/td>\n<\/tr>\n<tr class=\"row-14 even\">\n\t<td class=\"column-1\">Neuroscience<\/td><td class=\"column-2\">137<\/td><td class=\"column-3\">1752<\/td><td class=\"column-4\">93,4<\/td><td class=\"column-5\">1,07<\/td><td class=\"column-6\">48,9<\/td>\n<\/tr>\n<tr class=\"row-15 odd\">\n\t<td class=\"column-1\">Engineering<\/td><td class=\"column-2\">125<\/td><td class=\"column-3\">1347<\/td><td class=\"column-4\">88<\/td><td class=\"column-5\">1,22<\/td><td class=\"column-6\">36<\/td>\n<\/tr>\n<tr class=\"row-16 even\">\n\t<td class=\"column-1\">Mathematic<\/td><td class=\"column-2\">123<\/td><td class=\"column-3\">1349<\/td><td class=\"column-4\">81,3<\/td><td class=\"column-5\">1,21<\/td><td class=\"column-6\">45,5<\/td>\n<\/tr>\n<tr class=\"row-17 odd\">\n\t<td class=\"column-1\">Materials Science<\/td><td class=\"column-2\">119<\/td><td class=\"column-3\">2050<\/td><td class=\"column-4\">95<\/td><td class=\"column-5\">1,43<\/td><td class=\"column-6\">52,9<\/td>\n<\/tr>\n<tr class=\"row-18 even\">\n\t<td class=\"column-1\">Psychology<\/td><td class=\"column-2\">103<\/td><td class=\"column-3\">777<\/td><td class=\"column-4\">86,4<\/td><td class=\"column-5\">1,15<\/td><td class=\"column-6\">39,8<\/td>\n<\/tr>\n<tr class=\"row-19 odd\">\n\t<td class=\"column-1\">Earth and Planetary Sciences<\/td><td class=\"column-2\">101<\/td><td class=\"column-3\">5598<\/td><td class=\"column-4\">87,1<\/td><td class=\"column-5\">4,62<\/td><td class=\"column-6\">50,5<\/td>\n<\/tr>\n<tr class=\"row-20 even\">\n\t<td class=\"column-1\">Energy<\/td><td class=\"column-2\">101<\/td><td class=\"column-3\">1404<\/td><td class=\"column-4\">95,1<\/td><td class=\"column-5\">1,35<\/td><td class=\"column-6\">34,7<\/td>\n<\/tr>\n<tr class=\"row-21 odd\">\n\t<td class=\"column-1\">Immunology and Microbiology<\/td><td class=\"column-2\">91<\/td><td class=\"column-3\">1017<\/td><td class=\"column-4\">93,4<\/td><td class=\"column-5\">1,02<\/td><td class=\"column-6\">48,4<\/td>\n<\/tr>\n<tr class=\"row-22 even\">\n\t<td class=\"column-1\">Chemical Engineering<\/td><td class=\"column-2\">82<\/td><td class=\"column-3\">1381<\/td><td class=\"column-4\">90,2<\/td><td class=\"column-5\">1,37<\/td><td class=\"column-6\">45,1<\/td>\n<\/tr>\n<tr class=\"row-23 odd\">\n\t<td class=\"column-1\">Decision Science<\/td><td class=\"column-2\">70<\/td><td class=\"column-3\">802<\/td><td class=\"column-4\">87,1<\/td><td class=\"column-5\">1,52<\/td><td class=\"column-6\">42,9<\/td>\n<\/tr>\n<tr class=\"row-24 even\">\n\t<td class=\"column-1\">Nursing<\/td><td class=\"column-2\">65<\/td><td class=\"column-3\">530<\/td><td class=\"column-4\">81,5<\/td><td class=\"column-5\">0,84<\/td><td class=\"column-6\">26,2<\/td>\n<\/tr>\n<tr class=\"row-25 odd\">\n\t<td class=\"column-1\">Pharmacology, Toxicology and Pharmaceutics<\/td><td class=\"column-2\">51<\/td><td class=\"column-3\">596<\/td><td class=\"column-4\">94,1<\/td><td class=\"column-5\">1,12<\/td><td class=\"column-6\">39,2<\/td>\n<\/tr>\n<tr class=\"row-26 even\">\n\t<td class=\"column-1\">Veterinary<\/td><td class=\"column-2\">5<\/td><td class=\"column-3\">15<\/td><td class=\"column-4\">100<\/td><td class=\"column-5\">1,25<\/td><td class=\"column-6\">60<\/td>\n<\/tr>\n<\/tbody>\n<\/table>\n<!-- #tablepress-65 from cache -->\n\n\n\n<p style=\"color:#fcb825\" class=\"has-text-color has-medium-font-size\"><strong>Article, review, book, chapter, proceedings<\/strong><\/p>\n\n\n\n\n<table id=\"tablepress-66\" class=\"tablepress tablepress-id-66\">\n<thead>\n<tr class=\"row-1 odd\">\n\t<th class=\"column-1\">Categor\u00edas<\/th><th class=\"column-2\">N. trabajos Scopus<\/th><th class=\"column-3\">N. de citas<\/th><th class=\"column-4\">% Doc. citados<\/th><th class=\"column-5\">Impacto Normalizado (CROWN)<\/th><th class=\"column-6\">% Col. Intl.<\/th>\n<\/tr>\n<\/thead>\n<tbody class=\"row-hover\">\n<tr class=\"row-2 even\">\n\t<td class=\"column-1\">Social Sciences<\/td><td class=\"column-2\">713<\/td><td class=\"column-3\">2859<\/td><td class=\"column-4\">64,9<\/td><td class=\"column-5\">0,97<\/td><td class=\"column-6\">19,2<\/td>\n<\/tr>\n<tr class=\"row-3 odd\">\n\t<td class=\"column-1\">Biochemistry, Genetics and Molecular Biology<\/td><td class=\"column-2\">630<\/td><td class=\"column-3\">13179<\/td><td class=\"column-4\">94<\/td><td class=\"column-5\">1,39<\/td><td class=\"column-6\">55,9<\/td>\n<\/tr>\n<tr class=\"row-4 even\">\n\t<td class=\"column-1\">Medicine<\/td><td class=\"column-2\">520<\/td><td class=\"column-3\">6047<\/td><td class=\"column-4\">85,2<\/td><td class=\"column-5\">1,21<\/td><td class=\"column-6\">42,7<\/td>\n<\/tr>\n<tr class=\"row-5 odd\">\n\t<td class=\"column-1\">Agricultural and Biological Science<\/td><td class=\"column-2\">505<\/td><td class=\"column-3\">6395<\/td><td class=\"column-4\">94,3<\/td><td class=\"column-5\">1,43<\/td><td class=\"column-6\">57,6<\/td>\n<\/tr>\n<tr class=\"row-6 even\">\n\t<td class=\"column-1\">Environmental Science<\/td><td class=\"column-2\">327<\/td><td class=\"column-3\">4800<\/td><td class=\"column-4\">94,2<\/td><td class=\"column-5\">1,63<\/td><td class=\"column-6\">48,9<\/td>\n<\/tr>\n<tr class=\"row-7 odd\">\n\t<td class=\"column-1\">Arts and HumanitieS<\/td><td class=\"column-2\">317<\/td><td class=\"column-3\">761<\/td><td class=\"column-4\">51,7<\/td><td class=\"column-5\">1,11<\/td><td class=\"column-6\">14,8<\/td>\n<\/tr>\n<tr class=\"row-8 even\">\n\t<td class=\"column-1\">Business, Management and Accounting<\/td><td class=\"column-2\">260<\/td><td class=\"column-3\">2482<\/td><td class=\"column-4\">81,2<\/td><td class=\"column-5\">1,27<\/td><td class=\"column-6\">28,9<\/td>\n<\/tr>\n<tr class=\"row-9 odd\">\n\t<td class=\"column-1\">Chemistry<\/td><td class=\"column-2\">255<\/td><td class=\"column-3\">3578<\/td><td class=\"column-4\">94,9<\/td><td class=\"column-5\">1,21<\/td><td class=\"column-6\">52,2<\/td>\n<\/tr>\n<tr class=\"row-10 even\">\n\t<td class=\"column-1\">Computer Science<\/td><td class=\"column-2\">241<\/td><td class=\"column-3\">2566<\/td><td class=\"column-4\">84,2<\/td><td class=\"column-5\">1,47<\/td><td class=\"column-6\">40,7<\/td>\n<\/tr>\n<tr class=\"row-11 odd\">\n\t<td class=\"column-1\">Health Professions<\/td><td class=\"column-2\">203<\/td><td class=\"column-3\">1969<\/td><td class=\"column-4\">81,3<\/td><td class=\"column-5\">1,31<\/td><td class=\"column-6\">33,5<\/td>\n<\/tr>\n<tr class=\"row-12 even\">\n\t<td class=\"column-1\">Engineering<\/td><td class=\"column-2\">178<\/td><td class=\"column-3\">1591<\/td><td class=\"column-4\">82,6<\/td><td class=\"column-5\">1,44<\/td><td class=\"column-6\">38,2<\/td>\n<\/tr>\n<tr class=\"row-13 odd\">\n\t<td class=\"column-1\">Mathematic<\/td><td class=\"column-2\">174<\/td><td class=\"column-3\">1546<\/td><td class=\"column-4\">78,7<\/td><td class=\"column-5\">1,32<\/td><td class=\"column-6\">43,1<\/td>\n<\/tr>\n<tr class=\"row-14 even\">\n\t<td class=\"column-1\">Physics and Astronomy<\/td><td class=\"column-2\">170<\/td><td class=\"column-3\">7052<\/td><td class=\"column-4\">96,5<\/td><td class=\"column-5\">3,55<\/td><td class=\"column-6\">62,9<\/td>\n<\/tr>\n<tr class=\"row-15 odd\">\n\t<td class=\"column-1\">Neuroscience<\/td><td class=\"column-2\">139<\/td><td class=\"column-3\">1756<\/td><td class=\"column-4\">93,5<\/td><td class=\"column-5\">1,07<\/td><td class=\"column-6\">48,9<\/td>\n<\/tr>\n<tr class=\"row-16 even\">\n\t<td class=\"column-1\">Multidisciplinary<\/td><td class=\"column-2\">137<\/td><td class=\"column-3\">2842<\/td><td class=\"column-4\">97,1<\/td><td class=\"column-5\">1,23<\/td><td class=\"column-6\">62<\/td>\n<\/tr>\n<tr class=\"row-17 odd\">\n\t<td class=\"column-1\">Materials Science<\/td><td class=\"column-2\">122<\/td><td class=\"column-3\">2052<\/td><td class=\"column-4\">93,4<\/td><td class=\"column-5\">1,41<\/td><td class=\"column-6\">53,3<\/td>\n<\/tr>\n<tr class=\"row-18 even\">\n\t<td class=\"column-1\">Psychology<\/td><td class=\"column-2\">111<\/td><td class=\"column-3\">794<\/td><td class=\"column-4\">82<\/td><td class=\"column-5\">1,15<\/td><td class=\"column-6\">39,6<\/td>\n<\/tr>\n<tr class=\"row-19 odd\">\n\t<td class=\"column-1\">Energy<\/td><td class=\"column-2\">109<\/td><td class=\"column-3\">1404<\/td><td class=\"column-4\">88,1<\/td><td class=\"column-5\">1,25<\/td><td class=\"column-6\">32,1<\/td>\n<\/tr>\n<tr class=\"row-20 even\">\n\t<td class=\"column-1\">Earth and Planetary Sciences<\/td><td class=\"column-2\">108<\/td><td class=\"column-3\">5612<\/td><td class=\"column-4\">85,2<\/td><td class=\"column-5\">4,41<\/td><td class=\"column-6\">50<\/td>\n<\/tr>\n<tr class=\"row-21 odd\">\n\t<td class=\"column-1\">Immunology and Microbiology<\/td><td class=\"column-2\">93<\/td><td class=\"column-3\">1024<\/td><td class=\"column-4\">92,5<\/td><td class=\"column-5\">1,18<\/td><td class=\"column-6\">48,4<\/td>\n<\/tr>\n<tr class=\"row-22 even\">\n\t<td class=\"column-1\">Decision Science<\/td><td class=\"column-2\">92<\/td><td class=\"column-3\">854<\/td><td class=\"column-4\">82,6<\/td><td class=\"column-5\">1,46<\/td><td class=\"column-6\">45,7<\/td>\n<\/tr>\n<tr class=\"row-23 odd\">\n\t<td class=\"column-1\">Chemical Engineering<\/td><td class=\"column-2\">84<\/td><td class=\"column-3\">1381<\/td><td class=\"column-4\">88,1<\/td><td class=\"column-5\">1,34<\/td><td class=\"column-6\">44,1<\/td>\n<\/tr>\n<tr class=\"row-24 even\">\n\t<td class=\"column-1\">Nursing<\/td><td class=\"column-2\">66<\/td><td class=\"column-3\">530<\/td><td class=\"column-4\">80,3<\/td><td class=\"column-5\">0,83<\/td><td class=\"column-6\">25,8<\/td>\n<\/tr>\n<tr class=\"row-25 odd\">\n\t<td class=\"column-1\">Pharmacology, Toxicology and Pharmaceutics<\/td><td class=\"column-2\">51<\/td><td class=\"column-3\">596<\/td><td class=\"column-4\">94,1<\/td><td class=\"column-5\">1,12<\/td><td class=\"column-6\">39,2<\/td>\n<\/tr>\n<tr class=\"row-26 even\">\n\t<td class=\"column-1\">Veterinary<\/td><td class=\"column-2\">5<\/td><td class=\"column-3\">15<\/td><td class=\"column-4\">100<\/td><td class=\"column-5\">1,25<\/td><td class=\"column-6\">60<\/td>\n<\/tr>\n<\/tbody>\n<\/table>\n<!-- #tablepress-66 from cache -->\n","protected":false},"excerpt":{"rendered":"<p>Article y review Article, review, book, chapter, proceedings<\/p>\n","protected":false},"author":5,"featured_media":0,"parent":0,"menu_order":0,"comment_status":"closed","ping_status":"closed","template":"","meta":[],"uagb_featured_image_src":{"full":false,"thumbnail":false,"medium":false,"medium_large":false,"large":false,"1536x1536":false,"2048x2048":false},"uagb_author_info":{"display_name":"Carmen Utrera Bonet","author_link":"https:\/\/www.upo.es\/biblioteca\/blog\/ciencia\/author\/mcutrbon\/"},"uagb_comment_info":0,"uagb_excerpt":"Article y review Article, review, book, chapter, proceedings","_links":{"self":[{"href":"https:\/\/www.upo.es\/biblioteca\/blog\/ciencia\/wp-json\/wp\/v2\/pages\/2325"}],"collection":[{"href":"https:\/\/www.upo.es\/biblioteca\/blog\/ciencia\/wp-json\/wp\/v2\/pages"}],"about":[{"href":"https:\/\/www.upo.es\/biblioteca\/blog\/ciencia\/wp-json\/wp\/v2\/types\/page"}],"author":[{"embeddable":true,"href":"https:\/\/www.upo.es\/biblioteca\/blog\/ciencia\/wp-json\/wp\/v2\/users\/5"}],"replies":[{"embeddable":true,"href":"https:\/\/www.upo.es\/biblioteca\/blog\/ciencia\/wp-json\/wp\/v2\/comments?post=2325"}],"version-history":[{"count":4,"href":"https:\/\/www.upo.es\/biblioteca\/blog\/ciencia\/wp-json\/wp\/v2\/pages\/2325\/revisions"}],"predecessor-version":[{"id":3858,"href":"https:\/\/www.upo.es\/biblioteca\/blog\/ciencia\/wp-json\/wp\/v2\/pages\/2325\/revisions\/3858"}],"wp:attachment":[{"href":"https:\/\/www.upo.es\/biblioteca\/blog\/ciencia\/wp-json\/wp\/v2\/media?parent=2325"}],"curies":[{"name":"wp","href":"https:\/\/api.w.org\/{rel}","templated":true}]}}