{"id":449,"date":"2019-11-11T08:33:59","date_gmt":"2019-11-11T07:33:59","guid":{"rendered":"https:\/\/www.upo.es\/biblioteca\/blog\/ciencia\/?page_id=449"},"modified":"2020-03-31T09:40:56","modified_gmt":"2020-03-31T07:40:56","slug":"produccion-cientifica-de-la-universidad-pablo-de-olavide","status":"publish","type":"page","link":"https:\/\/www.upo.es\/biblioteca\/blog\/ciencia\/produccion-cientifica-de-la-universidad-pablo-de-olavide\/","title":{"rendered":"Producci\u00f3n cient\u00edfica de la Universidad Pablo de Olavide"},"content":{"rendered":"\n<p style=\"text-align: left;\"><a class=\"fasc-button fasc-size-large fasc-type-glossy fasc-rounded-medium fasc-style-bold\" style=\"background-color: #fcb825; color: #003072;\" href=\"https:\/\/www.upo.es\/biblioteca\/blog\/ciencia\/produccion-cientifica-de-la-universidad-pablo-de-olavide\/produccion-cientifica-de-la-upo-en-web-of-science\/\">Web of Science<\/a>&nbsp;&nbsp;<a class=\"fasc-button fasc-size-large fasc-type-glossy fasc-rounded-medium fasc-style-bold\" style=\"background-color: #fcb825; color: #003072;\" href=\"https:\/\/www.upo.es\/biblioteca\/blog\/ciencia\/produccion-cientifica-de-la-universidad-pablo-de-olavide\/produccion-cientifica-de-la-upo-2014-2018-wos-esci\/\">WoS + ESCI<\/a> &nbsp;<a class=\"fasc-button fasc-size-large fasc-type-glossy fasc-rounded-medium fasc-style-bold\" style=\"background-color: #fcb825; color: #003072;\" href=\"https:\/\/www.upo.es\/biblioteca\/blog\/ciencia\/produccion-cientifica-de-la-universidad-pablo-de-olavide\/produccion-cientifica-de-la-upo-2014-2018-todos-los-tipos-de-documentos\/\">Todos los tipos de documentos<\/a>&nbsp;&nbsp;<a class=\"fasc-button fasc-size-large fasc-type-glossy fasc-rounded-medium fasc-style-bold\" style=\"background-color: #fcb825; color: #003072;\" href=\"https:\/\/www.upo.es\/biblioteca\/blog\/ciencia\/produccion-cientifica-de-la-universidad-pablo-de-olavide\/produccion-cientifica-de-la-upo-2014-2018-wos-esci-todos-los-tipos-de-documentos\/\">WoS + ESCI, Todos los tipos de documentos<\/a><\/p>\n\n\n\n<p>A continuaci\u00f3n se presenta el informe de producci\u00f3n cient\u00edfica de la Universidad Pablo de Olavide durante el quinquenio 2014-2018.<\/p>\n\n\n\n<p>Se trata de un trabajo de recolecci\u00f3n de indicadores cuantitativos de los trabajos publicados por el PDI de nuestra instituci\u00f3n en el \u00faltimo quinquenio a partir de dos fuentes, Web of Science y Scopus.<\/p>\n\n\n\n<p>Con el presente trabajo se pretende mostrar una panor\u00e1mica de los outputs de investigaci\u00f3n de la instituci\u00f3n, reflejados en la publicaci\u00f3n de los resultados en medios de prestigio internacional.<\/p>\n\n\n\n<p>El uso de estas fuentes permite adem\u00e1s contextualizar la actividad investigadora de la Pablo de Olavide dentro de su contexto m\u00e1s cercano de manera que se puedan hacer inferencias a partir de los inputs (presupuesto, n\u00famero de profesores a tiempo completo&#8230;), y este tipo de resultados.<\/p>\n\n\n\n<div class=\"wp-block-columns\">\n<div class=\"wp-block-column\">\n<div class=\"wp-block-image\">\n<figure class=\"alignleft size-large is-resized\">\n<figure id=\"attachment_1538\" aria-labelledby=\"figcaption_attachment_1538\" class=\"wp-caption alignleft\" style=\"width: 550px\"><img loading=\"lazy\" class=\"wp-image-1538\" src=\"https:\/\/www.upo.es\/biblioteca\/blog\/ciencia\/wp-content\/uploads\/2020\/01\/O6M25V0-1024x683.jpg\" alt=\"\" width=\"550\" height=\"365\"><figcaption id=\"figcaption_attachment_1538\" class=\"wp-caption-text\"><a href=\"&quot;https:\/\/www.freepik.es\/foto-gratis\/documentos-estadisticos-tubos-ensayo_860366.htm#query=Tubos%20de%20ensayo%20&amp;position=24\"> Creado por pressfoto &#8211; www.freepik.es<\/a><\/figcaption><\/figure>\n<\/figure>\n<\/div>\n<\/div>\n\n\n\n<div class=\"wp-block-column\">\n<div class=\"wp-block-image\"><figure class=\"alignleft size-large is-resized\"><img loading=\"lazy\" src=\"https:\/\/www.upo.es\/biblioteca\/blog\/ciencia\/wp-content\/uploads\/2020\/01\/15646-1024x683.jpg\" alt=\"\" class=\"wp-image-1541\" width=\"556\" height=\"369\"\/><figcaption><a href=\"https:\/\/www.freepik.es\/foto-gratis\/estadisticas-linea_5402510.htm#page=1&amp;query=venta&amp;position=6\"><em>Creado por pressfoto &#8211; www.freepik.es<\/em><\/a><\/figcaption><\/figure><\/div>\n<\/div>\n<\/div>\n\n\n\n<p><\/p>\n","protected":false},"excerpt":{"rendered":"<p>Web of Science&nbsp;&nbsp;WoS + ESCI &nbsp;Todos los tipos de documentos&nbsp;&nbsp;WoS + ESCI, Todos los tipos de documentos A continuaci\u00f3n se presenta el informe de producci\u00f3n cient\u00edfica de la Universidad Pablo de Olavide durante el quinquenio 2014-2018. Se trata de un trabajo de recolecci\u00f3n de indicadores cuantitativos de los trabajos publicados por el PDI de nuestra [&hellip;]<\/p>\n","protected":false},"author":3,"featured_media":0,"parent":0,"menu_order":0,"comment_status":"closed","ping_status":"closed","template":"page-templates\/full-width.php","meta":[],"uagb_featured_image_src":{"full":false,"thumbnail":false,"medium":false,"medium_large":false,"large":false,"1536x1536":false,"2048x2048":false},"uagb_author_info":{"display_name":"\u00c1ngel Delgado V\u00e1zquez","author_link":"https:\/\/www.upo.es\/biblioteca\/blog\/ciencia\/author\/adelvaz\/"},"uagb_comment_info":0,"uagb_excerpt":"Web of Science&nbsp;&nbsp;WoS + ESCI &nbsp;Todos los tipos de documentos&nbsp;&nbsp;WoS + ESCI, Todos los tipos de documentos A continuaci\u00f3n se presenta el informe de producci\u00f3n cient\u00edfica de la Universidad Pablo de Olavide durante el quinquenio 2014-2018. Se trata de un trabajo de recolecci\u00f3n de indicadores cuantitativos de los trabajos publicados por el PDI de nuestra&hellip;","_links":{"self":[{"href":"https:\/\/www.upo.es\/biblioteca\/blog\/ciencia\/wp-json\/wp\/v2\/pages\/449"}],"collection":[{"href":"https:\/\/www.upo.es\/biblioteca\/blog\/ciencia\/wp-json\/wp\/v2\/pages"}],"about":[{"href":"https:\/\/www.upo.es\/biblioteca\/blog\/ciencia\/wp-json\/wp\/v2\/types\/page"}],"author":[{"embeddable":true,"href":"https:\/\/www.upo.es\/biblioteca\/blog\/ciencia\/wp-json\/wp\/v2\/users\/3"}],"replies":[{"embeddable":true,"href":"https:\/\/www.upo.es\/biblioteca\/blog\/ciencia\/wp-json\/wp\/v2\/comments?post=449"}],"version-history":[{"count":31,"href":"https:\/\/www.upo.es\/biblioteca\/blog\/ciencia\/wp-json\/wp\/v2\/pages\/449\/revisions"}],"predecessor-version":[{"id":2738,"href":"https:\/\/www.upo.es\/biblioteca\/blog\/ciencia\/wp-json\/wp\/v2\/pages\/449\/revisions\/2738"}],"wp:attachment":[{"href":"https:\/\/www.upo.es\/biblioteca\/blog\/ciencia\/wp-json\/wp\/v2\/media?parent=449"}],"curies":[{"name":"wp","href":"https:\/\/api.w.org\/{rel}","templated":true}]}}