{"id":95,"date":"2022-11-11T18:28:10","date_gmt":"2022-11-11T18:28:10","guid":{"rendered":"https:\/\/www.upo.es\/catedra-macrosad\/?page_id=95"},"modified":"2022-11-11T18:50:32","modified_gmt":"2022-11-11T18:50:32","slug":"sobre-la-catedra","status":"publish","type":"page","link":"https:\/\/www.upo.es\/catedra-macrosad\/sobre-la-catedra\/","title":{"rendered":"Sobre la C\u00e1tedra"},"content":{"rendered":"\n<p><\/p>\n\n\n\n<div class=\"wp-block-columns are-vertically-aligned-bottom is-layout-flex wp-container-core-columns-is-layout-9d6595d7 wp-block-columns-is-layout-flex\">\n<div class=\"wp-block-column is-vertically-aligned-bottom is-layout-flow wp-block-column-is-layout-flow\" style=\"flex-basis:33.33%\">\n<figure class=\"wp-block-image size-full\"><img decoding=\"async\" width=\"296\" height=\"474\" src=\"https:\/\/www.upo.es\/catedra-macrosad\/wp-content\/uploads\/2022\/11\/sequia-1000x500-1-e1667824204240-edited.jpg\" alt=\"\" class=\"wp-image-104\" srcset=\"https:\/\/www.upo.es\/catedra-macrosad\/wp-content\/uploads\/2022\/11\/sequia-1000x500-1-e1667824204240-edited.jpg 296w, https:\/\/www.upo.es\/catedra-macrosad\/wp-content\/uploads\/2022\/11\/sequia-1000x500-1-e1667824204240-edited-187x300.jpg 187w\" sizes=\"(max-width: 296px) 100vw, 296px\" \/><\/figure>\n<\/div>\n\n\n\n<div class=\"wp-block-column is-vertically-aligned-bottom is-layout-flow wp-block-column-is-layout-flow\" style=\"flex-basis:66.66%\">\n<p><strong>C\u00e1tedra Macrosad Trabajo Social Verde<\/strong><\/p>\n\n\n\n<p>El cambio clim\u00e1tico, los desastres naturales, la lucha por el control de las materias primas, la tecnologizaci\u00f3n de la sociedad y la globalizaci\u00f3n, est\u00e1n suponiendo nuevos retos a afrontar desde el Trabajo Social, como son el aumento de los flujos migratorios y personas refugiadas, el incremento de la desigualdad socioecon\u00f3mica, el aislamiento y abandono de las zonas rurales, la soledad no deseada y exclusi\u00f3n de las personas mayores y personas con mayor vulnerabilidad social, etc. Por ello, se requiere de nuevas estrategias y la promoci\u00f3n de herramientas innovadoras a nivel comunitario que permitan reducir la exclusi\u00f3n social y favorecer la resiliencia de los colectivos con mayor vulnerabilidad en estos escenarios se\u00f1alados, as\u00ed como potenciar la concienciaci\u00f3n y sensibilizaci\u00f3n ambiental de la sociedad, aprovechando la implementaci\u00f3n territorial de los servicios sociales comunitarios y especializados y de los recursos sociosanitarios dirigidos a la poblaci\u00f3n en situaci\u00f3n o en riesgo de exclusi\u00f3n social.<\/p>\n<\/div>\n<\/div>\n\n\n\n<p>La <strong>C\u00e1tedra Macrosad Trabajo Social Verde<\/strong> potenciar\u00e1 la investigaci\u00f3n en un \u00e1rea de poco explorada hasta ahora como es la relaci\u00f3n entre el Medio Ambiente y el Trabajo Social, entendiendo \u00e9ste como una profesi\u00f3n \u00fatil y necesaria para prevenir e intervenir sobre las consecuencias sociales de los cambios y desastres naturales, as\u00ed como desarrollar innovaciones sociales en el \u00e1mbito comunitario que posibiliten mejorar la calidad de vida de las personas en situaci\u00f3n de vulnerabilidad, potenciar la educaci\u00f3n y concienciaci\u00f3n ambiental de la sociedad y favorecer la sostenibilidad de los territorios y comunidades.<\/p>\n\n\n\n<p>Adem\u00e1s, la <strong>C\u00e1tedra Macrosad Trabajo Social Verde<\/strong> permitir\u00e1 la transferencia de resultados, a trav\u00e9s de la colaboraci\u00f3n p\u00fablico-privada, aprovechando la experiencia en cuidados y atenci\u00f3n social de Macrosad, as\u00ed como su implementaci\u00f3n territorial de profesionales y centros de acci\u00f3n social y atenci\u00f3n sociosanitaria, y las sinergias entre universidades, centros de investigaci\u00f3n y servicios sociales y la Universidad Pablo de Olavide.<\/p>\n","protected":false},"excerpt":{"rendered":"<p>&hellip;<\/p>\n","protected":false},"author":1,"featured_media":17,"parent":0,"menu_order":0,"comment_status":"closed","ping_status":"closed","template":"templates\/template-page-full-width.php","meta":{"footnotes":""},"class_list":["post-95","page","type-page","status-publish","has-post-thumbnail","hentry"],"_links":{"self":[{"href":"https:\/\/www.upo.es\/catedra-macrosad\/wp-json\/wp\/v2\/pages\/95","targetHints":{"allow":["GET"]}}],"collection":[{"href":"https:\/\/www.upo.es\/catedra-macrosad\/wp-json\/wp\/v2\/pages"}],"about":[{"href":"https:\/\/www.upo.es\/catedra-macrosad\/wp-json\/wp\/v2\/types\/page"}],"author":[{"embeddable":true,"href":"https:\/\/www.upo.es\/catedra-macrosad\/wp-json\/wp\/v2\/users\/1"}],"replies":[{"embeddable":true,"href":"https:\/\/www.upo.es\/catedra-macrosad\/wp-json\/wp\/v2\/comments?post=95"}],"version-history":[{"count":14,"href":"https:\/\/www.upo.es\/catedra-macrosad\/wp-json\/wp\/v2\/pages\/95\/revisions"}],"predecessor-version":[{"id":99,"href":"https:\/\/www.upo.es\/catedra-macrosad\/wp-json\/wp\/v2\/pages\/95\/revisions\/99"}],"wp:featuredmedia":[{"embeddable":true,"href":"https:\/\/www.upo.es\/catedra-macrosad\/wp-json\/wp\/v2\/media\/17"}],"wp:attachment":[{"href":"https:\/\/www.upo.es\/catedra-macrosad\/wp-json\/wp\/v2\/media?parent=95"}],"curies":[{"name":"wp","href":"https:\/\/api.w.org\/{rel}","templated":true}]}}