{"id":243,"date":"2025-03-27T13:29:32","date_gmt":"2025-03-27T12:29:32","guid":{"rendered":"https:\/\/www.upo.es\/catedraemprendimientosocial\/?post_type=tribe_events&#038;p=243"},"modified":"2025-03-27T13:29:44","modified_gmt":"2025-03-27T12:29:44","slug":"introduccion-a-la-economia-social-el-modelo-cooperativo-sesion-en-el-aula","status":"publish","type":"tribe_events","link":"https:\/\/www.upo.es\/catedraemprendimientosocial\/evento\/introduccion-a-la-economia-social-el-modelo-cooperativo-sesion-en-el-aula\/","title":{"rendered":"Introducci\u00f3n a la Econom\u00eda Social: El modelo cooperativo &#8211; Sesi\u00f3n en el aula"},"content":{"rendered":"<p><strong>Ponente<\/strong>: Salom\u00e9 G\u00f3mez Isorna , Directora provincial FAECTA Sevilla.<\/p>\n<p><strong>Lugar<\/strong>: Edificio 45 &#8211; Aula 1.11<\/p>\n","protected":false},"excerpt":{"rendered":"<p>Ponente: Salom\u00e9 G\u00f3mez Isorna , Directora provincial FAECTA Sevilla. Lugar: Edificio 45 &#8211; Aula 1.11<\/p>\n","protected":false},"author":2,"featured_media":0,"comment_status":"open","ping_status":"closed","template":"","meta":{"_tribe_events_status":"","_tribe_events_status_reason":"","footnotes":""},"tags":[],"tribe_events_cat":[],"class_list":["post-243","tribe_events","type-tribe_events","status-publish","hentry"],"yoast_head":"<!-- This site is optimized with the Yoast SEO plugin v24.7 - https:\/\/yoast.com\/wordpress\/plugins\/seo\/ -->\n<title>Introducci\u00f3n a la Econom\u00eda Social: El modelo cooperativo - Sesi\u00f3n en el aula - C\u00e1tedra Emprendimiento Social e Innovaci\u00f3n Empresarial en Econom\u00eda Social<\/title>\n<meta name=\"robots\" content=\"index, follow, max-snippet:-1, max-image-preview:large, max-video-preview:-1\" \/>\n<link rel=\"canonical\" href=\"https:\/\/www.upo.es\/catedraemprendimientosocial\/evento\/introduccion-a-la-economia-social-el-modelo-cooperativo-sesion-en-el-aula\/\" \/>\n<meta property=\"og:locale\" content=\"es_ES\" \/>\n<meta property=\"og:type\" content=\"article\" \/>\n<meta property=\"og:title\" content=\"Introducci\u00f3n a la Econom\u00eda Social: El modelo cooperativo - Sesi\u00f3n en el aula - C\u00e1tedra Emprendimiento Social e Innovaci\u00f3n Empresarial en Econom\u00eda Social\" \/>\n<meta property=\"og:description\" content=\"Ponente: Salom\u00e9 G\u00f3mez Isorna , Directora provincial FAECTA Sevilla. Lugar: Edificio 45 &#8211; Aula 1.11\" \/>\n<meta property=\"og:url\" content=\"https:\/\/www.upo.es\/catedraemprendimientosocial\/evento\/introduccion-a-la-economia-social-el-modelo-cooperativo-sesion-en-el-aula\/\" \/>\n<meta property=\"og:site_name\" content=\"C\u00e1tedra Emprendimiento Social e Innovaci\u00f3n Empresarial en Econom\u00eda Social\" \/>\n<meta property=\"article:modified_time\" content=\"2025-03-27T12:29:44+00:00\" \/>\n<meta name=\"twitter:card\" content=\"summary_large_image\" \/>\n<meta name=\"twitter:label1\" content=\"Tiempo de lectura\" \/>\n\t<meta name=\"twitter:data1\" content=\"1 minuto\" \/>\n<script type=\"application\/ld+json\" class=\"yoast-schema-graph\">{\"@context\":\"https:\/\/schema.org\",\"@graph\":[{\"@type\":\"WebPage\",\"@id\":\"https:\/\/www.upo.es\/catedraemprendimientosocial\/evento\/introduccion-a-la-economia-social-el-modelo-cooperativo-sesion-en-el-aula\/\",\"url\":\"https:\/\/www.upo.es\/catedraemprendimientosocial\/evento\/introduccion-a-la-economia-social-el-modelo-cooperativo-sesion-en-el-aula\/\",\"name\":\"Introducci\u00f3n a la Econom\u00eda Social: El modelo cooperativo - Sesi\u00f3n en el aula - C\u00e1tedra Emprendimiento Social e Innovaci\u00f3n Empresarial en Econom\u00eda Social\",\"isPartOf\":{\"@id\":\"https:\/\/www.upo.es\/catedraemprendimientosocial\/#website\"},\"datePublished\":\"2025-03-27T12:29:32+00:00\",\"dateModified\":\"2025-03-27T12:29:44+00:00\",\"breadcrumb\":{\"@id\":\"https:\/\/www.upo.es\/catedraemprendimientosocial\/evento\/introduccion-a-la-economia-social-el-modelo-cooperativo-sesion-en-el-aula\/#breadcrumb\"},\"inLanguage\":\"es\",\"potentialAction\":[{\"@type\":\"ReadAction\",\"target\":[\"https:\/\/www.upo.es\/catedraemprendimientosocial\/evento\/introduccion-a-la-economia-social-el-modelo-cooperativo-sesion-en-el-aula\/\"]}]},{\"@type\":\"BreadcrumbList\",\"@id\":\"https:\/\/www.upo.es\/catedraemprendimientosocial\/evento\/introduccion-a-la-economia-social-el-modelo-cooperativo-sesion-en-el-aula\/#breadcrumb\",\"itemListElement\":[{\"@type\":\"ListItem\",\"position\":1,\"name\":\"Portada\",\"item\":\"https:\/\/www.upo.es\/catedraemprendimientosocial\/\"},{\"@type\":\"ListItem\",\"position\":2,\"name\":\"Eventos\",\"item\":\"https:\/\/www.upo.es\/catedraemprendimientosocial\/eventos\/\"},{\"@type\":\"ListItem\",\"position\":3,\"name\":\"Introducci\u00f3n a la Econom\u00eda Social: El modelo cooperativo &#8211; Sesi\u00f3n en el aula\"}]},{\"@type\":\"WebSite\",\"@id\":\"https:\/\/www.upo.es\/catedraemprendimientosocial\/#website\",\"url\":\"https:\/\/www.upo.es\/catedraemprendimientosocial\/\",\"name\":\"C\u00e1tedra Emprendimiento e Innovaci\u00f3n Empresarial en Econom\u00eda Social - Universidad Pablo de Olavide\",\"description\":\"\",\"publisher\":{\"@id\":\"https:\/\/www.upo.es\/catedraemprendimientosocial\/#organization\"},\"potentialAction\":[{\"@type\":\"SearchAction\",\"target\":{\"@type\":\"EntryPoint\",\"urlTemplate\":\"https:\/\/www.upo.es\/catedraemprendimientosocial\/?s={search_term_string}\"},\"query-input\":{\"@type\":\"PropertyValueSpecification\",\"valueRequired\":true,\"valueName\":\"search_term_string\"}}],\"inLanguage\":\"es\"},{\"@type\":\"Organization\",\"@id\":\"https:\/\/www.upo.es\/catedraemprendimientosocial\/#organization\",\"name\":\"C\u00e1tedra Emprendimiento e Innovaci\u00f3n Empresarial en Econom\u00eda Social - Universidad Pablo de Olavide\",\"url\":\"https:\/\/www.upo.es\/catedraemprendimientosocial\/\",\"logo\":{\"@type\":\"ImageObject\",\"inLanguage\":\"es\",\"@id\":\"https:\/\/www.upo.es\/catedraemprendimientosocial\/#\/schema\/logo\/image\/\",\"url\":\"https:\/\/www.upo.es\/catedraemprendimientosocial\/wp-content\/uploads\/2025\/03\/Logo-Catedra-Economia-Social.png\",\"contentUrl\":\"https:\/\/www.upo.es\/catedraemprendimientosocial\/wp-content\/uploads\/2025\/03\/Logo-Catedra-Economia-Social.png\",\"width\":963,\"height\":300,\"caption\":\"C\u00e1tedra Emprendimiento e Innovaci\u00f3n Empresarial en Econom\u00eda Social - Universidad Pablo de Olavide\"},\"image\":{\"@id\":\"https:\/\/www.upo.es\/catedraemprendimientosocial\/#\/schema\/logo\/image\/\"}}]}<\/script>\n<!-- \/ Yoast SEO plugin. -->","yoast_head_json":{"title":"Introducci\u00f3n a la Econom\u00eda Social: El modelo cooperativo - Sesi\u00f3n en el aula - C\u00e1tedra Emprendimiento Social e Innovaci\u00f3n Empresarial en Econom\u00eda Social","robots":{"index":"index","follow":"follow","max-snippet":"max-snippet:-1","max-image-preview":"max-image-preview:large","max-video-preview":"max-video-preview:-1"},"canonical":"https:\/\/www.upo.es\/catedraemprendimientosocial\/evento\/introduccion-a-la-economia-social-el-modelo-cooperativo-sesion-en-el-aula\/","og_locale":"es_ES","og_type":"article","og_title":"Introducci\u00f3n a la Econom\u00eda Social: El modelo cooperativo - Sesi\u00f3n en el aula - C\u00e1tedra Emprendimiento Social e Innovaci\u00f3n Empresarial en Econom\u00eda Social","og_description":"Ponente: Salom\u00e9 G\u00f3mez Isorna , Directora provincial FAECTA Sevilla. Lugar: Edificio 45 &#8211; Aula 1.11","og_url":"https:\/\/www.upo.es\/catedraemprendimientosocial\/evento\/introduccion-a-la-economia-social-el-modelo-cooperativo-sesion-en-el-aula\/","og_site_name":"C\u00e1tedra Emprendimiento Social e Innovaci\u00f3n Empresarial en Econom\u00eda Social","article_modified_time":"2025-03-27T12:29:44+00:00","twitter_card":"summary_large_image","twitter_misc":{"Tiempo de lectura":"1 minuto"},"schema":{"@context":"https:\/\/schema.org","@graph":[{"@type":"WebPage","@id":"https:\/\/www.upo.es\/catedraemprendimientosocial\/evento\/introduccion-a-la-economia-social-el-modelo-cooperativo-sesion-en-el-aula\/","url":"https:\/\/www.upo.es\/catedraemprendimientosocial\/evento\/introduccion-a-la-economia-social-el-modelo-cooperativo-sesion-en-el-aula\/","name":"Introducci\u00f3n a la Econom\u00eda Social: El modelo cooperativo - Sesi\u00f3n en el aula - C\u00e1tedra Emprendimiento Social e Innovaci\u00f3n Empresarial en Econom\u00eda Social","isPartOf":{"@id":"https:\/\/www.upo.es\/catedraemprendimientosocial\/#website"},"datePublished":"2025-03-27T12:29:32+00:00","dateModified":"2025-03-27T12:29:44+00:00","breadcrumb":{"@id":"https:\/\/www.upo.es\/catedraemprendimientosocial\/evento\/introduccion-a-la-economia-social-el-modelo-cooperativo-sesion-en-el-aula\/#breadcrumb"},"inLanguage":"es","potentialAction":[{"@type":"ReadAction","target":["https:\/\/www.upo.es\/catedraemprendimientosocial\/evento\/introduccion-a-la-economia-social-el-modelo-cooperativo-sesion-en-el-aula\/"]}]},{"@type":"BreadcrumbList","@id":"https:\/\/www.upo.es\/catedraemprendimientosocial\/evento\/introduccion-a-la-economia-social-el-modelo-cooperativo-sesion-en-el-aula\/#breadcrumb","itemListElement":[{"@type":"ListItem","position":1,"name":"Portada","item":"https:\/\/www.upo.es\/catedraemprendimientosocial\/"},{"@type":"ListItem","position":2,"name":"Eventos","item":"https:\/\/www.upo.es\/catedraemprendimientosocial\/eventos\/"},{"@type":"ListItem","position":3,"name":"Introducci\u00f3n a la Econom\u00eda Social: El modelo cooperativo &#8211; Sesi\u00f3n en el aula"}]},{"@type":"WebSite","@id":"https:\/\/www.upo.es\/catedraemprendimientosocial\/#website","url":"https:\/\/www.upo.es\/catedraemprendimientosocial\/","name":"C\u00e1tedra Emprendimiento e Innovaci\u00f3n Empresarial en Econom\u00eda Social - Universidad Pablo de Olavide","description":"","publisher":{"@id":"https:\/\/www.upo.es\/catedraemprendimientosocial\/#organization"},"potentialAction":[{"@type":"SearchAction","target":{"@type":"EntryPoint","urlTemplate":"https:\/\/www.upo.es\/catedraemprendimientosocial\/?s={search_term_string}"},"query-input":{"@type":"PropertyValueSpecification","valueRequired":true,"valueName":"search_term_string"}}],"inLanguage":"es"},{"@type":"Organization","@id":"https:\/\/www.upo.es\/catedraemprendimientosocial\/#organization","name":"C\u00e1tedra Emprendimiento e Innovaci\u00f3n Empresarial en Econom\u00eda Social - Universidad Pablo de Olavide","url":"https:\/\/www.upo.es\/catedraemprendimientosocial\/","logo":{"@type":"ImageObject","inLanguage":"es","@id":"https:\/\/www.upo.es\/catedraemprendimientosocial\/#\/schema\/logo\/image\/","url":"https:\/\/www.upo.es\/catedraemprendimientosocial\/wp-content\/uploads\/2025\/03\/Logo-Catedra-Economia-Social.png","contentUrl":"https:\/\/www.upo.es\/catedraemprendimientosocial\/wp-content\/uploads\/2025\/03\/Logo-Catedra-Economia-Social.png","width":963,"height":300,"caption":"C\u00e1tedra Emprendimiento e Innovaci\u00f3n Empresarial en Econom\u00eda Social - Universidad Pablo de Olavide"},"image":{"@id":"https:\/\/www.upo.es\/catedraemprendimientosocial\/#\/schema\/logo\/image\/"}}]}},"_links":{"self":[{"href":"https:\/\/www.upo.es\/catedraemprendimientosocial\/wp-json\/wp\/v2\/tribe_events\/243","targetHints":{"allow":["GET"]}}],"collection":[{"href":"https:\/\/www.upo.es\/catedraemprendimientosocial\/wp-json\/wp\/v2\/tribe_events"}],"about":[{"href":"https:\/\/www.upo.es\/catedraemprendimientosocial\/wp-json\/wp\/v2\/types\/tribe_events"}],"author":[{"embeddable":true,"href":"https:\/\/www.upo.es\/catedraemprendimientosocial\/wp-json\/wp\/v2\/users\/2"}],"replies":[{"embeddable":true,"href":"https:\/\/www.upo.es\/catedraemprendimientosocial\/wp-json\/wp\/v2\/comments?post=243"}],"version-history":[{"count":1,"href":"https:\/\/www.upo.es\/catedraemprendimientosocial\/wp-json\/wp\/v2\/tribe_events\/243\/revisions"}],"predecessor-version":[{"id":244,"href":"https:\/\/www.upo.es\/catedraemprendimientosocial\/wp-json\/wp\/v2\/tribe_events\/243\/revisions\/244"}],"wp:attachment":[{"href":"https:\/\/www.upo.es\/catedraemprendimientosocial\/wp-json\/wp\/v2\/media?parent=243"}],"wp:term":[{"taxonomy":"post_tag","embeddable":true,"href":"https:\/\/www.upo.es\/catedraemprendimientosocial\/wp-json\/wp\/v2\/tags?post=243"},{"taxonomy":"tribe_events_cat","embeddable":true,"href":"https:\/\/www.upo.es\/catedraemprendimientosocial\/wp-json\/wp\/v2\/tribe_events_cat?post=243"}],"curies":[{"name":"wp","href":"https:\/\/api.w.org\/{rel}","templated":true}]}}

Introducción a la Economía Social: El modelo cooperativo &#8211; Sesión en el aula

<p><strong>Ponente</strong>: Salomé Gómez Isorna , Directora provincial FAECTA Sevilla.</p>
<p><strong>Lugar</strong>: Edificio 45 &#8211; Aula 1.11</p>

<p>Ponente: Salomé Gómez Isorna , Directora provincial FAECTA Sevilla. Lugar: Edificio 45 &#8211; Aula 1.11</p>

<!-- This site is optimized with the Yoast SEO plugin v24.7 - https://yoast.com/wordpress/plugins/seo/ -->
<title>Introducción a la Economía Social: El modelo cooperativo - Sesión en el aula - Cátedra Emprendimiento Social e Innovación Empresarial en Economía Social</title>
<meta name="robots" content="index, follow, max-snippet:-1, max-image-preview:large, max-video-preview:-1" />
<link rel="canonical" href="https://www.upo.es/catedraemprendimientosocial/evento/introduccion-a-la-economia-social-el-modelo-cooperativo-sesion-en-el-aula/" />
<meta property="og:locale" content="es_ES" />
<meta property="og:type" content="article" />
<meta property="og:title" content="Introducción a la Economía Social: El modelo cooperativo - Sesión en el aula - Cátedra Emprendimiento Social e Innovación Empresarial en Economía Social" />
<meta property="og:description" content="Ponente: Salomé Gómez Isorna , Directora provincial FAECTA Sevilla. Lugar: Edificio 45 &#8211; Aula 1.11" />
<meta property="og:url" content="https://www.upo.es/catedraemprendimientosocial/evento/introduccion-a-la-economia-social-el-modelo-cooperativo-sesion-en-el-aula/" />
<meta property="og:site_name" content="Cátedra Emprendimiento Social e Innovación Empresarial en Economía Social" />
<meta property="article:modified_time" content="2025-03-27T12:29:44+00:00" />
<meta name="twitter:card" content="summary_large_image" />
<meta name="twitter:label1" content="Tiempo de lectura" />
	<meta name="twitter:data1" content="1 minuto" />
<script type="application/ld+json" class="yoast-schema-graph">{"@context":"https://schema.org","@graph":[{"@type":"WebPage","@id":"https://www.upo.es/catedraemprendimientosocial/evento/introduccion-a-la-economia-social-el-modelo-cooperativo-sesion-en-el-aula/","url":"https://www.upo.es/catedraemprendimientosocial/evento/introduccion-a-la-economia-social-el-modelo-cooperativo-sesion-en-el-aula/","name":"Introducción a la Economía Social: El modelo cooperativo - Sesión en el aula - Cátedra Emprendimiento Social e Innovación Empresarial en Economía Social","isPartOf":{"@id":"https://www.upo.es/catedraemprendimientosocial/#website"},"datePublished":"2025-03-27T12:29:32+00:00","dateModified":"2025-03-27T12:29:44+00:00","breadcrumb":{"@id":"https://www.upo.es/catedraemprendimientosocial/evento/introduccion-a-la-economia-social-el-modelo-cooperativo-sesion-en-el-aula/#breadcrumb"},"inLanguage":"es","potentialAction":[{"@type":"ReadAction","target":["https://www.upo.es/catedraemprendimientosocial/evento/introduccion-a-la-economia-social-el-modelo-cooperativo-sesion-en-el-aula/"]}]},{"@type":"BreadcrumbList","@id":"https://www.upo.es/catedraemprendimientosocial/evento/introduccion-a-la-economia-social-el-modelo-cooperativo-sesion-en-el-aula/#breadcrumb","itemListElement":[{"@type":"ListItem","position":1,"name":"Portada","item":"https://www.upo.es/catedraemprendimientosocial/"},{"@type":"ListItem","position":2,"name":"Eventos","item":"https://www.upo.es/catedraemprendimientosocial/eventos/"},{"@type":"ListItem","position":3,"name":"Introducción a la Economía Social: El modelo cooperativo &#8211; Sesión en el aula"}]},{"@type":"WebSite","@id":"https://www.upo.es/catedraemprendimientosocial/#website","url":"https://www.upo.es/catedraemprendimientosocial/","name":"Cátedra Emprendimiento e Innovación Empresarial en Economía Social - Universidad Pablo de Olavide","description":"","publisher":{"@id":"https://www.upo.es/catedraemprendimientosocial/#organization"},"potentialAction":[{"@type":"SearchAction","target":{"@type":"EntryPoint","urlTemplate":"https://www.upo.es/catedraemprendimientosocial/?s={search_term_string}"},"query-input":{"@type":"PropertyValueSpecification","valueRequired":true,"valueName":"search_term_string"}}],"inLanguage":"es"},{"@type":"Organization","@id":"https://www.upo.es/catedraemprendimientosocial/#organization","name":"Cátedra Emprendimiento e Innovación Empresarial en Economía Social - Universidad Pablo de Olavide","url":"https://www.upo.es/catedraemprendimientosocial/","logo":{"@type":"ImageObject","inLanguage":"es","@id":"https://www.upo.es/catedraemprendimientosocial/#/schema/logo/image/","url":"https://www.upo.es/catedraemprendimientosocial/wp-content/uploads/2025/03/Logo-Catedra-Economia-Social.png","contentUrl":"https://www.upo.es/catedraemprendimientosocial/wp-content/uploads/2025/03/Logo-Catedra-Economia-Social.png","width":963,"height":300,"caption":"Cátedra Emprendimiento e Innovación Empresarial en Economía Social - Universidad Pablo de Olavide"},"image":{"@id":"https://www.upo.es/catedraemprendimientosocial/#/schema/logo/image/"}}]}</script>
<!-- / Yoast SEO plugin. -->

Introducción a la Economía Social: El modelo cooperativo - Sesión en el aula - Cátedra Emprendimiento Social e Innovación Empresarial en Economía Social

Ponente: Salomé Gómez Isorna , Directora provincial FAECTA Sevilla. Lugar: Edificio 45 &#8211; Aula 1.11

Cátedra Emprendimiento Social e Innovación Empresarial en Economía Social

Cátedra Emprendimiento e Innovación Empresarial en Economía Social - Universidad Pablo de Olavide
