{"id":245,"date":"2025-03-27T13:31:27","date_gmt":"2025-03-27T12:31:27","guid":{"rendered":"https:\/\/www.upo.es\/catedraemprendimientosocial\/?post_type=tribe_events&#038;p=245"},"modified":"2025-03-27T13:31:27","modified_gmt":"2025-03-27T12:31:27","slug":"formulas-juridicas-en-la-economia-social-sesion-en-el-aula","status":"publish","type":"tribe_events","link":"https:\/\/www.upo.es\/catedraemprendimientosocial\/evento\/formulas-juridicas-en-la-economia-social-sesion-en-el-aula\/","title":{"rendered":"F\u00f3rmulas Jur\u00eddicas en la Econom\u00eda Social &#8211; Sesi\u00f3n en el aula"},"content":{"rendered":"<p><strong data-start=\"1058\" data-end=\"1070\">Ponente:<\/strong> Javier Granja, Presidente de la Asociaci\u00f3n Andaluz de Empresas de Inserci\u00f3n (ANDEIS)<br data-start=\"1110\" data-end=\"1113\" \/><strong data-start=\"1113\" data-end=\"1123\">Lugar:<\/strong> Edificio 13 &#8211; Aula 12<\/p>\n","protected":false},"excerpt":{"rendered":"<p>Ponente: Javier Granja, Presidente de la Asociaci\u00f3n Andaluz de Empresas de Inserci\u00f3n (ANDEIS)Lugar: Edificio 13 &#8211; Aula 12<\/p>\n","protected":false},"author":2,"featured_media":0,"comment_status":"open","ping_status":"closed","template":"","meta":{"_tribe_events_status":"","_tribe_events_status_reason":"","footnotes":""},"tags":[],"tribe_events_cat":[],"class_list":["post-245","tribe_events","type-tribe_events","status-publish","hentry"],"yoast_head":"<!-- This site is optimized with the Yoast SEO plugin v24.7 - https:\/\/yoast.com\/wordpress\/plugins\/seo\/ -->\n<title>F\u00f3rmulas Jur\u00eddicas en la Econom\u00eda Social - Sesi\u00f3n en el aula - C\u00e1tedra Emprendimiento Social e Innovaci\u00f3n Empresarial en Econom\u00eda Social<\/title>\n<meta name=\"robots\" content=\"index, follow, max-snippet:-1, max-image-preview:large, max-video-preview:-1\" \/>\n<link rel=\"canonical\" href=\"https:\/\/www.upo.es\/catedraemprendimientosocial\/evento\/formulas-juridicas-en-la-economia-social-sesion-en-el-aula\/\" \/>\n<meta property=\"og:locale\" content=\"es_ES\" \/>\n<meta property=\"og:type\" content=\"article\" \/>\n<meta property=\"og:title\" content=\"F\u00f3rmulas Jur\u00eddicas en la Econom\u00eda Social - Sesi\u00f3n en el aula - C\u00e1tedra Emprendimiento Social e Innovaci\u00f3n Empresarial en Econom\u00eda Social\" \/>\n<meta property=\"og:description\" content=\"Ponente: Javier Granja, Presidente de la Asociaci\u00f3n Andaluz de Empresas de Inserci\u00f3n (ANDEIS)Lugar: Edificio 13 &#8211; Aula 12\" \/>\n<meta property=\"og:url\" content=\"https:\/\/www.upo.es\/catedraemprendimientosocial\/evento\/formulas-juridicas-en-la-economia-social-sesion-en-el-aula\/\" \/>\n<meta property=\"og:site_name\" content=\"C\u00e1tedra Emprendimiento Social e Innovaci\u00f3n Empresarial en Econom\u00eda Social\" \/>\n<meta name=\"twitter:card\" content=\"summary_large_image\" \/>\n<meta name=\"twitter:label1\" content=\"Tiempo de lectura\" \/>\n\t<meta name=\"twitter:data1\" content=\"1 minuto\" \/>\n<script type=\"application\/ld+json\" class=\"yoast-schema-graph\">{\"@context\":\"https:\/\/schema.org\",\"@graph\":[{\"@type\":\"WebPage\",\"@id\":\"https:\/\/www.upo.es\/catedraemprendimientosocial\/evento\/formulas-juridicas-en-la-economia-social-sesion-en-el-aula\/\",\"url\":\"https:\/\/www.upo.es\/catedraemprendimientosocial\/evento\/formulas-juridicas-en-la-economia-social-sesion-en-el-aula\/\",\"name\":\"F\u00f3rmulas Jur\u00eddicas en la Econom\u00eda Social - Sesi\u00f3n en el aula - C\u00e1tedra Emprendimiento Social e Innovaci\u00f3n Empresarial en Econom\u00eda Social\",\"isPartOf\":{\"@id\":\"https:\/\/www.upo.es\/catedraemprendimientosocial\/#website\"},\"datePublished\":\"2025-03-27T12:31:27+00:00\",\"breadcrumb\":{\"@id\":\"https:\/\/www.upo.es\/catedraemprendimientosocial\/evento\/formulas-juridicas-en-la-economia-social-sesion-en-el-aula\/#breadcrumb\"},\"inLanguage\":\"es\",\"potentialAction\":[{\"@type\":\"ReadAction\",\"target\":[\"https:\/\/www.upo.es\/catedraemprendimientosocial\/evento\/formulas-juridicas-en-la-economia-social-sesion-en-el-aula\/\"]}]},{\"@type\":\"BreadcrumbList\",\"@id\":\"https:\/\/www.upo.es\/catedraemprendimientosocial\/evento\/formulas-juridicas-en-la-economia-social-sesion-en-el-aula\/#breadcrumb\",\"itemListElement\":[{\"@type\":\"ListItem\",\"position\":1,\"name\":\"Portada\",\"item\":\"https:\/\/www.upo.es\/catedraemprendimientosocial\/\"},{\"@type\":\"ListItem\",\"position\":2,\"name\":\"Eventos\",\"item\":\"https:\/\/www.upo.es\/catedraemprendimientosocial\/eventos\/\"},{\"@type\":\"ListItem\",\"position\":3,\"name\":\"F\u00f3rmulas Jur\u00eddicas en la Econom\u00eda Social &#8211; Sesi\u00f3n en el aula\"}]},{\"@type\":\"WebSite\",\"@id\":\"https:\/\/www.upo.es\/catedraemprendimientosocial\/#website\",\"url\":\"https:\/\/www.upo.es\/catedraemprendimientosocial\/\",\"name\":\"C\u00e1tedra Emprendimiento e Innovaci\u00f3n Empresarial en Econom\u00eda Social - Universidad Pablo de Olavide\",\"description\":\"\",\"publisher\":{\"@id\":\"https:\/\/www.upo.es\/catedraemprendimientosocial\/#organization\"},\"potentialAction\":[{\"@type\":\"SearchAction\",\"target\":{\"@type\":\"EntryPoint\",\"urlTemplate\":\"https:\/\/www.upo.es\/catedraemprendimientosocial\/?s={search_term_string}\"},\"query-input\":{\"@type\":\"PropertyValueSpecification\",\"valueRequired\":true,\"valueName\":\"search_term_string\"}}],\"inLanguage\":\"es\"},{\"@type\":\"Organization\",\"@id\":\"https:\/\/www.upo.es\/catedraemprendimientosocial\/#organization\",\"name\":\"C\u00e1tedra Emprendimiento e Innovaci\u00f3n Empresarial en Econom\u00eda Social - Universidad Pablo de Olavide\",\"url\":\"https:\/\/www.upo.es\/catedraemprendimientosocial\/\",\"logo\":{\"@type\":\"ImageObject\",\"inLanguage\":\"es\",\"@id\":\"https:\/\/www.upo.es\/catedraemprendimientosocial\/#\/schema\/logo\/image\/\",\"url\":\"https:\/\/www.upo.es\/catedraemprendimientosocial\/wp-content\/uploads\/2025\/03\/Logo-Catedra-Economia-Social.png\",\"contentUrl\":\"https:\/\/www.upo.es\/catedraemprendimientosocial\/wp-content\/uploads\/2025\/03\/Logo-Catedra-Economia-Social.png\",\"width\":963,\"height\":300,\"caption\":\"C\u00e1tedra Emprendimiento e Innovaci\u00f3n Empresarial en Econom\u00eda Social - Universidad Pablo de Olavide\"},\"image\":{\"@id\":\"https:\/\/www.upo.es\/catedraemprendimientosocial\/#\/schema\/logo\/image\/\"}}]}<\/script>\n<!-- \/ Yoast SEO plugin. -->","yoast_head_json":{"title":"F\u00f3rmulas Jur\u00eddicas en la Econom\u00eda Social - Sesi\u00f3n en el aula - C\u00e1tedra Emprendimiento Social e Innovaci\u00f3n Empresarial en Econom\u00eda Social","robots":{"index":"index","follow":"follow","max-snippet":"max-snippet:-1","max-image-preview":"max-image-preview:large","max-video-preview":"max-video-preview:-1"},"canonical":"https:\/\/www.upo.es\/catedraemprendimientosocial\/evento\/formulas-juridicas-en-la-economia-social-sesion-en-el-aula\/","og_locale":"es_ES","og_type":"article","og_title":"F\u00f3rmulas Jur\u00eddicas en la Econom\u00eda Social - Sesi\u00f3n en el aula - C\u00e1tedra Emprendimiento Social e Innovaci\u00f3n Empresarial en Econom\u00eda Social","og_description":"Ponente: Javier Granja, Presidente de la Asociaci\u00f3n Andaluz de Empresas de Inserci\u00f3n (ANDEIS)Lugar: Edificio 13 &#8211; Aula 12","og_url":"https:\/\/www.upo.es\/catedraemprendimientosocial\/evento\/formulas-juridicas-en-la-economia-social-sesion-en-el-aula\/","og_site_name":"C\u00e1tedra Emprendimiento Social e Innovaci\u00f3n Empresarial en Econom\u00eda Social","twitter_card":"summary_large_image","twitter_misc":{"Tiempo de lectura":"1 minuto"},"schema":{"@context":"https:\/\/schema.org","@graph":[{"@type":"WebPage","@id":"https:\/\/www.upo.es\/catedraemprendimientosocial\/evento\/formulas-juridicas-en-la-economia-social-sesion-en-el-aula\/","url":"https:\/\/www.upo.es\/catedraemprendimientosocial\/evento\/formulas-juridicas-en-la-economia-social-sesion-en-el-aula\/","name":"F\u00f3rmulas Jur\u00eddicas en la Econom\u00eda Social - Sesi\u00f3n en el aula - C\u00e1tedra Emprendimiento Social e Innovaci\u00f3n Empresarial en Econom\u00eda Social","isPartOf":{"@id":"https:\/\/www.upo.es\/catedraemprendimientosocial\/#website"},"datePublished":"2025-03-27T12:31:27+00:00","breadcrumb":{"@id":"https:\/\/www.upo.es\/catedraemprendimientosocial\/evento\/formulas-juridicas-en-la-economia-social-sesion-en-el-aula\/#breadcrumb"},"inLanguage":"es","potentialAction":[{"@type":"ReadAction","target":["https:\/\/www.upo.es\/catedraemprendimientosocial\/evento\/formulas-juridicas-en-la-economia-social-sesion-en-el-aula\/"]}]},{"@type":"BreadcrumbList","@id":"https:\/\/www.upo.es\/catedraemprendimientosocial\/evento\/formulas-juridicas-en-la-economia-social-sesion-en-el-aula\/#breadcrumb","itemListElement":[{"@type":"ListItem","position":1,"name":"Portada","item":"https:\/\/www.upo.es\/catedraemprendimientosocial\/"},{"@type":"ListItem","position":2,"name":"Eventos","item":"https:\/\/www.upo.es\/catedraemprendimientosocial\/eventos\/"},{"@type":"ListItem","position":3,"name":"F\u00f3rmulas Jur\u00eddicas en la Econom\u00eda Social &#8211; Sesi\u00f3n en el aula"}]},{"@type":"WebSite","@id":"https:\/\/www.upo.es\/catedraemprendimientosocial\/#website","url":"https:\/\/www.upo.es\/catedraemprendimientosocial\/","name":"C\u00e1tedra Emprendimiento e Innovaci\u00f3n Empresarial en Econom\u00eda Social - Universidad Pablo de Olavide","description":"","publisher":{"@id":"https:\/\/www.upo.es\/catedraemprendimientosocial\/#organization"},"potentialAction":[{"@type":"SearchAction","target":{"@type":"EntryPoint","urlTemplate":"https:\/\/www.upo.es\/catedraemprendimientosocial\/?s={search_term_string}"},"query-input":{"@type":"PropertyValueSpecification","valueRequired":true,"valueName":"search_term_string"}}],"inLanguage":"es"},{"@type":"Organization","@id":"https:\/\/www.upo.es\/catedraemprendimientosocial\/#organization","name":"C\u00e1tedra Emprendimiento e Innovaci\u00f3n Empresarial en Econom\u00eda Social - Universidad Pablo de Olavide","url":"https:\/\/www.upo.es\/catedraemprendimientosocial\/","logo":{"@type":"ImageObject","inLanguage":"es","@id":"https:\/\/www.upo.es\/catedraemprendimientosocial\/#\/schema\/logo\/image\/","url":"https:\/\/www.upo.es\/catedraemprendimientosocial\/wp-content\/uploads\/2025\/03\/Logo-Catedra-Economia-Social.png","contentUrl":"https:\/\/www.upo.es\/catedraemprendimientosocial\/wp-content\/uploads\/2025\/03\/Logo-Catedra-Economia-Social.png","width":963,"height":300,"caption":"C\u00e1tedra Emprendimiento e Innovaci\u00f3n Empresarial en Econom\u00eda Social - Universidad Pablo de Olavide"},"image":{"@id":"https:\/\/www.upo.es\/catedraemprendimientosocial\/#\/schema\/logo\/image\/"}}]}},"_links":{"self":[{"href":"https:\/\/www.upo.es\/catedraemprendimientosocial\/wp-json\/wp\/v2\/tribe_events\/245","targetHints":{"allow":["GET"]}}],"collection":[{"href":"https:\/\/www.upo.es\/catedraemprendimientosocial\/wp-json\/wp\/v2\/tribe_events"}],"about":[{"href":"https:\/\/www.upo.es\/catedraemprendimientosocial\/wp-json\/wp\/v2\/types\/tribe_events"}],"author":[{"embeddable":true,"href":"https:\/\/www.upo.es\/catedraemprendimientosocial\/wp-json\/wp\/v2\/users\/2"}],"replies":[{"embeddable":true,"href":"https:\/\/www.upo.es\/catedraemprendimientosocial\/wp-json\/wp\/v2\/comments?post=245"}],"version-history":[{"count":1,"href":"https:\/\/www.upo.es\/catedraemprendimientosocial\/wp-json\/wp\/v2\/tribe_events\/245\/revisions"}],"predecessor-version":[{"id":246,"href":"https:\/\/www.upo.es\/catedraemprendimientosocial\/wp-json\/wp\/v2\/tribe_events\/245\/revisions\/246"}],"wp:attachment":[{"href":"https:\/\/www.upo.es\/catedraemprendimientosocial\/wp-json\/wp\/v2\/media?parent=245"}],"wp:term":[{"taxonomy":"post_tag","embeddable":true,"href":"https:\/\/www.upo.es\/catedraemprendimientosocial\/wp-json\/wp\/v2\/tags?post=245"},{"taxonomy":"tribe_events_cat","embeddable":true,"href":"https:\/\/www.upo.es\/catedraemprendimientosocial\/wp-json\/wp\/v2\/tribe_events_cat?post=245"}],"curies":[{"name":"wp","href":"https:\/\/api.w.org\/{rel}","templated":true}]}}

Fórmulas Jurídicas en la Economía Social &#8211; Sesión en el aula

<p><strong data-start="1058" data-end="1070">Ponente:</strong> Javier Granja, Presidente de la Asociación Andaluz de Empresas de Inserción (ANDEIS)<br data-start="1110" data-end="1113" /><strong data-start="1113" data-end="1123">Lugar:</strong> Edificio 13 &#8211; Aula 12</p>

<p>Ponente: Javier Granja, Presidente de la Asociación Andaluz de Empresas de Inserción (ANDEIS)Lugar: Edificio 13 &#8211; Aula 12</p>

<!-- This site is optimized with the Yoast SEO plugin v24.7 - https://yoast.com/wordpress/plugins/seo/ -->
<title>Fórmulas Jurídicas en la Economía Social - Sesión en el aula - Cátedra Emprendimiento Social e Innovación Empresarial en Economía Social</title>
<meta name="robots" content="index, follow, max-snippet:-1, max-image-preview:large, max-video-preview:-1" />
<link rel="canonical" href="https://www.upo.es/catedraemprendimientosocial/evento/formulas-juridicas-en-la-economia-social-sesion-en-el-aula/" />
<meta property="og:locale" content="es_ES" />
<meta property="og:type" content="article" />
<meta property="og:title" content="Fórmulas Jurídicas en la Economía Social - Sesión en el aula - Cátedra Emprendimiento Social e Innovación Empresarial en Economía Social" />
<meta property="og:description" content="Ponente: Javier Granja, Presidente de la Asociación Andaluz de Empresas de Inserción (ANDEIS)Lugar: Edificio 13 &#8211; Aula 12" />
<meta property="og:url" content="https://www.upo.es/catedraemprendimientosocial/evento/formulas-juridicas-en-la-economia-social-sesion-en-el-aula/" />
<meta property="og:site_name" content="Cátedra Emprendimiento Social e Innovación Empresarial en Economía Social" />
<meta name="twitter:card" content="summary_large_image" />
<meta name="twitter:label1" content="Tiempo de lectura" />
	<meta name="twitter:data1" content="1 minuto" />
<script type="application/ld+json" class="yoast-schema-graph">{"@context":"https://schema.org","@graph":[{"@type":"WebPage","@id":"https://www.upo.es/catedraemprendimientosocial/evento/formulas-juridicas-en-la-economia-social-sesion-en-el-aula/","url":"https://www.upo.es/catedraemprendimientosocial/evento/formulas-juridicas-en-la-economia-social-sesion-en-el-aula/","name":"Fórmulas Jurídicas en la Economía Social - Sesión en el aula - Cátedra Emprendimiento Social e Innovación Empresarial en Economía Social","isPartOf":{"@id":"https://www.upo.es/catedraemprendimientosocial/#website"},"datePublished":"2025-03-27T12:31:27+00:00","breadcrumb":{"@id":"https://www.upo.es/catedraemprendimientosocial/evento/formulas-juridicas-en-la-economia-social-sesion-en-el-aula/#breadcrumb"},"inLanguage":"es","potentialAction":[{"@type":"ReadAction","target":["https://www.upo.es/catedraemprendimientosocial/evento/formulas-juridicas-en-la-economia-social-sesion-en-el-aula/"]}]},{"@type":"BreadcrumbList","@id":"https://www.upo.es/catedraemprendimientosocial/evento/formulas-juridicas-en-la-economia-social-sesion-en-el-aula/#breadcrumb","itemListElement":[{"@type":"ListItem","position":1,"name":"Portada","item":"https://www.upo.es/catedraemprendimientosocial/"},{"@type":"ListItem","position":2,"name":"Eventos","item":"https://www.upo.es/catedraemprendimientosocial/eventos/"},{"@type":"ListItem","position":3,"name":"Fórmulas Jurídicas en la Economía Social &#8211; Sesión en el aula"}]},{"@type":"WebSite","@id":"https://www.upo.es/catedraemprendimientosocial/#website","url":"https://www.upo.es/catedraemprendimientosocial/","name":"Cátedra Emprendimiento e Innovación Empresarial en Economía Social - Universidad Pablo de Olavide","description":"","publisher":{"@id":"https://www.upo.es/catedraemprendimientosocial/#organization"},"potentialAction":[{"@type":"SearchAction","target":{"@type":"EntryPoint","urlTemplate":"https://www.upo.es/catedraemprendimientosocial/?s={search_term_string}"},"query-input":{"@type":"PropertyValueSpecification","valueRequired":true,"valueName":"search_term_string"}}],"inLanguage":"es"},{"@type":"Organization","@id":"https://www.upo.es/catedraemprendimientosocial/#organization","name":"Cátedra Emprendimiento e Innovación Empresarial en Economía Social - Universidad Pablo de Olavide","url":"https://www.upo.es/catedraemprendimientosocial/","logo":{"@type":"ImageObject","inLanguage":"es","@id":"https://www.upo.es/catedraemprendimientosocial/#/schema/logo/image/","url":"https://www.upo.es/catedraemprendimientosocial/wp-content/uploads/2025/03/Logo-Catedra-Economia-Social.png","contentUrl":"https://www.upo.es/catedraemprendimientosocial/wp-content/uploads/2025/03/Logo-Catedra-Economia-Social.png","width":963,"height":300,"caption":"Cátedra Emprendimiento e Innovación Empresarial en Economía Social - Universidad Pablo de Olavide"},"image":{"@id":"https://www.upo.es/catedraemprendimientosocial/#/schema/logo/image/"}}]}</script>
<!-- / Yoast SEO plugin. -->

Fórmulas Jurídicas en la Economía Social - Sesión en el aula - Cátedra Emprendimiento Social e Innovación Empresarial en Economía Social

Ponente: Javier Granja, Presidente de la Asociación Andaluz de Empresas de Inserción (ANDEIS)Lugar: Edificio 13 &#8211; Aula 12

Cátedra Emprendimiento Social e Innovación Empresarial en Economía Social

Cátedra Emprendimiento e Innovación Empresarial en Economía Social - Universidad Pablo de Olavide
