{"id":396,"date":"2026-02-16T19:24:03","date_gmt":"2026-02-16T18:24:03","guid":{"rendered":"https:\/\/www.upo.es\/catedraemprendimientosocial\/?post_type=tribe_events&#038;p=396"},"modified":"2026-02-16T19:26:47","modified_gmt":"2026-02-16T18:26:47","slug":"inicio-curso-emprender-en-economia-social","status":"publish","type":"tribe_events","link":"https:\/\/www.upo.es\/catedraemprendimientosocial\/evento\/inicio-curso-emprender-en-economia-social\/","title":{"rendered":"Inicio Curso Emprender en Econom\u00eda Social"},"content":{"rendered":"<p>El pr\u00f3ximo <strong>28 de Septiembre<\/strong> tendr\u00e1 inicio el Curso <strong>EMPRENDER EN ECONOM\u00cdA SOCIAL<\/strong>, organizado por la C\u00e1tedra de Emprendimiento e Innovaci\u00f3n Empresarial en Econom\u00eda Social.<\/p>\n<p>Para m\u00e1s informaci\u00f3n: <a href=\"https:\/\/www.upo.es\/formacionpermanente\/microcredenciales\/emprender-en-economia-social\/\">https:\/\/www.upo.es\/formacionpermanente\/microcredenciales\/emprender-en-economia-social\/<\/a><\/p>\n","protected":false},"excerpt":{"rendered":"<p>El pr\u00f3ximo 28 de Septiembre tendr\u00e1 inicio el Curso EMPRENDER EN ECONOM\u00cdA SOCIAL, organizado por la C\u00e1tedra de Emprendimiento e Innovaci\u00f3n Empresarial en Econom\u00eda Social. Para m\u00e1s informaci\u00f3n: https:\/\/www.upo.es\/formacionpermanente\/microcredenciales\/emprender-en-economia-social\/<\/p>\n","protected":false},"author":3,"featured_media":0,"comment_status":"open","ping_status":"closed","template":"","meta":{"_tribe_events_status":"","_tribe_events_status_reason":"","footnotes":""},"tags":[],"tribe_events_cat":[],"class_list":["post-396","tribe_events","type-tribe_events","status-publish","hentry"],"yoast_head":"<!-- This site is optimized with the Yoast SEO plugin v24.7 - https:\/\/yoast.com\/wordpress\/plugins\/seo\/ -->\n<title>Inicio Curso Emprender en Econom\u00eda Social - C\u00e1tedra Emprendimiento Social e Innovaci\u00f3n Empresarial en Econom\u00eda Social<\/title>\n<meta name=\"robots\" content=\"index, follow, max-snippet:-1, max-image-preview:large, max-video-preview:-1\" \/>\n<link rel=\"canonical\" href=\"https:\/\/www.upo.es\/catedraemprendimientosocial\/evento\/inicio-curso-emprender-en-economia-social\/\" \/>\n<meta property=\"og:locale\" content=\"es_ES\" \/>\n<meta property=\"og:type\" content=\"article\" \/>\n<meta property=\"og:title\" content=\"Inicio Curso Emprender en Econom\u00eda Social - C\u00e1tedra Emprendimiento Social e Innovaci\u00f3n Empresarial en Econom\u00eda Social\" \/>\n<meta property=\"og:description\" content=\"El pr\u00f3ximo 28 de Septiembre tendr\u00e1 inicio el Curso EMPRENDER EN ECONOM\u00cdA SOCIAL, organizado por la C\u00e1tedra de Emprendimiento e Innovaci\u00f3n Empresarial en Econom\u00eda Social. Para m\u00e1s informaci\u00f3n: https:\/\/www.upo.es\/formacionpermanente\/microcredenciales\/emprender-en-economia-social\/\" \/>\n<meta property=\"og:url\" content=\"https:\/\/www.upo.es\/catedraemprendimientosocial\/evento\/inicio-curso-emprender-en-economia-social\/\" \/>\n<meta property=\"og:site_name\" content=\"C\u00e1tedra Emprendimiento Social e Innovaci\u00f3n Empresarial en Econom\u00eda Social\" \/>\n<meta property=\"article:modified_time\" content=\"2026-02-16T18:26:47+00:00\" \/>\n<meta name=\"twitter:card\" content=\"summary_large_image\" \/>\n<meta name=\"twitter:label1\" content=\"Tiempo de lectura\" \/>\n\t<meta name=\"twitter:data1\" content=\"1 minuto\" \/>\n<script type=\"application\/ld+json\" class=\"yoast-schema-graph\">{\"@context\":\"https:\/\/schema.org\",\"@graph\":[{\"@type\":\"WebPage\",\"@id\":\"https:\/\/www.upo.es\/catedraemprendimientosocial\/evento\/inicio-curso-emprender-en-economia-social\/\",\"url\":\"https:\/\/www.upo.es\/catedraemprendimientosocial\/evento\/inicio-curso-emprender-en-economia-social\/\",\"name\":\"Inicio Curso Emprender en Econom\u00eda Social - C\u00e1tedra Emprendimiento Social e Innovaci\u00f3n Empresarial en Econom\u00eda Social\",\"isPartOf\":{\"@id\":\"https:\/\/www.upo.es\/catedraemprendimientosocial\/#website\"},\"datePublished\":\"2026-02-16T18:24:03+00:00\",\"dateModified\":\"2026-02-16T18:26:47+00:00\",\"breadcrumb\":{\"@id\":\"https:\/\/www.upo.es\/catedraemprendimientosocial\/evento\/inicio-curso-emprender-en-economia-social\/#breadcrumb\"},\"inLanguage\":\"es\",\"potentialAction\":[{\"@type\":\"ReadAction\",\"target\":[\"https:\/\/www.upo.es\/catedraemprendimientosocial\/evento\/inicio-curso-emprender-en-economia-social\/\"]}]},{\"@type\":\"BreadcrumbList\",\"@id\":\"https:\/\/www.upo.es\/catedraemprendimientosocial\/evento\/inicio-curso-emprender-en-economia-social\/#breadcrumb\",\"itemListElement\":[{\"@type\":\"ListItem\",\"position\":1,\"name\":\"Portada\",\"item\":\"https:\/\/www.upo.es\/catedraemprendimientosocial\/\"},{\"@type\":\"ListItem\",\"position\":2,\"name\":\"Eventos\",\"item\":\"https:\/\/www.upo.es\/catedraemprendimientosocial\/eventos\/\"},{\"@type\":\"ListItem\",\"position\":3,\"name\":\"Inicio Curso Emprender en Econom\u00eda Social\"}]},{\"@type\":\"WebSite\",\"@id\":\"https:\/\/www.upo.es\/catedraemprendimientosocial\/#website\",\"url\":\"https:\/\/www.upo.es\/catedraemprendimientosocial\/\",\"name\":\"C\u00e1tedra Emprendimiento e Innovaci\u00f3n Empresarial en Econom\u00eda Social - Universidad Pablo de Olavide\",\"description\":\"\",\"publisher\":{\"@id\":\"https:\/\/www.upo.es\/catedraemprendimientosocial\/#organization\"},\"potentialAction\":[{\"@type\":\"SearchAction\",\"target\":{\"@type\":\"EntryPoint\",\"urlTemplate\":\"https:\/\/www.upo.es\/catedraemprendimientosocial\/?s={search_term_string}\"},\"query-input\":{\"@type\":\"PropertyValueSpecification\",\"valueRequired\":true,\"valueName\":\"search_term_string\"}}],\"inLanguage\":\"es\"},{\"@type\":\"Organization\",\"@id\":\"https:\/\/www.upo.es\/catedraemprendimientosocial\/#organization\",\"name\":\"C\u00e1tedra Emprendimiento e Innovaci\u00f3n Empresarial en Econom\u00eda Social - Universidad Pablo de Olavide\",\"url\":\"https:\/\/www.upo.es\/catedraemprendimientosocial\/\",\"logo\":{\"@type\":\"ImageObject\",\"inLanguage\":\"es\",\"@id\":\"https:\/\/www.upo.es\/catedraemprendimientosocial\/#\/schema\/logo\/image\/\",\"url\":\"https:\/\/www.upo.es\/catedraemprendimientosocial\/wp-content\/uploads\/2025\/03\/Logo-Catedra-Economia-Social.png\",\"contentUrl\":\"https:\/\/www.upo.es\/catedraemprendimientosocial\/wp-content\/uploads\/2025\/03\/Logo-Catedra-Economia-Social.png\",\"width\":963,\"height\":300,\"caption\":\"C\u00e1tedra Emprendimiento e Innovaci\u00f3n Empresarial en Econom\u00eda Social - Universidad Pablo de Olavide\"},\"image\":{\"@id\":\"https:\/\/www.upo.es\/catedraemprendimientosocial\/#\/schema\/logo\/image\/\"}}]}<\/script>\n<!-- \/ Yoast SEO plugin. -->","yoast_head_json":{"title":"Inicio Curso Emprender en Econom\u00eda Social - C\u00e1tedra Emprendimiento Social e Innovaci\u00f3n Empresarial en Econom\u00eda Social","robots":{"index":"index","follow":"follow","max-snippet":"max-snippet:-1","max-image-preview":"max-image-preview:large","max-video-preview":"max-video-preview:-1"},"canonical":"https:\/\/www.upo.es\/catedraemprendimientosocial\/evento\/inicio-curso-emprender-en-economia-social\/","og_locale":"es_ES","og_type":"article","og_title":"Inicio Curso Emprender en Econom\u00eda Social - C\u00e1tedra Emprendimiento Social e Innovaci\u00f3n Empresarial en Econom\u00eda Social","og_description":"El pr\u00f3ximo 28 de Septiembre tendr\u00e1 inicio el Curso EMPRENDER EN ECONOM\u00cdA SOCIAL, organizado por la C\u00e1tedra de Emprendimiento e Innovaci\u00f3n Empresarial en Econom\u00eda Social. Para m\u00e1s informaci\u00f3n: https:\/\/www.upo.es\/formacionpermanente\/microcredenciales\/emprender-en-economia-social\/","og_url":"https:\/\/www.upo.es\/catedraemprendimientosocial\/evento\/inicio-curso-emprender-en-economia-social\/","og_site_name":"C\u00e1tedra Emprendimiento Social e Innovaci\u00f3n Empresarial en Econom\u00eda Social","article_modified_time":"2026-02-16T18:26:47+00:00","twitter_card":"summary_large_image","twitter_misc":{"Tiempo de lectura":"1 minuto"},"schema":{"@context":"https:\/\/schema.org","@graph":[{"@type":"WebPage","@id":"https:\/\/www.upo.es\/catedraemprendimientosocial\/evento\/inicio-curso-emprender-en-economia-social\/","url":"https:\/\/www.upo.es\/catedraemprendimientosocial\/evento\/inicio-curso-emprender-en-economia-social\/","name":"Inicio Curso Emprender en Econom\u00eda Social - C\u00e1tedra Emprendimiento Social e Innovaci\u00f3n Empresarial en Econom\u00eda Social","isPartOf":{"@id":"https:\/\/www.upo.es\/catedraemprendimientosocial\/#website"},"datePublished":"2026-02-16T18:24:03+00:00","dateModified":"2026-02-16T18:26:47+00:00","breadcrumb":{"@id":"https:\/\/www.upo.es\/catedraemprendimientosocial\/evento\/inicio-curso-emprender-en-economia-social\/#breadcrumb"},"inLanguage":"es","potentialAction":[{"@type":"ReadAction","target":["https:\/\/www.upo.es\/catedraemprendimientosocial\/evento\/inicio-curso-emprender-en-economia-social\/"]}]},{"@type":"BreadcrumbList","@id":"https:\/\/www.upo.es\/catedraemprendimientosocial\/evento\/inicio-curso-emprender-en-economia-social\/#breadcrumb","itemListElement":[{"@type":"ListItem","position":1,"name":"Portada","item":"https:\/\/www.upo.es\/catedraemprendimientosocial\/"},{"@type":"ListItem","position":2,"name":"Eventos","item":"https:\/\/www.upo.es\/catedraemprendimientosocial\/eventos\/"},{"@type":"ListItem","position":3,"name":"Inicio Curso Emprender en Econom\u00eda Social"}]},{"@type":"WebSite","@id":"https:\/\/www.upo.es\/catedraemprendimientosocial\/#website","url":"https:\/\/www.upo.es\/catedraemprendimientosocial\/","name":"C\u00e1tedra Emprendimiento e Innovaci\u00f3n Empresarial en Econom\u00eda Social - Universidad Pablo de Olavide","description":"","publisher":{"@id":"https:\/\/www.upo.es\/catedraemprendimientosocial\/#organization"},"potentialAction":[{"@type":"SearchAction","target":{"@type":"EntryPoint","urlTemplate":"https:\/\/www.upo.es\/catedraemprendimientosocial\/?s={search_term_string}"},"query-input":{"@type":"PropertyValueSpecification","valueRequired":true,"valueName":"search_term_string"}}],"inLanguage":"es"},{"@type":"Organization","@id":"https:\/\/www.upo.es\/catedraemprendimientosocial\/#organization","name":"C\u00e1tedra Emprendimiento e Innovaci\u00f3n Empresarial en Econom\u00eda Social - Universidad Pablo de Olavide","url":"https:\/\/www.upo.es\/catedraemprendimientosocial\/","logo":{"@type":"ImageObject","inLanguage":"es","@id":"https:\/\/www.upo.es\/catedraemprendimientosocial\/#\/schema\/logo\/image\/","url":"https:\/\/www.upo.es\/catedraemprendimientosocial\/wp-content\/uploads\/2025\/03\/Logo-Catedra-Economia-Social.png","contentUrl":"https:\/\/www.upo.es\/catedraemprendimientosocial\/wp-content\/uploads\/2025\/03\/Logo-Catedra-Economia-Social.png","width":963,"height":300,"caption":"C\u00e1tedra Emprendimiento e Innovaci\u00f3n Empresarial en Econom\u00eda Social - Universidad Pablo de Olavide"},"image":{"@id":"https:\/\/www.upo.es\/catedraemprendimientosocial\/#\/schema\/logo\/image\/"}}]}},"_links":{"self":[{"href":"https:\/\/www.upo.es\/catedraemprendimientosocial\/wp-json\/wp\/v2\/tribe_events\/396","targetHints":{"allow":["GET"]}}],"collection":[{"href":"https:\/\/www.upo.es\/catedraemprendimientosocial\/wp-json\/wp\/v2\/tribe_events"}],"about":[{"href":"https:\/\/www.upo.es\/catedraemprendimientosocial\/wp-json\/wp\/v2\/types\/tribe_events"}],"author":[{"embeddable":true,"href":"https:\/\/www.upo.es\/catedraemprendimientosocial\/wp-json\/wp\/v2\/users\/3"}],"replies":[{"embeddable":true,"href":"https:\/\/www.upo.es\/catedraemprendimientosocial\/wp-json\/wp\/v2\/comments?post=396"}],"version-history":[{"count":2,"href":"https:\/\/www.upo.es\/catedraemprendimientosocial\/wp-json\/wp\/v2\/tribe_events\/396\/revisions"}],"predecessor-version":[{"id":398,"href":"https:\/\/www.upo.es\/catedraemprendimientosocial\/wp-json\/wp\/v2\/tribe_events\/396\/revisions\/398"}],"wp:attachment":[{"href":"https:\/\/www.upo.es\/catedraemprendimientosocial\/wp-json\/wp\/v2\/media?parent=396"}],"wp:term":[{"taxonomy":"post_tag","embeddable":true,"href":"https:\/\/www.upo.es\/catedraemprendimientosocial\/wp-json\/wp\/v2\/tags?post=396"},{"taxonomy":"tribe_events_cat","embeddable":true,"href":"https:\/\/www.upo.es\/catedraemprendimientosocial\/wp-json\/wp\/v2\/tribe_events_cat?post=396"}],"curies":[{"name":"wp","href":"https:\/\/api.w.org\/{rel}","templated":true}]}}

Inicio Curso Emprender en Economía Social

<p>El próximo <strong>28 de Septiembre</strong> tendrá inicio el Curso <strong>EMPRENDER EN ECONOMÍA SOCIAL</strong>, organizado por la Cátedra de Emprendimiento e Innovación Empresarial en Economía Social.</p>
<p>Para más información: <a href="https://www.upo.es/formacionpermanente/microcredenciales/emprender-en-economia-social/">https://www.upo.es/formacionpermanente/microcredenciales/emprender-en-economia-social/</a></p>

<p>El próximo 28 de Septiembre tendrá inicio el Curso EMPRENDER EN ECONOMÍA SOCIAL, organizado por la Cátedra de Emprendimiento e Innovación Empresarial en Economía Social. Para más información: https://www.upo.es/formacionpermanente/microcredenciales/emprender-en-economia-social/</p>

<!-- This site is optimized with the Yoast SEO plugin v24.7 - https://yoast.com/wordpress/plugins/seo/ -->
<title>Inicio Curso Emprender en Economía Social - Cátedra Emprendimiento Social e Innovación Empresarial en Economía Social</title>
<meta name="robots" content="index, follow, max-snippet:-1, max-image-preview:large, max-video-preview:-1" />
<link rel="canonical" href="https://www.upo.es/catedraemprendimientosocial/evento/inicio-curso-emprender-en-economia-social/" />
<meta property="og:locale" content="es_ES" />
<meta property="og:type" content="article" />
<meta property="og:title" content="Inicio Curso Emprender en Economía Social - Cátedra Emprendimiento Social e Innovación Empresarial en Economía Social" />
<meta property="og:description" content="El próximo 28 de Septiembre tendrá inicio el Curso EMPRENDER EN ECONOMÍA SOCIAL, organizado por la Cátedra de Emprendimiento e Innovación Empresarial en Economía Social. Para más información: https://www.upo.es/formacionpermanente/microcredenciales/emprender-en-economia-social/" />
<meta property="og:url" content="https://www.upo.es/catedraemprendimientosocial/evento/inicio-curso-emprender-en-economia-social/" />
<meta property="og:site_name" content="Cátedra Emprendimiento Social e Innovación Empresarial en Economía Social" />
<meta property="article:modified_time" content="2026-02-16T18:26:47+00:00" />
<meta name="twitter:card" content="summary_large_image" />
<meta name="twitter:label1" content="Tiempo de lectura" />
	<meta name="twitter:data1" content="1 minuto" />
<script type="application/ld+json" class="yoast-schema-graph">{"@context":"https://schema.org","@graph":[{"@type":"WebPage","@id":"https://www.upo.es/catedraemprendimientosocial/evento/inicio-curso-emprender-en-economia-social/","url":"https://www.upo.es/catedraemprendimientosocial/evento/inicio-curso-emprender-en-economia-social/","name":"Inicio Curso Emprender en Economía Social - Cátedra Emprendimiento Social e Innovación Empresarial en Economía Social","isPartOf":{"@id":"https://www.upo.es/catedraemprendimientosocial/#website"},"datePublished":"2026-02-16T18:24:03+00:00","dateModified":"2026-02-16T18:26:47+00:00","breadcrumb":{"@id":"https://www.upo.es/catedraemprendimientosocial/evento/inicio-curso-emprender-en-economia-social/#breadcrumb"},"inLanguage":"es","potentialAction":[{"@type":"ReadAction","target":["https://www.upo.es/catedraemprendimientosocial/evento/inicio-curso-emprender-en-economia-social/"]}]},{"@type":"BreadcrumbList","@id":"https://www.upo.es/catedraemprendimientosocial/evento/inicio-curso-emprender-en-economia-social/#breadcrumb","itemListElement":[{"@type":"ListItem","position":1,"name":"Portada","item":"https://www.upo.es/catedraemprendimientosocial/"},{"@type":"ListItem","position":2,"name":"Eventos","item":"https://www.upo.es/catedraemprendimientosocial/eventos/"},{"@type":"ListItem","position":3,"name":"Inicio Curso Emprender en Economía Social"}]},{"@type":"WebSite","@id":"https://www.upo.es/catedraemprendimientosocial/#website","url":"https://www.upo.es/catedraemprendimientosocial/","name":"Cátedra Emprendimiento e Innovación Empresarial en Economía Social - Universidad Pablo de Olavide","description":"","publisher":{"@id":"https://www.upo.es/catedraemprendimientosocial/#organization"},"potentialAction":[{"@type":"SearchAction","target":{"@type":"EntryPoint","urlTemplate":"https://www.upo.es/catedraemprendimientosocial/?s={search_term_string}"},"query-input":{"@type":"PropertyValueSpecification","valueRequired":true,"valueName":"search_term_string"}}],"inLanguage":"es"},{"@type":"Organization","@id":"https://www.upo.es/catedraemprendimientosocial/#organization","name":"Cátedra Emprendimiento e Innovación Empresarial en Economía Social - Universidad Pablo de Olavide","url":"https://www.upo.es/catedraemprendimientosocial/","logo":{"@type":"ImageObject","inLanguage":"es","@id":"https://www.upo.es/catedraemprendimientosocial/#/schema/logo/image/","url":"https://www.upo.es/catedraemprendimientosocial/wp-content/uploads/2025/03/Logo-Catedra-Economia-Social.png","contentUrl":"https://www.upo.es/catedraemprendimientosocial/wp-content/uploads/2025/03/Logo-Catedra-Economia-Social.png","width":963,"height":300,"caption":"Cátedra Emprendimiento e Innovación Empresarial en Economía Social - Universidad Pablo de Olavide"},"image":{"@id":"https://www.upo.es/catedraemprendimientosocial/#/schema/logo/image/"}}]}</script>
<!-- / Yoast SEO plugin. -->

Inicio Curso Emprender en Economía Social - Cátedra Emprendimiento Social e Innovación Empresarial en Economía Social

El próximo 28 de Septiembre tendrá inicio el Curso EMPRENDER EN ECONOMÍA SOCIAL, organizado por la Cátedra de Emprendimiento e Innovación Empresarial en Economía Social. Para más información: https://www.upo.es/formacionpermanente/microcredenciales/emprender-en-economia-social/

Cátedra Emprendimiento Social e Innovación Empresarial en Economía Social

Cátedra Emprendimiento e Innovación Empresarial en Economía Social - Universidad Pablo de Olavide
