{"id":2,"date":"2014-06-16T09:26:53","date_gmt":"2014-06-16T09:26:53","guid":{"rendered":"http:\/\/eufrates.upo.es\/ceiba\/?page_id=2"},"modified":"2019-01-08T08:34:34","modified_gmt":"2019-01-08T08:34:34","slug":"sample-page","status":"publish","type":"page","link":"https:\/\/www.upo.es\/ceiba\/sample-page\/","title":{"rendered":"CeIBA"},"content":{"rendered":"<p><a href=\"https:\/\/www.upo.es\/ceiba\/wp-content\/uploads\/2014\/08\/CeIBA1.jpg\"><img loading=\"lazy\" class=\"size-medium wp-image-85 aligncenter\" src=\"https:\/\/www.upo.es\/ceiba\/wp-content\/uploads\/2014\/08\/CeIBA1-263x300.jpg\" alt=\"\" width=\"263\" height=\"300\" srcset=\"https:\/\/www.upo.es\/ceiba\/wp-content\/uploads\/2014\/08\/CeIBA1-263x300.jpg 263w, https:\/\/www.upo.es\/ceiba\/wp-content\/uploads\/2014\/08\/CeIBA1.jpg 634w\" sizes=\"(max-width: 263px) 100vw, 263px\" \/><\/a><\/p>\n<p style=\"text-align: left;\">El CeIBA es un centro de investigaci\u00f3n interuniversitario dedicado al estudio de la cultura barroca. Tomando como punto de partida los Grupos de Investigaci\u00f3n afines de las Universidades Jaume I de Castell\u00f3n, Pablo de Olavide de Sevilla y Santiago de Compostela, se pretende que el CEIBA sea un centro de referencia para la investigaci\u00f3n, docencia y difusi\u00f3n de las diferentes manifestaciones art\u00edsticas y culturales asociadas con el Barroco. Calidad, compromiso y multidisciplinariedad son las premisas que alientan a este Centro.<\/p>\n","protected":false},"excerpt":{"rendered":"<p>El CeIBA es un centro de investigaci\u00f3n interuniversitario dedicado al estudio de la cultura barroca. Tomando como punto de partida los Grupos de Investigaci\u00f3n afines de las Universidades Jaume I de Castell\u00f3n, Pablo de Olavide de Sevilla y Santiago de Compostela, se pretende que el CEIBA sea un centro de referencia para la investigaci\u00f3n, docencia y difusi\u00f3n de las diferentes manifestaciones art\u00edsticas y culturales asociadas con el Barroco. Calidad, compromiso y multidisciplinariedad son las premisas que alientan a este Centro.<\/p>\n","protected":false},"author":1,"featured_media":0,"parent":0,"menu_order":0,"comment_status":"open","ping_status":"open","template":"","meta":[],"_links":{"self":[{"href":"https:\/\/www.upo.es\/ceiba\/wp-json\/wp\/v2\/pages\/2"}],"collection":[{"href":"https:\/\/www.upo.es\/ceiba\/wp-json\/wp\/v2\/pages"}],"about":[{"href":"https:\/\/www.upo.es\/ceiba\/wp-json\/wp\/v2\/types\/page"}],"author":[{"embeddable":true,"href":"https:\/\/www.upo.es\/ceiba\/wp-json\/wp\/v2\/users\/1"}],"replies":[{"embeddable":true,"href":"https:\/\/www.upo.es\/ceiba\/wp-json\/wp\/v2\/comments?post=2"}],"version-history":[{"count":10,"href":"https:\/\/www.upo.es\/ceiba\/wp-json\/wp\/v2\/pages\/2\/revisions"}],"predecessor-version":[{"id":575,"href":"https:\/\/www.upo.es\/ceiba\/wp-json\/wp\/v2\/pages\/2\/revisions\/575"}],"wp:attachment":[{"href":"https:\/\/www.upo.es\/ceiba\/wp-json\/wp\/v2\/media?parent=2"}],"curies":[{"name":"wp","href":"https:\/\/api.w.org\/{rel}","templated":true}]}}