{"id":593,"date":"2019-02-13T08:20:08","date_gmt":"2019-02-13T08:20:08","guid":{"rendered":"https:\/\/www.upo.es\/ceiba\/?page_id=593"},"modified":"2025-10-15T05:55:39","modified_gmt":"2025-10-15T05:55:39","slug":"novedades","status":"publish","type":"page","link":"https:\/\/www.upo.es\/ceiba\/","title":{"rendered":"Novedades"},"content":{"rendered":"\n<figure class=\"wp-block-image size-large\"><img src=\"blob:https:\/\/www.upo.es\/bfd81118-3d2b-492b-bc27-9e7c2de27865\" alt=\"\"\/><\/figure>\n\n\n\n<h1 class=\"has-text-align-center\"><\/h1>\n\n\n\n<div class=\"wp-container-1 wp-block-buttons\">\n<div class=\"wp-block-button is-style-fill\"><a class=\"wp-block-button__link\" href=\"https:\/\/www.upo.es\/catedra-barroco-carmona\/\">Acceso a la C\u00e1tedra de Estudios del Barroco Iberoamericano. Sede Olavide en Carmona<\/a><\/div>\n<\/div>\n\n\n\n<hr class=\"wp-block-separator has-alpha-channel-opacity\"\/>\n\n\n\n<\/h2>\n<h2><a href=\"https:\/\/www.upo.es\/ceiba\/ceiba-sede-carmona\/\"><em>Horas Barrocas<\/em> <strong>Barroco y empresas funerarias. Tradiciones e invenciones del espacio, Buenos Aires, siglo XX<\/strong><\/a><\/h2>\n<h2>\n\n\n\n<\/h2>\n<p>Conferencia de David dal Castello &#8211; Universidad de Buenos Aires<\/p>\n<h2>\n\n\n\n<\/h2>\n<p><strong>Casa Mud\u00e9jar &#8211; C\/ Ancha s\/n, Carmona. 20 de junio de 2022, 20:30.<\/strong><\/p>\n<h2>\n\n\n\n<\/h2>\n<p>Organiza: C\u00e1tedra de Estudios del Barroco Iberoamericano<\/p>\n<p><a href=\"https:\/\/www.upo.es\/ceiba\/wp-content\/uploads\/2022\/06\/Conferencia-David-dal-Castello.jpg\"><img loading=\"lazy\" class=\"alignnone size-full wp-image-834\" src=\"https:\/\/www.upo.es\/ceiba\/wp-content\/uploads\/2022\/06\/Conferencia-David-dal-Castello.jpg\" alt=\"\" width=\"1280\" height=\"720\" srcset=\"https:\/\/www.upo.es\/ceiba\/wp-content\/uploads\/2022\/06\/Conferencia-David-dal-Castello.jpg 1280w, https:\/\/www.upo.es\/ceiba\/wp-content\/uploads\/2022\/06\/Conferencia-David-dal-Castello-300x169.jpg 300w, https:\/\/www.upo.es\/ceiba\/wp-content\/uploads\/2022\/06\/Conferencia-David-dal-Castello-1024x576.jpg 1024w, https:\/\/www.upo.es\/ceiba\/wp-content\/uploads\/2022\/06\/Conferencia-David-dal-Castello-768x432.jpg 768w, https:\/\/www.upo.es\/ceiba\/wp-content\/uploads\/2022\/06\/Conferencia-David-dal-Castello-480x270.jpg 480w\" sizes=\"(max-width: 1280px) 100vw, 1280px\" \/><\/a><\/p>\n<h2>\n\n\n<h2><a href=\"https:\/\/www.upo.es\/ceiba\/ceiba-sede-carmona\/\"><strong>Seminario El Martirio Romano y la Santidad Barroca<\/strong><\/a><\/h2>\n<p><strong>Museo de Bellas Artes de Sevilla \u2013 Sala de Exposiciones Temporales<\/strong>.&nbsp;<strong>22, 23 y 24 de junio de 2022<\/strong><\/p>\n<div class=\"wp-block-group\">\n<div class=\"wp-block-group__inner-container\">\n<div class=\"wp-block-group\">\n<div class=\"wp-block-group__inner-container\">\n<p>Organiza:<\/p>\n<\/div>\n<\/div>\n<\/div>\n<\/div>\n<ul>\n<li>Museo de Bellas Artes de Sevilla. Junta de Andaluc\u00eda.<\/li>\n<li>\u00c1rea de Historia del Arte. Universidad Pablo de Olavide.<\/li>\n<li>Departamento de Historia Moderna. Universidad de Sevilla<\/li>\n<\/ul>\n<p><span style=\"font-size: inherit;\">Colabora: C\u00e1tedra de Estudios del Barroco Iberoamericano. Sede Olavide en Carmona<\/span><\/p>\n<p><a href=\"https:\/\/www.upo.es\/ceiba\/wp-content\/uploads\/2022\/06\/MUSEO-BBAA_04.pdf\"><img loading=\"lazy\" class=\"alignnone wp-image-819 size-full\" src=\"https:\/\/www.upo.es\/ceiba\/wp-content\/uploads\/2022\/06\/MUSEO-BBAA_Definitiva-1_page-0001-1.jpg\" alt=\"\" width=\"1241\" height=\"1754\" srcset=\"https:\/\/www.upo.es\/ceiba\/wp-content\/uploads\/2022\/06\/MUSEO-BBAA_Definitiva-1_page-0001-1.jpg 1241w, https:\/\/www.upo.es\/ceiba\/wp-content\/uploads\/2022\/06\/MUSEO-BBAA_Definitiva-1_page-0001-1-212x300.jpg 212w, https:\/\/www.upo.es\/ceiba\/wp-content\/uploads\/2022\/06\/MUSEO-BBAA_Definitiva-1_page-0001-1-725x1024.jpg 725w, https:\/\/www.upo.es\/ceiba\/wp-content\/uploads\/2022\/06\/MUSEO-BBAA_Definitiva-1_page-0001-1-768x1085.jpg 768w, https:\/\/www.upo.es\/ceiba\/wp-content\/uploads\/2022\/06\/MUSEO-BBAA_Definitiva-1_page-0001-1-1087x1536.jpg 1087w, https:\/\/www.upo.es\/ceiba\/wp-content\/uploads\/2022\/06\/MUSEO-BBAA_Definitiva-1_page-0001-1-191x270.jpg 191w\" sizes=\"(max-width: 1241px) 100vw, 1241px\" \/><\/a><\/p>\n\n\n<p><a href=\"https:\/\/www.upo.es\/ceiba\/wp-content\/uploads\/2022\/06\/MUSEO-BBAA_DOSSIER-EXPO-MARTIRES_04.pdf\">https:\/\/www.upo.es\/ceiba\/wp-content\/uploads\/2022\/06\/MUSEO-BBAA_DOSSIER-EXPO-MARTIRES_04.pdf<\/a><\/p>\n\n\n\n<h2><strong><a href=\"https:\/\/www.upo.es\/ceiba\/ceiba-sede-carmona\/\">Presentaci\u00f3n del libro <em>Lady Ann y el embajador ingl\u00e9s viajan a Sevilla (Primavera de 1664)<\/em><\/a><\/strong><\/h2>\n\n\n\n<p><strong>Sede Olavide en Carmona &#8211; Palacio de los Briones, c\/ Ram\u00f3n y Cajal n\u00ba9, Carmona &#8211; 25 de mayo de 2022, 20:00h<\/strong><\/p>\n\n\n\n<p>Organiza: C\u00e1tedra de Estudios del Barroco Iberoamericano<\/p>\n\n\n\n<figure class=\"wp-block-image size-large\"><img loading=\"lazy\" width=\"1024\" height=\"576\" src=\"https:\/\/www.upo.es\/ceiba\/wp-content\/uploads\/2022\/05\/Cartel-Presentaci\u00f3n-Libro-2-1024x576.jpg\" alt=\"\" class=\"wp-image-782\" srcset=\"https:\/\/www.upo.es\/ceiba\/wp-content\/uploads\/2022\/05\/Cartel-Presentaci\u00f3n-Libro-2-1024x576.jpg 1024w, https:\/\/www.upo.es\/ceiba\/wp-content\/uploads\/2022\/05\/Cartel-Presentaci\u00f3n-Libro-2-300x169.jpg 300w, https:\/\/www.upo.es\/ceiba\/wp-content\/uploads\/2022\/05\/Cartel-Presentaci\u00f3n-Libro-2-768x432.jpg 768w, https:\/\/www.upo.es\/ceiba\/wp-content\/uploads\/2022\/05\/Cartel-Presentaci\u00f3n-Libro-2-480x270.jpg 480w, https:\/\/www.upo.es\/ceiba\/wp-content\/uploads\/2022\/05\/Cartel-Presentaci\u00f3n-Libro-2.jpg 1280w\" sizes=\"(max-width: 1024px) 100vw, 1024px\" \/><\/figure>\n\n\n\n<h3><\/h3>\n\n\n<h2><a href=\"https:\/\/www.upo.es\/ceiba\/ceiba-sede-carmona\/\"><strong><em>Esplendor Barroco.<\/em> La orfebrer\u00eda en el Nuevo Reino de Granada.<\/strong><\/a><\/h2>\n<p>Conferencia de Marta Fajardo de Rueda &#8211; Universidad Nacional de Colombia<\/p>\n<p><strong>Sede de la C\u00e1tedra de Estudios del Barroco Iberoamericano en Carmona (Casa Mud\u00e9jar Carmona) &#8211; 24 de mayo, 20:30h<\/strong><\/p>\n<p>Organiza: C\u00e1tedra de Estudios del Barroco Iberoamericano<\/p>\n<p><a href=\"https:\/\/www.upo.es\/ceiba\/wp-content\/uploads\/2022\/05\/cartelconferencia_MartaFajardo-2.jpeg\"><img loading=\"lazy\" class=\"alignnone size-full wp-image-797\" src=\"https:\/\/www.upo.es\/ceiba\/wp-content\/uploads\/2022\/05\/cartelconferencia_MartaFajardo-2.jpeg\" alt=\"\" width=\"938\" height=\"1286\" srcset=\"https:\/\/www.upo.es\/ceiba\/wp-content\/uploads\/2022\/05\/cartelconferencia_MartaFajardo-2.jpeg 938w, https:\/\/www.upo.es\/ceiba\/wp-content\/uploads\/2022\/05\/cartelconferencia_MartaFajardo-2-219x300.jpeg 219w, https:\/\/www.upo.es\/ceiba\/wp-content\/uploads\/2022\/05\/cartelconferencia_MartaFajardo-2-747x1024.jpeg 747w, https:\/\/www.upo.es\/ceiba\/wp-content\/uploads\/2022\/05\/cartelconferencia_MartaFajardo-2-768x1053.jpeg 768w, https:\/\/www.upo.es\/ceiba\/wp-content\/uploads\/2022\/05\/cartelconferencia_MartaFajardo-2-197x270.jpeg 197w\" sizes=\"(max-width: 938px) 100vw, 938px\" \/><\/a><\/p>\n<h3>&nbsp;<\/h3>\n<h2><a href=\"https:\/\/www.upo.es\/ceiba\/ceiba-sede-carmona\/\">Creaci\u00f3n de la Sede en Carmona del Centro de Estudios del Barroco Iberoamericano<\/a><\/h2>\n<h3>&nbsp;<\/h3>\n<p><iframe loading=\"lazy\" title=\"Creaci\u00f3n de la C\u00e1tedra de Estudios del Barroco \/ La Olavide se une a Carmona-Patrimonio Mundial\" width=\"640\" height=\"360\" src=\"https:\/\/www.youtube.com\/embed\/wtsu7y7VuNs?feature=oembed\" frameborder=\"0\" allow=\"accelerometer; autoplay; clipboard-write; encrypted-media; gyroscope; picture-in-picture; web-share\" referrerpolicy=\"strict-origin-when-cross-origin\" allowfullscreen><\/iframe><\/p>\n<h3>&nbsp;<\/h3>\n<h3>&nbsp;<\/h3>\n<h3><a href=\"https:\/\/jovenesceiba.com\/\">IV Simposio Internacional J\u00f3venes<\/a><a href=\"https:\/\/jovenesceiba.com\/\"> Investigadores del Barroco Iberoamericano \u00abLas orillas del Barroco\u00bb<\/a><\/h3>\n<h3><strong><br><\/strong>Universidad de Extremadura<\/h3>\n<p>C\u00e1ceres \u2013 Trujillo \u2013 Guadalupe,&nbsp;10, 11 y 12 de abril de 2019<\/p>\n<ul>\n<li><a href=\"https:\/\/www.upo.es\/ceiba\/wp-content\/uploads\/2019\/04\/Programa-IV-Simposio-Jo\u0301venes-Extremadura-2019.pdf\">Programa, comunicaciones y ponentes<\/a><\/li>\n<li><a href=\"https:\/\/www.upo.es\/ceiba\/wp-content\/uploads\/2019\/04\/Concierto-Du\u0301o-Orfeo-2019.pdf\">Folleto concierto<\/a><\/li>\n<\/ul>\n<p><a href=\"https:\/\/www.upo.es\/ceiba\/wp-content\/uploads\/2019\/02\/Captura-de-pantalla-2019-03-31-a-las-20.29.38.png\"><img loading=\"lazy\" class=\"wp-image-687 aligncenter\" src=\"https:\/\/www.upo.es\/ceiba\/wp-content\/uploads\/2019\/02\/Captura-de-pantalla-2019-03-31-a-las-20.29.38.png\" alt=\"\" width=\"666\" height=\"485\" srcset=\"https:\/\/www.upo.es\/ceiba\/wp-content\/uploads\/2019\/02\/Captura-de-pantalla-2019-03-31-a-las-20.29.38.png 1228w, https:\/\/www.upo.es\/ceiba\/wp-content\/uploads\/2019\/02\/Captura-de-pantalla-2019-03-31-a-las-20.29.38-300x219.png 300w, https:\/\/www.upo.es\/ceiba\/wp-content\/uploads\/2019\/02\/Captura-de-pantalla-2019-03-31-a-las-20.29.38-768x560.png 768w, https:\/\/www.upo.es\/ceiba\/wp-content\/uploads\/2019\/02\/Captura-de-pantalla-2019-03-31-a-las-20.29.38-1024x746.png 1024w, https:\/\/www.upo.es\/ceiba\/wp-content\/uploads\/2019\/02\/Captura-de-pantalla-2019-03-31-a-las-20.29.38-370x270.png 370w\" sizes=\"(max-width: 666px) 100vw, 666px\" \/><\/a><\/p>\n<hr>\n<h3><a href=\"https:\/\/www.upo.es\/ceiba\/wp-content\/uploads\/2019\/02\/53576327_1944953685613130_6354184869236441088_n.jpg\">El Barroco Latinoamericano desde la perspectiva de migraci\u00f3n. Seminario Internacional: \u00abCaracol. Migraci\u00f3n y Patrimonio Cultural\u00bb. Sede: Universidad Pablo de Olavide, Depto. de Geograf\u00eda, Historia y Filosof\u00eda<\/a>.<\/h3>\n<p>Sevilla, 27-31 de mayo de 2019<a href=\"https:\/\/www.upo.es\/ceiba\/wp-content\/uploads\/2019\/02\/53576327_1944953685613130_6354184869236441088_n.jpg\"><img loading=\"lazy\" class=\"wp-image-672 aligncenter\" src=\"https:\/\/www.upo.es\/ceiba\/wp-content\/uploads\/2019\/02\/53576327_1944953685613130_6354184869236441088_n.jpg\" alt=\"\" width=\"519\" height=\"587\" srcset=\"https:\/\/www.upo.es\/ceiba\/wp-content\/uploads\/2019\/02\/53576327_1944953685613130_6354184869236441088_n.jpg 850w, https:\/\/www.upo.es\/ceiba\/wp-content\/uploads\/2019\/02\/53576327_1944953685613130_6354184869236441088_n-266x300.jpg 266w, https:\/\/www.upo.es\/ceiba\/wp-content\/uploads\/2019\/02\/53576327_1944953685613130_6354184869236441088_n-768x867.jpg 768w, https:\/\/www.upo.es\/ceiba\/wp-content\/uploads\/2019\/02\/53576327_1944953685613130_6354184869236441088_n-239x270.jpg 239w\" sizes=\"(max-width: 519px) 100vw, 519px\" \/><\/a><\/p>\n<hr>\n<h3><a href=\"https:\/\/www.upo.es\/ceiba\/wp-content\/uploads\/2019\/02\/I-Seminario-Patrimonio-Barroco-Iberoamericano-2-Murcia.pdf\">I Seminario Internacional: El Patrimonio Barroco Iberoamericano.<\/a><\/h3>\n<p>Murcia, 20-21 de marzo de 2019<\/p>\n<p><a href=\"https:\/\/www.upo.es\/ceiba\/wp-content\/uploads\/2019\/02\/I-Seminario-Patrimonio-Barroco-Iberoamericano-2-Murcia-1_pages-to-jpg-0001.jpg\"><img loading=\"lazy\" class=\" wp-image-667 aligncenter\" src=\"https:\/\/www.upo.es\/ceiba\/wp-content\/uploads\/2019\/02\/I-Seminario-Patrimonio-Barroco-Iberoamericano-2-Murcia-1_pages-to-jpg-0001.jpg\" alt=\"\" width=\"601\" height=\"424\" srcset=\"https:\/\/www.upo.es\/ceiba\/wp-content\/uploads\/2019\/02\/I-Seminario-Patrimonio-Barroco-Iberoamericano-2-Murcia-1_pages-to-jpg-0001.jpg 1755w, https:\/\/www.upo.es\/ceiba\/wp-content\/uploads\/2019\/02\/I-Seminario-Patrimonio-Barroco-Iberoamericano-2-Murcia-1_pages-to-jpg-0001-300x212.jpg 300w, https:\/\/www.upo.es\/ceiba\/wp-content\/uploads\/2019\/02\/I-Seminario-Patrimonio-Barroco-Iberoamericano-2-Murcia-1_pages-to-jpg-0001-768x543.jpg 768w, https:\/\/www.upo.es\/ceiba\/wp-content\/uploads\/2019\/02\/I-Seminario-Patrimonio-Barroco-Iberoamericano-2-Murcia-1_pages-to-jpg-0001-1024x724.jpg 1024w, https:\/\/www.upo.es\/ceiba\/wp-content\/uploads\/2019\/02\/I-Seminario-Patrimonio-Barroco-Iberoamericano-2-Murcia-1_pages-to-jpg-0001-382x270.jpg 382w\" sizes=\"(max-width: 601px) 100vw, 601px\" \/><\/a><\/p>\n<hr>\n<h3><a href=\"https:\/\/www.upo.es\/ceiba\/wp-content\/uploads\/2019\/02\/dossierfinal.pdf\">Tornaviaje. <em>Espa\u00f1a\/Nueva Espa\u00f1a (siglos XVI-XIX).<\/em><\/a><em>&nbsp;&#8211; <a href=\"https:\/\/www.upo.es\/ceiba\/wp-content\/uploads\/2014\/11\/TORNAVIAJE_PROGRAMA03.pdf\">Programa del simposio internacional (7-8 de marzo). <\/a><a href=\"https:\/\/www.upo.es\/ceiba\/wp-content\/uploads\/2019\/02\/folleto_prueba1.pdf\">&#8211; Folleto de la exposici\u00f3n fotogr\u00e1fica (7-31 de marzo, AGI, Sevilla).<\/a><\/em><\/h3>\n<p>Sevilla, 7-8 de marzo de 2019&nbsp;<a href=\"https:\/\/www.upo.es\/ceiba\/wp-content\/uploads\/2019\/02\/TORNAVIAJE_PROGRAMA02.pdf\"><img loading=\"lazy\" class=\"wp-image-643 aligncenter\" src=\"https:\/\/www.upo.es\/ceiba\/wp-content\/uploads\/2019\/02\/enara02.jpg\" alt=\"\" width=\"255\" height=\"616\" srcset=\"https:\/\/www.upo.es\/ceiba\/wp-content\/uploads\/2019\/02\/enara02.jpg 710w, https:\/\/www.upo.es\/ceiba\/wp-content\/uploads\/2019\/02\/enara02-124x300.jpg 124w, https:\/\/www.upo.es\/ceiba\/wp-content\/uploads\/2019\/02\/enara02-424x1024.jpg 424w, https:\/\/www.upo.es\/ceiba\/wp-content\/uploads\/2019\/02\/enara02-112x270.jpg 112w\" sizes=\"(max-width: 255px) 100vw, 255px\" \/><\/a><\/p>\n<hr>\n<h3><a href=\"https:\/\/www.upo.es\/ceiba\/wp-content\/uploads\/2019\/02\/Pintura-ilusionista-bien.pdf\">La pintura ilusionista entre Europa y Am\u00e9rica. Disposiciones formales y din\u00e1micas culturales.&nbsp;<em>Disposi\u00e7oes formais e din\u00e2micas culturais.<\/em><\/a><\/h3>\n<p>Sevilla, 18-19 de febrero de 2019<a href=\"https:\/\/www.upo.es\/ceiba\/wp-content\/uploads\/2019\/02\/Pintura-ilusionista-bien.pdf\"><img loading=\"lazy\" class=\"wp-image-609 aligncenter\" src=\"https:\/\/www.upo.es\/ceiba\/wp-content\/uploads\/2019\/02\/Pintura-ilusionista-bien-1-1-001.jpg\" alt=\"\" width=\"320\" height=\"452\" srcset=\"https:\/\/www.upo.es\/ceiba\/wp-content\/uploads\/2019\/02\/Pintura-ilusionista-bien-1-1-001.jpg 1191w, https:\/\/www.upo.es\/ceiba\/wp-content\/uploads\/2019\/02\/Pintura-ilusionista-bien-1-1-001-212x300.jpg 212w, https:\/\/www.upo.es\/ceiba\/wp-content\/uploads\/2019\/02\/Pintura-ilusionista-bien-1-1-001-768x1086.jpg 768w, https:\/\/www.upo.es\/ceiba\/wp-content\/uploads\/2019\/02\/Pintura-ilusionista-bien-1-1-001-724x1024.jpg 724w, https:\/\/www.upo.es\/ceiba\/wp-content\/uploads\/2019\/02\/Pintura-ilusionista-bien-1-1-001-191x270.jpg 191w\" sizes=\"(max-width: 320px) 100vw, 320px\" \/><\/a><\/p>\n<hr>\n<h3><a href=\"https:\/\/www.upo.es\/ceiba\/wp-content\/uploads\/2014\/11\/expansio\u0301n.pdf\">Expansi\u00f3n ultramarina e imaginaci\u00f3n cartogr\u00e1fica: el caso de la&nbsp;<em>Tierra Austral Inc\u00f3gnita&nbsp;<\/em>(s. XVI-XVIII)<\/a><\/h3>\n<p>Sevilla, 15 de febrero de 2019<\/p>\n<p><a href=\"https:\/\/www.upo.es\/ceiba\/wp-content\/uploads\/2014\/11\/expansio\u0301n.pdf\"><img loading=\"lazy\" class=\"wp-image-599 aligncenter\" src=\"https:\/\/www.upo.es\/ceiba\/wp-content\/uploads\/2019\/02\/Sin-ti\u0301tulo-3.jpg\" alt=\"\" width=\"528\" height=\"330\" srcset=\"https:\/\/www.upo.es\/ceiba\/wp-content\/uploads\/2019\/02\/Sin-ti\u0301tulo-3.jpg 1754w, https:\/\/www.upo.es\/ceiba\/wp-content\/uploads\/2019\/02\/Sin-ti\u0301tulo-3-300x188.jpg 300w, https:\/\/www.upo.es\/ceiba\/wp-content\/uploads\/2019\/02\/Sin-ti\u0301tulo-3-768x481.jpg 768w, https:\/\/www.upo.es\/ceiba\/wp-content\/uploads\/2019\/02\/Sin-ti\u0301tulo-3-1024x641.jpg 1024w, https:\/\/www.upo.es\/ceiba\/wp-content\/uploads\/2019\/02\/Sin-ti\u0301tulo-3-431x270.jpg 431w\" sizes=\"(max-width: 528px) 100vw, 528px\" \/><\/a><\/p>\n<hr>\n<h3><a href=\"https:\/\/www.upo.es\/ceiba\/roma-2018\/presentacion\/\"><em><strong>A la Luz de Roma.&nbsp;<\/strong><\/em><em><strong>Santos y santidad en el barroco iberoamericano<br><\/strong><\/em><\/a>Simposio de la Red&nbsp;<strong><em>Universo Barroco Iberoamericano<\/em><\/strong><\/h3>\n<p>Roma, 17-20 de Septiembre de 2018<br>Organizado por las Universidades: Pablo de Olavide, Universidad de Sevilla y Universit\u00e0 degli Studi Roma Tre y el Centro Studi Cultura e Immagine di Roma.<\/p>\n<p><a href=\"https:\/\/www.upo.es\/ceiba\/wp-content\/uploads\/2018\/02\/Simposio_A_la_luz_de_Roma_2018-1.pdf\"><img loading=\"lazy\" class=\"wp-image-603 aligncenter\" src=\"https:\/\/www.upo.es\/ceiba\/wp-content\/uploads\/2019\/02\/portada.png\" alt=\"\" width=\"538\" height=\"410\" srcset=\"https:\/\/www.upo.es\/ceiba\/wp-content\/uploads\/2019\/02\/portada.png 864w, https:\/\/www.upo.es\/ceiba\/wp-content\/uploads\/2019\/02\/portada-300x228.png 300w, https:\/\/www.upo.es\/ceiba\/wp-content\/uploads\/2019\/02\/portada-768x585.png 768w, https:\/\/www.upo.es\/ceiba\/wp-content\/uploads\/2019\/02\/portada-355x270.png 355w\" sizes=\"(max-width: 538px) 100vw, 538px\" \/><\/a><\/p>\n\n\n<figure class=\"wp-block-image\"><img alt=\"\"\/><\/figure>\n\n\n\n<p><\/p>\n\n\n\n<figure class=\"wp-block-image\"><img alt=\"\"\/><\/figure>\n","protected":false},"excerpt":{"rendered":"<p>Horas Barrocas Barroco y empresas funerarias. Tradiciones e invenciones del espacio, Buenos Aires, siglo XX Conferencia de David dal Castello &#8211; Universidad de Buenos Aires Casa Mud\u00e9jar &#8211; C\/ Ancha s\/n, Carmona. 20 de junio de 2022, 20:30. Organiza: C\u00e1tedra de Estudios del Barroco Iberoamericano Seminario El Martirio Romano y la Santidad Barroca Museo de Bellas Artes de Sevilla \u2013 Sala de Exposiciones Temporales.&nbsp;22, 23 y 24 de junio de 2022 Organiza: Museo de Bellas Artes de Sevilla. Junta de&#8230;<\/p>\n<p class=\"read-more\"><a class=\"btn btn-default\" href=\"https:\/\/www.upo.es\/ceiba\/\">Leer m\u00e1s<span class=\"screen-reader-text\"> Leer m\u00e1s<\/span><\/a><\/p>\n","protected":false},"author":1,"featured_media":0,"parent":0,"menu_order":0,"comment_status":"closed","ping_status":"closed","template":"","meta":[],"_links":{"self":[{"href":"https:\/\/www.upo.es\/ceiba\/wp-json\/wp\/v2\/pages\/593"}],"collection":[{"href":"https:\/\/www.upo.es\/ceiba\/wp-json\/wp\/v2\/pages"}],"about":[{"href":"https:\/\/www.upo.es\/ceiba\/wp-json\/wp\/v2\/types\/page"}],"author":[{"embeddable":true,"href":"https:\/\/www.upo.es\/ceiba\/wp-json\/wp\/v2\/users\/1"}],"replies":[{"embeddable":true,"href":"https:\/\/www.upo.es\/ceiba\/wp-json\/wp\/v2\/comments?post=593"}],"version-history":[{"count":55,"href":"https:\/\/www.upo.es\/ceiba\/wp-json\/wp\/v2\/pages\/593\/revisions"}],"predecessor-version":[{"id":859,"href":"https:\/\/www.upo.es\/ceiba\/wp-json\/wp\/v2\/pages\/593\/revisions\/859"}],"wp:attachment":[{"href":"https:\/\/www.upo.es\/ceiba\/wp-json\/wp\/v2\/media?parent=593"}],"curies":[{"name":"wp","href":"https:\/\/api.w.org\/{rel}","templated":true}]}}