{"id":2074,"date":"2025-03-20T13:02:39","date_gmt":"2025-03-20T12:02:39","guid":{"rendered":"https:\/\/www.upo.es\/ceicambio\/?page_id=2074"},"modified":"2026-01-20T10:32:24","modified_gmt":"2026-01-20T09:32:24","slug":"proyectos","status":"publish","type":"page","link":"https:\/\/www.upo.es\/ceicambio\/proyectos\/","title":{"rendered":"Proyectos"},"content":{"rendered":"<div class=\"wpb-content-wrapper\">[vc_row full_width=\u00bbstretch_row_content\u00bb][vc_column]<div  class=\"clear swmsc_gap\" style=\"margin:30px 0 0 0;\"><\/div><div  class=\"center\" ><div style=\"font-size:18px; color:#888888; font-weight:normal; line-height:30px;\">\n\t\t\t\t\tPrincipales proyectos que se realizan desde el CEICambio.\n\t\t\t\t\t<\/div><\/div><div  class=\"clear swmsc_gap\" style=\"margin:70px 0 0 0;\"><\/div><div  class=\"swmsc_full_width_section\" style=\" background-color:#ffffff;background-size: auto;  padding-top:0px; padding-bottom:50px; margin-top:0px; margin-bottom:0px;  \">\n\t\t\t\t\t\t<div class=\"swmsc_container\">\n\t\t\t\t\t\t\t[vc_row_inner equal_height=\u00bbyes\u00bb][vc_column_inner]<div   >\n\t\t\t\t\t\t<div class=\"swmsc_service_box\" style=\"background-color:#ffffff;;border:2px solid #e6e6e6; border-radius:0 30px 0 30px;margin-bottom:20px;\">\n\t\t\t\t\t\t\t<div class=\"swmsc_service_box_content auto_width\" style=\"padding:20px; border-radius:0 30px 0 30px;\">\n\t\t\t\t\t\t\t\t<div   >\n\t\t\t\t\t\t<div class=\"swmsc_services_images swmsc_responsive_services swmsc_services_item_center\" data-responsive=\"767\" data-margin=\"20\" >\n\t\t\t\t\t\t\t\t<div class=\"swmsc_services_item_holder\" style=\"margin-bottom:20px;\">\n\t\t\t\t\t\t\t\t<span>\n\t\t\t\t\t\t\t\t\t<a href=\"plan-complementario\"  target=\"_self\"><img decoding=\"async\" src=\"https:\/\/www.upo.es\/ceicambio\/wp-content\/uploads\/2024\/12\/arbol_363x400.png\" alt=\"\" style=\"border:0px solid #e6e6e6; border-radius:0; padding:0px;\" \/><\/a>\n\t\t\t\t\t\t\t\t<\/span>\n\t\t\t\t\t\t\t<\/div>\n\t\t\t\t\t\t\t<div class=\"swmsc_services_image_content\">\n\t\t\t\t\t\t\t\t<h5 style=\"margin-bottom:10px;\"><a href=\"plan-complementario\" style=\"font-size:24px; color:#444444;\"  target=\"_self\">Plan Complementario de Biodiversidad Andaluz<\/a><\/h5>\n\t\t\t\t\t\t\t\tDise\u00f1o, validaci\u00f3n e implementaci\u00f3n de una red de seguimiento del papel de la biodiversidad y los servicios ecosist\u00e9micos en ambientes antropizados, en Andaluc\u00eda.\n\t\t\t\t\t\t\t\t<div class=\"clear\"><\/div>\n\t\t\t\t\t\t\t\t<\/div>\n\t\t\t\t\t\t\t<div class=\"clear\"><\/div>\n\t\t\t\t\t\t<\/div>\n\t\t\t\t\t\t<div class=\"clear\"><\/div>\n\t\t\t\t\t<\/div>\n\t\t\t\t\t\t\t\t<div class=\"clear\"><\/div>\n\t\t\t\t\t\t\t<\/div>\n\t\t\t\t\t\t<\/div>\n\t\t\t\t\t<\/div>[\/vc_column_inner][\/vc_row_inner]\n\t\t\t\t\t\t\t<div class=\"clear\"><\/div>\n\t\t\t\t\t\t<\/div>\n\t\t\t\t\t<\/div><div  class=\"swmsc_full_width_section\" style=\" background-color:#ffffff;background-size: auto;  padding-top:0px; padding-bottom:50px; margin-top:0px; margin-bottom:0px;  \">\n\t\t\t\t\t\t<div class=\"swmsc_container\">\n\t\t\t\t\t\t\t[vc_row_inner equal_height=\u00bbyes\u00bb][vc_column_inner width=\u00bb1\/4&#8243;]<div   >\n\t\t\t\t\t\t<div class=\"swmsc_service_box\" style=\"background-color:#ffffff;;border:2px solid #e6e6e6; border-radius:0 30px 0 30px;margin-bottom:20px;\">\n\t\t\t\t\t\t\t<div class=\"swmsc_service_box_content auto_width\" style=\"padding:20px; border-radius:0 30px 0 30px;\">\n\t\t\t\t\t\t\t\t<div   >\n\t\t\t\t\t\t<div class=\"swmsc_services_images swmsc_responsive_services swmsc_services_item_center\" data-responsive=\"767\" data-margin=\"20\" >\n\t\t\t\t\t\t\t\t<div class=\"swmsc_services_item_holder\" style=\"margin-bottom:20px;\">\n\t\t\t\t\t\t\t\t<span>\n\t\t\t\t\t\t\t\t\t<img decoding=\"async\" src=\"https:\/\/www.upo.es\/ceicambio\/wp-content\/uploads\/2025\/03\/rumblar.png\" alt=\"\" style=\"border:0px solid #e6e6e6; border-radius:0; padding:0px;\" \/>\n\t\t\t\t\t\t\t\t<\/span>\n\t\t\t\t\t\t\t<\/div>\n\t\t\t\t\t\t\t<div class=\"swmsc_services_image_content\">\n\t\t\t\t\t\t\t\t<h5 style=\"font-size:20px; color:#444444;margin-bottom:10px;\">RUMBLAR (UJA)<\/h5>\n\t\t\t\t\t\t\t\tHerramientas 3D para la mejora de la gesti\u00f3n y la calidad de la red de agua en alta. El caso del pantano del Rumblar. \u00a0M\u00aa Isabel Ramos Gal\u00e1n\n\t\t\t\t\t\t\t\t<div class=\"clear\"><\/div>\n\t\t\t\t\t\t\t\t<\/div>\n\t\t\t\t\t\t\t<div class=\"clear\"><\/div>\n\t\t\t\t\t\t<\/div>\n\t\t\t\t\t\t<div class=\"clear\"><\/div>\n\t\t\t\t\t<\/div>\n\t\t\t\t\t\t\t\t<div class=\"clear\"><\/div>\n\t\t\t\t\t\t\t<\/div>\n\t\t\t\t\t\t<\/div>\n\t\t\t\t\t<\/div>[\/vc_column_inner][vc_column_inner width=\u00bb1\/4&#8243;]<div   >\n\t\t\t\t\t\t<div class=\"swmsc_service_box\" style=\"background-color:#ffffff;;border:2px solid #e6e6e6; border-radius:0 30px 0 30px;margin-bottom:20px;\">\n\t\t\t\t\t\t\t<div class=\"swmsc_service_box_content auto_width\" style=\"padding:20px; border-radius:0 30px 0 30px;\">\n\t\t\t\t\t\t\t\t<div   >\n\t\t\t\t\t\t<div class=\"swmsc_services_images swmsc_responsive_services swmsc_services_item_center\" data-responsive=\"767\" data-margin=\"20\" >\n\t\t\t\t\t\t\t\t<div class=\"swmsc_services_item_holder\" style=\"margin-bottom:20px;\">\n\t\t\t\t\t\t\t\t<span>\n\t\t\t\t\t\t\t\t\t<img decoding=\"async\" src=\"https:\/\/www.upo.es\/ceicambio\/wp-content\/uploads\/2025\/03\/semba.png\" alt=\"\" style=\"border:0px solid #e6e6e6; border-radius:0; padding:0px;\" \/>\n\t\t\t\t\t\t\t\t<\/span>\n\t\t\t\t\t\t\t<\/div>\n\t\t\t\t\t\t\t<div class=\"swmsc_services_image_content\">\n\t\t\t\t\t\t\t\t<h5 style=\"font-size:20px; color:#444444;margin-bottom:10px;\">SEMBA (UPO)<\/h5>\n\t\t\t\t\t\t\t\tGesti\u00f3n Integrada para el control de aportes de agua y sedimentos en Sistemas de Embalses de la cuenca del Guadalquivir. \u00a0M\u00aa Jos\u00e9 Polo G.\n\t\t\t\t\t\t\t\t<div class=\"clear\"><\/div>\n\t\t\t\t\t\t\t\t<\/div>\n\t\t\t\t\t\t\t<div class=\"clear\"><\/div>\n\t\t\t\t\t\t<\/div>\n\t\t\t\t\t\t<div class=\"clear\"><\/div>\n\t\t\t\t\t<\/div>\n\t\t\t\t\t\t\t\t<div class=\"clear\"><\/div>\n\t\t\t\t\t\t\t<\/div>\n\t\t\t\t\t\t<\/div>\n\t\t\t\t\t<\/div>[\/vc_column_inner][vc_column_inner width=\u00bb1\/4&#8243;]<div   >\n\t\t\t\t\t\t<div class=\"swmsc_service_box\" style=\"background-color:#ffffff;;border:2px solid #e6e6e6; border-radius:0 30px 0 30px;margin-bottom:20px;\">\n\t\t\t\t\t\t\t<div class=\"swmsc_service_box_content auto_width\" style=\"padding:20px; border-radius:0 30px 0 30px;\">\n\t\t\t\t\t\t\t\t<div   >\n\t\t\t\t\t\t<div class=\"swmsc_services_images swmsc_responsive_services swmsc_services_item_center\" data-responsive=\"767\" data-margin=\"20\" >\n\t\t\t\t\t\t\t\t<div class=\"swmsc_services_item_holder\" style=\"margin-bottom:20px;\">\n\t\t\t\t\t\t\t\t<span>\n\t\t\t\t\t\t\t\t\t<img decoding=\"async\" src=\"https:\/\/www.upo.es\/ceicambio\/wp-content\/uploads\/2025\/03\/aihodiel.png\" alt=\"\" style=\"border:0px solid #e6e6e6; border-radius:0; padding:0px;\" \/>\n\t\t\t\t\t\t\t\t<\/span>\n\t\t\t\t\t\t\t<\/div>\n\t\t\t\t\t\t\t<div class=\"swmsc_services_image_content\">\n\t\t\t\t\t\t\t\t<h5 style=\"font-size:20px; color:#444444;margin-bottom:10px;\">AIHODIEL (UHU)<\/h5>\n\t\t\t\t\t\t\t\tProyecto singular: <em>Adquisici\u00f3n de Informaci\u00f3n Hidrol\u00f3gica para la mejora del estado del r\u00edo Odiel<\/em>. Carlos Ruiz Ca\u0301novas.\n\t\t\t\t\t\t\t\t<div class=\"clear\"><\/div>\n\t\t\t\t\t\t\t\t<\/div>\n\t\t\t\t\t\t\t<div class=\"clear\"><\/div>\n\t\t\t\t\t\t<\/div>\n\t\t\t\t\t\t<div class=\"clear\"><\/div>\n\t\t\t\t\t<\/div>\n\t\t\t\t\t\t\t\t<div class=\"clear\"><\/div>\n\t\t\t\t\t\t\t<\/div>\n\t\t\t\t\t\t<\/div>\n\t\t\t\t\t<\/div>[\/vc_column_inner][vc_column_inner width=\u00bb1\/4&#8243;]<div   >\n\t\t\t\t\t\t<div class=\"swmsc_service_box\" style=\"background-color:#ffffff;;border:2px solid #e6e6e6; border-radius:0 30px 0 30px;margin-bottom:20px;\">\n\t\t\t\t\t\t\t<div class=\"swmsc_service_box_content auto_width\" style=\"padding:20px; border-radius:0 30px 0 30px;\">\n\t\t\t\t\t\t\t\t<div   >\n\t\t\t\t\t\t<div class=\"swmsc_services_images swmsc_responsive_services swmsc_services_item_center\" data-responsive=\"767\" data-margin=\"20\" >\n\t\t\t\t\t\t\t\t<div class=\"swmsc_services_item_holder\" style=\"margin-bottom:20px;\">\n\t\t\t\t\t\t\t\t<span>\n\t\t\t\t\t\t\t\t\t<a href=\"https:\/\/www.transdma.es\/es\/\"  target=\"_blank\"><img decoding=\"async\" src=\"https:\/\/www.upo.es\/ceicambio\/wp-content\/uploads\/2024\/12\/transdma_logo_400x363.png\" alt=\"\" style=\"border:0px solid #e6e6e6; border-radius:0; padding:0px;\" \/><\/a>\n\t\t\t\t\t\t\t\t<\/span>\n\t\t\t\t\t\t\t<\/div>\n\t\t\t\t\t\t\t<div class=\"swmsc_services_image_content\">\n\t\t\t\t\t\t\t\t<h5 style=\"margin-bottom:10px;\"><a href=\"https:\/\/www.transdma.es\/es\/\" style=\"font-size:24px; color:#444444;\"  target=\"_blank\">TransDMA<\/a><\/h5>\n\t\t\t\t\t\t\t\tProyecto Singular de Actuaciones de transferencia de conocimiento.<br \/>\nAdaptaci\u00f3n de la Directiva Marco del Agua a la realidad Andaluza:<em> El estuario del Guadalquivir como modelo de gesti\u00f3n integrada<\/em>.\n\t\t\t\t\t\t\t\t<div class=\"clear\"><\/div>\n\t\t\t\t\t\t\t\t<\/div>\n\t\t\t\t\t\t\t<div class=\"clear\"><\/div>\n\t\t\t\t\t\t<\/div>\n\t\t\t\t\t\t<div class=\"clear\"><\/div>\n\t\t\t\t\t<\/div>\n\t\t\t\t\t\t\t\t<div class=\"clear\"><\/div>\n\t\t\t\t\t\t\t<\/div>\n\t\t\t\t\t\t<\/div>\n\t\t\t\t\t<\/div>[\/vc_column_inner][\/vc_row_inner]\n\t\t\t\t\t\t\t<div class=\"clear\"><\/div>\n\t\t\t\t\t\t<\/div>\n\t\t\t\t\t<\/div>[\/vc_column][\/vc_row]\n<\/div>","protected":false},"excerpt":{"rendered":"<p>[vc_row full_width=\u00bbstretch_row_content\u00bb][vc_column][\/vc_column][\/vc_row]<\/p>\n","protected":false},"author":2,"featured_media":0,"parent":0,"menu_order":0,"comment_status":"closed","ping_status":"closed","template":"templates\/100-width.php","meta":{"give_campaign_id":0,"footnotes":""},"class_list":["post-2074","page","type-page","status-publish","hentry"],"campaignId":"","_links":{"self":[{"href":"https:\/\/www.upo.es\/ceicambio\/wp-json\/wp\/v2\/pages\/2074","targetHints":{"allow":["GET"]}}],"collection":[{"href":"https:\/\/www.upo.es\/ceicambio\/wp-json\/wp\/v2\/pages"}],"about":[{"href":"https:\/\/www.upo.es\/ceicambio\/wp-json\/wp\/v2\/types\/page"}],"author":[{"embeddable":true,"href":"https:\/\/www.upo.es\/ceicambio\/wp-json\/wp\/v2\/users\/2"}],"replies":[{"embeddable":true,"href":"https:\/\/www.upo.es\/ceicambio\/wp-json\/wp\/v2\/comments?post=2074"}],"version-history":[{"count":17,"href":"https:\/\/www.upo.es\/ceicambio\/wp-json\/wp\/v2\/pages\/2074\/revisions"}],"predecessor-version":[{"id":2445,"href":"https:\/\/www.upo.es\/ceicambio\/wp-json\/wp\/v2\/pages\/2074\/revisions\/2445"}],"wp:attachment":[{"href":"https:\/\/www.upo.es\/ceicambio\/wp-json\/wp\/v2\/media?parent=2074"}],"curies":[{"name":"wp","href":"https:\/\/api.w.org\/{rel}","templated":true}]}}