{"id":2167,"date":"2025-05-29T10:34:47","date_gmt":"2025-05-29T08:34:47","guid":{"rendered":"https:\/\/www.upo.es\/ceicambio\/?post_type=tribe_events&#038;p=2167"},"modified":"2025-05-29T10:36:15","modified_gmt":"2025-05-29T08:36:15","slug":"jornada-la-lucha-por-el-agua-extractivismo-minero-biodiversidad-y-movimientos-sociales","status":"publish","type":"tribe_events","link":"https:\/\/www.upo.es\/ceicambio\/evento\/jornada-la-lucha-por-el-agua-extractivismo-minero-biodiversidad-y-movimientos-sociales\/","title":{"rendered":"Jornada: \u00abLa lucha por el agua: extractivismo minero, biodiversidad y movimientos sociales\u00bb"},"content":{"rendered":"<p>La defensa de la biodiversidad y del agua se han convertido en un eje articulador de la lucha de los movimientos sociales que se enfrentan a los intereses de las pol\u00edticas extractivistas. En los \u00faltimos a\u00f1os asistimos a un crecimiento incesante de la actividad minera que pone en riesgo diferentes socioecosistemas y el derecho al agua. En estas jornadas nos aproximaremos a trav\u00e9s del jurista y defensor ambiental ecuatoriano Yaku\u00a0P\u00e9rez y del antrop\u00f3logo y activista contra la depredaci\u00f3n miner\u00eda en Andaluc\u00eda, F\u00e9lix Talego a un debate necesario que pone en cuesti\u00f3n las pol\u00edticas crecentistas y la necesidad de repensar las vinculaciones entre los humanos y el medio, en el que es preciso articular lla reflexi\u00f3n acad\u00e9mica y la acci\u00f3n social.<\/p>\n<p>Esta actividad est\u00e1 organizada por el el Campus de Excelencia Internacional de Medio Ambiente, Biodiversidad y Cambio Global (CEI Cambio) junto al Departamento de Antropolog\u00eda Social, Psicolog\u00eda B\u00e1sica y Salud P\u00fablica de la Universidad Pablo de Olavide.<\/p>\n<ul>\n<li>Fecha: 10 de junio de 2025<\/li>\n<li>Hora: 11:00-13:00<\/li>\n<li>Lugar: Sala de grados 2 de la biblioteca (sala CEI Cambio, 1\u00aa planta)<\/li>\n<\/ul>\n<p>Actividad gratuita y abierta a todas las personas interesadas en la tem\u00e1tica<\/p>\n<p>&nbsp;<\/p>\n<p><img loading=\"lazy\" decoding=\"async\" class=\"alignnone wp-image-1707\" src=\"https:\/\/www.upo.es\/ceicambio\/wp-content\/uploads\/2024\/12\/financiadores-planComplementario-300x42.png\" alt=\"Financiadores\" width=\"671\" height=\"94\" srcset=\"https:\/\/www.upo.es\/ceicambio\/wp-content\/uploads\/2024\/12\/financiadores-planComplementario-300x42.png 300w, https:\/\/www.upo.es\/ceicambio\/wp-content\/uploads\/2024\/12\/financiadores-planComplementario-1024x142.png 1024w, https:\/\/www.upo.es\/ceicambio\/wp-content\/uploads\/2024\/12\/financiadores-planComplementario-768x107.png 768w, https:\/\/www.upo.es\/ceicambio\/wp-content\/uploads\/2024\/12\/financiadores-planComplementario-1536x214.png 1536w, https:\/\/www.upo.es\/ceicambio\/wp-content\/uploads\/2024\/12\/financiadores-planComplementario.png 2000w\" sizes=\"auto, (max-width: 671px) 100vw, 671px\" \/><\/p>\n","protected":false},"excerpt":{"rendered":"<p>En estas jornadas nos aproximaremos a trav\u00e9s del jurista y defensor ambiental ecuatoriano Yaku\u00a0P\u00e9rez y del antrop\u00f3logo y activista contra la depredaci\u00f3n miner\u00eda en Andaluc\u00eda, F\u00e9lix Talego a un debate necesario que pone en cuesti\u00f3n las pol\u00edticas crecentistas y la necesidad de repensar las vinculaciones entre los humanos y el medio, en el que es preciso articular lla reflexi\u00f3n acad\u00e9mica y la acci\u00f3n social.<\/p>\n","protected":false},"author":1,"featured_media":2168,"template":"","meta":{"give_campaign_id":0,"_tribe_events_status":"","_tribe_events_status_reason":"","footnotes":""},"tags":[],"tribe_events_cat":[],"class_list":["post-2167","tribe_events","type-tribe_events","status-publish","has-post-thumbnail","hentry"],"_links":{"self":[{"href":"https:\/\/www.upo.es\/ceicambio\/wp-json\/wp\/v2\/tribe_events\/2167","targetHints":{"allow":["GET"]}}],"collection":[{"href":"https:\/\/www.upo.es\/ceicambio\/wp-json\/wp\/v2\/tribe_events"}],"about":[{"href":"https:\/\/www.upo.es\/ceicambio\/wp-json\/wp\/v2\/types\/tribe_events"}],"author":[{"embeddable":true,"href":"https:\/\/www.upo.es\/ceicambio\/wp-json\/wp\/v2\/users\/1"}],"version-history":[{"count":2,"href":"https:\/\/www.upo.es\/ceicambio\/wp-json\/wp\/v2\/tribe_events\/2167\/revisions"}],"predecessor-version":[{"id":2170,"href":"https:\/\/www.upo.es\/ceicambio\/wp-json\/wp\/v2\/tribe_events\/2167\/revisions\/2170"}],"wp:featuredmedia":[{"embeddable":true,"href":"https:\/\/www.upo.es\/ceicambio\/wp-json\/wp\/v2\/media\/2168"}],"wp:attachment":[{"href":"https:\/\/www.upo.es\/ceicambio\/wp-json\/wp\/v2\/media?parent=2167"}],"wp:term":[{"taxonomy":"post_tag","embeddable":true,"href":"https:\/\/www.upo.es\/ceicambio\/wp-json\/wp\/v2\/tags?post=2167"},{"taxonomy":"tribe_events_cat","embeddable":true,"href":"https:\/\/www.upo.es\/ceicambio\/wp-json\/wp\/v2\/tribe_events_cat?post=2167"}],"curies":[{"name":"wp","href":"https:\/\/api.w.org\/{rel}","templated":true}]}}

<p>La defensa de la biodiversidad y del agua se han convertido en un eje articulador de la lucha de los movimientos sociales que se enfrentan a los intereses de las políticas extractivistas. En los últimos años asistimos a un crecimiento incesante de la actividad minera que pone en riesgo diferentes socioecosistemas y el derecho al agua. En estas jornadas nos aproximaremos a través del jurista y defensor ambiental ecuatoriano Yaku Pérez y del antropólogo y activista contra la depredación minería en Andalucía, Félix Talego a un debate necesario que pone en cuestión las políticas crecentistas y la necesidad de repensar las vinculaciones entre los humanos y el medio, en el que es preciso articular lla reflexión académica y la acción social.</p>
<p>Esta actividad está organizada por el el Campus de Excelencia Internacional de Medio Ambiente, Biodiversidad y Cambio Global (CEI Cambio) junto al Departamento de Antropología Social, Psicología Básica y Salud Pública de la Universidad Pablo de Olavide.</p>
<ul>
<li>Fecha: 10 de junio de 2025</li>
<li>Hora: 11:00-13:00</li>
<li>Lugar: Sala de grados 2 de la biblioteca (sala CEI Cambio, 1ª planta)</li>
</ul>
<p>Actividad gratuita y abierta a todas las personas interesadas en la temática</p>
<p>&nbsp;</p>
<p><img loading="lazy" decoding="async" class="alignnone wp-image-1707" src="https://www.upo.es/ceicambio/wp-content/uploads/2024/12/financiadores-planComplementario-300x42.png" alt="Financiadores" width="671" height="94" srcset="https://www.upo.es/ceicambio/wp-content/uploads/2024/12/financiadores-planComplementario-300x42.png 300w, https://www.upo.es/ceicambio/wp-content/uploads/2024/12/financiadores-planComplementario-1024x142.png 1024w, https://www.upo.es/ceicambio/wp-content/uploads/2024/12/financiadores-planComplementario-768x107.png 768w, https://www.upo.es/ceicambio/wp-content/uploads/2024/12/financiadores-planComplementario-1536x214.png 1536w, https://www.upo.es/ceicambio/wp-content/uploads/2024/12/financiadores-planComplementario.png 2000w" sizes="auto, (max-width: 671px) 100vw, 671px" /></p>

<p>En estas jornadas nos aproximaremos a través del jurista y defensor ambiental ecuatoriano Yaku Pérez y del antropólogo y activista contra la depredación minería en Andalucía, Félix Talego a un debate necesario que pone en cuestión las políticas crecentistas y la necesidad de repensar las vinculaciones entre los humanos y el medio, en el que es preciso articular lla reflexión académica y la acción social.</p>
