{"id":2274,"date":"2025-09-25T14:01:34","date_gmt":"2025-09-25T12:01:34","guid":{"rendered":"https:\/\/www.upo.es\/ceicambio\/?post_type=tribe_events&#038;p=2274"},"modified":"2025-11-25T10:44:23","modified_gmt":"2025-11-25T09:44:23","slug":"martes-ornitologicos-en-la-upo-3","status":"publish","type":"tribe_events","link":"https:\/\/www.upo.es\/ceicambio\/evento\/martes-ornitologicos-en-la-upo-3\/","title":{"rendered":"Martes Ornitol\u00f3gicos en la UPO"},"content":{"rendered":"<h3 data-start=\"193\" data-end=\"219\">Martes Ornitol\u00f3gicos &#8211; Diciembre<\/h3>\n<p class=\"ng-star-inserted\"><span class=\"ng-star-inserted\">En esta nueva edici\u00f3n de los\u00a0<\/span><strong class=\"ng-star-inserted\"><span class=\"ng-star-inserted\">Martes Ornitol\u00f3gicos<\/span><\/strong><span class=\"ng-star-inserted\">, celebramos tres d\u00e9cadas de dedicaci\u00f3n a la ornitolog\u00eda y la conservaci\u00f3n de la naturaleza con el\u00a0<\/span><strong class=\"ng-star-inserted\"><span class=\"ng-star-inserted\">Grupo Local SEO Sevilla<\/span><\/strong><span class=\"ng-star-inserted\">. Bajo el t\u00edtulo\u00a0<\/span><span class=\"ng-star-inserted\">\u00abSEO Sevilla: 30 a\u00f1os (1995-2025)\u00bb<\/span><span class=\"ng-star-inserted\">, realizaremos un viaje a trav\u00e9s de la historia de este colectivo fundamental para la biodiversidad hispalense.<\/span><\/p>\n<p class=\"ng-star-inserted\"><strong class=\"ng-star-inserted\"><span class=\"ng-star-inserted\">Un viaje por la historia de la conservaci\u00f3n en Sevilla<\/span><\/strong><\/p>\n<p class=\"ng-star-inserted\"><span class=\"ng-star-inserted\">La sesi\u00f3n contar\u00e1 con la participaci\u00f3n de\u00a0<\/span><strong class=\"ng-star-inserted\"><span class=\"ng-star-inserted\">Aurora Oca\u00f1a Garc\u00eda de Veas, Jes\u00fas Cepeda Lancha, Antonio Augusto Arrebola y Ricardo Mart\u00edn-Baylo Garc\u00eda<\/span><\/strong><span class=\"ng-star-inserted\">, quienes nos hablar\u00e1n del pasado, presente y futuro del grupo.<\/span><\/p>\n<p class=\"ng-star-inserted\"><span class=\"ng-star-inserted\">Fundado a finales de 1995, SEO Sevilla naci\u00f3 de la uni\u00f3n de un grupo de personas decididas a trabajar por la naturaleza en su entorno. A lo largo de la charla, repasaremos hitos hist\u00f3ricos como:<\/span><\/p>\n<ul class=\"ng-star-inserted\">\n<li class=\"ng-star-inserted\">\n<p class=\"ng-star-inserted\"><span class=\"ng-star-inserted\">La ambiciosa iniciativa de restauraci\u00f3n de la\u00a0<\/span><strong class=\"ng-star-inserted\"><span class=\"ng-star-inserted\">Loma del Acebuchal<\/span><\/strong><span class=\"ng-star-inserted\">.<\/span><\/p>\n<\/li>\n<li class=\"ng-star-inserted\">\n<p class=\"ng-star-inserted\"><span class=\"ng-star-inserted\">El Proyecto de Seguimiento y Estudio del\u00a0<\/span><strong class=\"ng-star-inserted\"><span class=\"ng-star-inserted\">Cern\u00edcalo Primilla<\/span><\/strong><span class=\"ng-star-inserted\">\u00a0(<\/span><span class=\"ng-star-inserted\">Falco naumanni<\/span><span class=\"ng-star-inserted\">) en la Catedral y la Iglesia del Salvador, que permiti\u00f3 a cientos de personas observar a esta ave emblem\u00e1tica.<\/span><\/p>\n<\/li>\n<li class=\"ng-star-inserted\">\n<p class=\"ng-star-inserted\"><span class=\"ng-star-inserted\">Actividades consolidadas como el Curso de Iniciaci\u00f3n a la Ornitolog\u00eda y el tradicional\u00a0<\/span><strong class=\"ng-star-inserted\"><span class=\"ng-star-inserted\">Recibimiento de los \u00c1nsares<\/span><\/strong><span class=\"ng-star-inserted\">\u00a0en las marismas sevillanas (cuya XXIX edici\u00f3n se celebra este a\u00f1o).<\/span><\/p>\n<\/li>\n<\/ul>\n<p class=\"ng-star-inserted\"><span class=\"ng-star-inserted\">Esta jornada es una oportunidad \u00fanica para conocer c\u00f3mo ha evolucionado la defensa de la biodiversidad en nuestra provincia y los retos que afrontamos de cara al futuro<\/span><\/p>\n<p data-start=\"472\" data-end=\"780\">Estas charlas, organizadas por <strong data-start=\"503\" data-end=\"541\">SEO BirdLife \u2013 Grupo Local Sevilla<\/strong>, con la colaboraci\u00f3n del <strong data-start=\"567\" data-end=\"632\">Vicerrectorado de Infraestructuras y Sostenibilidad de la UPO<\/strong> y el <strong data-start=\"638\" data-end=\"652\">CEI Cambio<\/strong>, tienen como objetivo acercar el fascinante mundo de las aves a toda la comunidad universitaria y a la ciudadan\u00eda interesada.<\/p>\n<p data-start=\"782\" data-end=\"918\">\ud83d\udcc5 Se celebran en la <strong data-start=\"803\" data-end=\"823\">Sala de Grados 1<\/strong> del Edificio Biblioteca 25, a las <strong data-start=\"858\" data-end=\"869\">19:00 h<\/strong>.<br data-start=\"870\" data-end=\"873\" \/>\ud83c\udf9f\ufe0f Entrada gratuita hasta completar aforo.<\/p>\n","protected":false},"excerpt":{"rendered":"<p>El pr\u00f3ximo martes 2 de diciembre de 2025, la Universidad Pablo de Olavide acoger\u00e1 una edici\u00f3n muy especial de los \u00abMartes Ornitol\u00f3gicos\u00bb. \u00danete a nosotros para conmemorar el 30.\u00ba Aniversario del Grupo Local SEO Sevilla (1995-2025). Un recorrido por el pasado, presente y futuro de la conservaci\u00f3n de aves en nuestra ciudad, de la mano de sus protagonistas.<\/p>\n","protected":false},"author":1,"featured_media":2403,"template":"","meta":{"give_campaign_id":0,"_tribe_events_status":"","_tribe_events_status_reason":"","footnotes":""},"tags":[],"tribe_events_cat":[],"class_list":["post-2274","tribe_events","type-tribe_events","status-publish","has-post-thumbnail","hentry"],"_links":{"self":[{"href":"https:\/\/www.upo.es\/ceicambio\/wp-json\/wp\/v2\/tribe_events\/2274","targetHints":{"allow":["GET"]}}],"collection":[{"href":"https:\/\/www.upo.es\/ceicambio\/wp-json\/wp\/v2\/tribe_events"}],"about":[{"href":"https:\/\/www.upo.es\/ceicambio\/wp-json\/wp\/v2\/types\/tribe_events"}],"author":[{"embeddable":true,"href":"https:\/\/www.upo.es\/ceicambio\/wp-json\/wp\/v2\/users\/1"}],"version-history":[{"count":3,"href":"https:\/\/www.upo.es\/ceicambio\/wp-json\/wp\/v2\/tribe_events\/2274\/revisions"}],"predecessor-version":[{"id":2405,"href":"https:\/\/www.upo.es\/ceicambio\/wp-json\/wp\/v2\/tribe_events\/2274\/revisions\/2405"}],"wp:featuredmedia":[{"embeddable":true,"href":"https:\/\/www.upo.es\/ceicambio\/wp-json\/wp\/v2\/media\/2403"}],"wp:attachment":[{"href":"https:\/\/www.upo.es\/ceicambio\/wp-json\/wp\/v2\/media?parent=2274"}],"wp:term":[{"taxonomy":"post_tag","embeddable":true,"href":"https:\/\/www.upo.es\/ceicambio\/wp-json\/wp\/v2\/tags?post=2274"},{"taxonomy":"tribe_events_cat","embeddable":true,"href":"https:\/\/www.upo.es\/ceicambio\/wp-json\/wp\/v2\/tribe_events_cat?post=2274"}],"curies":[{"name":"wp","href":"https:\/\/api.w.org\/{rel}","templated":true}]}}

Martes Ornitológicos en la UPO

<h3 data-start="193" data-end="219">Martes Ornitológicos &#8211; Diciembre</h3>
<p class="ng-star-inserted"><span class="ng-star-inserted">En esta nueva edición de los </span><strong class="ng-star-inserted"><span class="ng-star-inserted">Martes Ornitológicos</span></strong><span class="ng-star-inserted">, celebramos tres décadas de dedicación a la ornitología y la conservación de la naturaleza con el </span><strong class="ng-star-inserted"><span class="ng-star-inserted">Grupo Local SEO Sevilla</span></strong><span class="ng-star-inserted">. Bajo el título </span><span class="ng-star-inserted">«SEO Sevilla: 30 años (1995-2025)»</span><span class="ng-star-inserted">, realizaremos un viaje a través de la historia de este colectivo fundamental para la biodiversidad hispalense.</span></p>
<p class="ng-star-inserted"><strong class="ng-star-inserted"><span class="ng-star-inserted">Un viaje por la historia de la conservación en Sevilla</span></strong></p>
<p class="ng-star-inserted"><span class="ng-star-inserted">La sesión contará con la participación de </span><strong class="ng-star-inserted"><span class="ng-star-inserted">Aurora Ocaña García de Veas, Jesús Cepeda Lancha, Antonio Augusto Arrebola y Ricardo Martín-Baylo García</span></strong><span class="ng-star-inserted">, quienes nos hablarán del pasado, presente y futuro del grupo.</span></p>
<p class="ng-star-inserted"><span class="ng-star-inserted">Fundado a finales de 1995, SEO Sevilla nació de la unión de un grupo de personas decididas a trabajar por la naturaleza en su entorno. A lo largo de la charla, repasaremos hitos históricos como:</span></p>
<ul class="ng-star-inserted">
<li class="ng-star-inserted">
<p class="ng-star-inserted"><span class="ng-star-inserted">La ambiciosa iniciativa de restauración de la </span><strong class="ng-star-inserted"><span class="ng-star-inserted">Loma del Acebuchal</span></strong><span class="ng-star-inserted">.</span></p>
</li>
<li class="ng-star-inserted">
<p class="ng-star-inserted"><span class="ng-star-inserted">El Proyecto de Seguimiento y Estudio del </span><strong class="ng-star-inserted"><span class="ng-star-inserted">Cernícalo Primilla</span></strong><span class="ng-star-inserted"> (</span><span class="ng-star-inserted">Falco naumanni</span><span class="ng-star-inserted">) en la Catedral y la Iglesia del Salvador, que permitió a cientos de personas observar a esta ave emblemática.</span></p>
</li>
<li class="ng-star-inserted">
<p class="ng-star-inserted"><span class="ng-star-inserted">Actividades consolidadas como el Curso de Iniciación a la Ornitología y el tradicional </span><strong class="ng-star-inserted"><span class="ng-star-inserted">Recibimiento de los Ánsares</span></strong><span class="ng-star-inserted"> en las marismas sevillanas (cuya XXIX edición se celebra este año).</span></p>
</li>
</ul>
<p class="ng-star-inserted"><span class="ng-star-inserted">Esta jornada es una oportunidad única para conocer cómo ha evolucionado la defensa de la biodiversidad en nuestra provincia y los retos que afrontamos de cara al futuro</span></p>
<p data-start="472" data-end="780">Estas charlas, organizadas por <strong data-start="503" data-end="541">SEO BirdLife – Grupo Local Sevilla</strong>, con la colaboración del <strong data-start="567" data-end="632">Vicerrectorado de Infraestructuras y Sostenibilidad de la UPO</strong> y el <strong data-start="638" data-end="652">CEI Cambio</strong>, tienen como objetivo acercar el fascinante mundo de las aves a toda la comunidad universitaria y a la ciudadanía interesada.</p>
<p data-start="782" data-end="918">📅 Se celebran en la <strong data-start="803" data-end="823">Sala de Grados 1</strong> del Edificio Biblioteca 25, a las <strong data-start="858" data-end="869">19:00 h</strong>.<br data-start="870" data-end="873" />🎟️ Entrada gratuita hasta completar aforo.</p>

<p>El próximo martes 2 de diciembre de 2025, la Universidad Pablo de Olavide acogerá una edición muy especial de los «Martes Ornitológicos». Únete a nosotros para conmemorar el 30.º Aniversario del Grupo Local SEO Sevilla (1995-2025). Un recorrido por el pasado, presente y futuro de la conservación de aves en nuestra ciudad, de la mano de sus protagonistas.</p>
