{"id":2386,"date":"2025-11-18T13:03:01","date_gmt":"2025-11-18T12:03:01","guid":{"rendered":"https:\/\/www.upo.es\/ceicambio\/?post_type=tribe_events&#038;p=2386"},"modified":"2025-11-19T09:20:38","modified_gmt":"2025-11-19T08:20:38","slug":"presentacion-del-libro-practicas-y-saberes-en-los-alcornocales-andaluces","status":"publish","type":"tribe_events","link":"https:\/\/www.upo.es\/ceicambio\/evento\/presentacion-del-libro-practicas-y-saberes-en-los-alcornocales-andaluces\/","title":{"rendered":"Presentaci\u00f3n del libro \u00abPR\u00c1CTICAS Y SABERES EN LOS ALCORNOCALES ANDALUCES\u00bb"},"content":{"rendered":"<p>El CEI Cambio tiene el placer de invitaros a la presentaci\u00f3n del libro \u00ab<strong>Pr\u00e1cticas y Saberes en los Alcornocales Andaluces<\/strong>\u00ab, una obra crucial que aborda la resiliencia de estos ecosistemas esenciales frente a la crisis clim\u00e1tica.<\/p>\n<p>Este volumen, editado por Agust\u00edn Coca P\u00e9rez y publicado por Tirant Humanidades, se sumerge en los \u00abFactores de sostenibilidad de los alcornocales andaluces ante el cambio clim\u00e1tico: experiencias y saberes locales eficientes\u00bb. La investigaci\u00f3n pone en valor el conocimiento tradicional y las pr\u00e1cticas locales como herramientas fundamentales y eficaces para la gesti\u00f3n y conservaci\u00f3n de los alcornocales en un contexto de incertidumbre ambiental.<\/p>\n<p>Los alcornocales andaluces, elementos clave de la dehesa mediterr\u00e1nea, son sistemas socioecol\u00f3gicos de gran importancia econ\u00f3mica, cultural y ecol\u00f3gica. La obra ofrece una perspectiva profunda sobre c\u00f3mo las comunidades locales est\u00e1n adaptando sus estrategias de manejo para asegurar la perdurabilidad de estos h\u00e1bitats, promoviendo un modelo de desarrollo sostenible basado en la experiencia y la eficiencia.<\/p>\n<p><strong>Detalles de la Presentaci\u00f3n<\/strong><br \/>\nLa mesa de presentaci\u00f3n contar\u00e1 con la participaci\u00f3n de figuras clave en la elaboraci\u00f3n del libro:<\/p>\n<ul>\n<li>Javier Escalera Reyes(Prologuista)<\/li>\n<li>Amalia Vahi Serrano (Coautora)<\/li>\n<li>Agust\u00edn Coca P\u00e9rez (Coautor y Editor)<\/li>\n<\/ul>\n<p>\u00a1Os esperamos para debatir sobre la gesti\u00f3n sostenible y el futuro de nuestros alcornocales!<\/p>\n","protected":false},"excerpt":{"rendered":"<p>El CEI Cambio y la Universidad Pablo de Olavide invitan a la presentaci\u00f3n del libro \u00abPr\u00e1cticas y Saberes en los Alcornocales Andaluces\u00bb, una obra que explora la sostenibilidad de estos ecosistemas frente al cambio clim\u00e1tico a trav\u00e9s del conocimiento local. La cita es el lunes 24 de noviembre de 2025 a las 12:00 h en la Sala de Grados 2 de la Biblioteca de la UPO, con la participaci\u00f3n del editor Agust\u00edn Coca P\u00e9rez, la autora Amalia Vahi Serrano y el prologuista Javier Escalera Reyes.<\/p>\n","protected":false},"author":1,"featured_media":2394,"template":"","meta":{"give_campaign_id":0,"_tribe_events_status":"","_tribe_events_status_reason":"","footnotes":""},"tags":[],"tribe_events_cat":[],"class_list":["post-2386","tribe_events","type-tribe_events","status-publish","has-post-thumbnail","hentry"],"_links":{"self":[{"href":"https:\/\/www.upo.es\/ceicambio\/wp-json\/wp\/v2\/tribe_events\/2386","targetHints":{"allow":["GET"]}}],"collection":[{"href":"https:\/\/www.upo.es\/ceicambio\/wp-json\/wp\/v2\/tribe_events"}],"about":[{"href":"https:\/\/www.upo.es\/ceicambio\/wp-json\/wp\/v2\/types\/tribe_events"}],"author":[{"embeddable":true,"href":"https:\/\/www.upo.es\/ceicambio\/wp-json\/wp\/v2\/users\/1"}],"version-history":[{"count":3,"href":"https:\/\/www.upo.es\/ceicambio\/wp-json\/wp\/v2\/tribe_events\/2386\/revisions"}],"predecessor-version":[{"id":2395,"href":"https:\/\/www.upo.es\/ceicambio\/wp-json\/wp\/v2\/tribe_events\/2386\/revisions\/2395"}],"wp:featuredmedia":[{"embeddable":true,"href":"https:\/\/www.upo.es\/ceicambio\/wp-json\/wp\/v2\/media\/2394"}],"wp:attachment":[{"href":"https:\/\/www.upo.es\/ceicambio\/wp-json\/wp\/v2\/media?parent=2386"}],"wp:term":[{"taxonomy":"post_tag","embeddable":true,"href":"https:\/\/www.upo.es\/ceicambio\/wp-json\/wp\/v2\/tags?post=2386"},{"taxonomy":"tribe_events_cat","embeddable":true,"href":"https:\/\/www.upo.es\/ceicambio\/wp-json\/wp\/v2\/tribe_events_cat?post=2386"}],"curies":[{"name":"wp","href":"https:\/\/api.w.org\/{rel}","templated":true}]}}

Presentación del libro «PRÁCTICAS Y SABERES EN LOS ALCORNOCALES ANDALUCES»

<p>El CEI Cambio tiene el placer de invitaros a la presentación del libro «<strong>Prácticas y Saberes en los Alcornocales Andaluces</strong>«, una obra crucial que aborda la resiliencia de estos ecosistemas esenciales frente a la crisis climática.</p>
<p>Este volumen, editado por Agustín Coca Pérez y publicado por Tirant Humanidades, se sumerge en los «Factores de sostenibilidad de los alcornocales andaluces ante el cambio climático: experiencias y saberes locales eficientes». La investigación pone en valor el conocimiento tradicional y las prácticas locales como herramientas fundamentales y eficaces para la gestión y conservación de los alcornocales en un contexto de incertidumbre ambiental.</p>
<p>Los alcornocales andaluces, elementos clave de la dehesa mediterránea, son sistemas socioecológicos de gran importancia económica, cultural y ecológica. La obra ofrece una perspectiva profunda sobre cómo las comunidades locales están adaptando sus estrategias de manejo para asegurar la perdurabilidad de estos hábitats, promoviendo un modelo de desarrollo sostenible basado en la experiencia y la eficiencia.</p>
<p><strong>Detalles de la Presentación</strong><br />
La mesa de presentación contará con la participación de figuras clave en la elaboración del libro:</p>
<ul>
<li>Javier Escalera Reyes(Prologuista)</li>
<li>Amalia Vahi Serrano (Coautora)</li>
<li>Agustín Coca Pérez (Coautor y Editor)</li>
</ul>
<p>¡Os esperamos para debatir sobre la gestión sostenible y el futuro de nuestros alcornocales!</p>

<p>El CEI Cambio y la Universidad Pablo de Olavide invitan a la presentación del libro «Prácticas y Saberes en los Alcornocales Andaluces», una obra que explora la sostenibilidad de estos ecosistemas frente al cambio climático a través del conocimiento local. La cita es el lunes 24 de noviembre de 2025 a las 12:00 h en la Sala de Grados 2 de la Biblioteca de la UPO, con la participación del editor Agustín Coca Pérez, la autora Amalia Vahi Serrano y el prologuista Javier Escalera Reyes.</p>
