{"id":2772,"date":"2026-02-27T13:02:43","date_gmt":"2026-02-27T12:02:43","guid":{"rendered":"https:\/\/www.upo.es\/ceicambio\/?post_type=tribe_events&#038;p=2772"},"modified":"2026-02-27T13:02:44","modified_gmt":"2026-02-27T12:02:44","slug":"jornada-del-dia-mundial-del-agua-en-la-upo","status":"publish","type":"tribe_events","link":"https:\/\/www.upo.es\/ceicambio\/evento\/jornada-del-dia-mundial-del-agua-en-la-upo\/","title":{"rendered":"Jornada del D\u00eda Mundial del Agua en la UPO"},"content":{"rendered":"<p data-path-to-node=\"4\">Con motivo del <b data-path-to-node=\"4\" data-index-in-node=\"15\">D\u00eda Mundial del Agua<\/b>, el <b data-path-to-node=\"4\" data-index-in-node=\"40\">CEi CamBio<\/b>\u00a0 organiza junto a <a href=\"https:\/\/esthervelazquez.com\/aguas-conciencia-ciudadana-acc\/\"><strong>Aguas Conciencias Ciudadana<\/strong><\/a> una jornada especial de concienciaci\u00f3n y acci\u00f3n directa en la Universidad Pablo de Olavide el pr\u00f3ximo <b data-path-to-node=\"4\" data-index-in-node=\"282\">martes 17 de marzo<\/b>. Este evento re\u00fane a especialistas y activistas para abordar los retos urgentes que enfrentan nuestros recursos h\u00eddricos.<\/p>\n<p data-path-to-node=\"5\">La jornada se divide en un bloque de ponencias, seguido de una intervenci\u00f3n ambiental en el campus, contando con la colaboraci\u00f3n del Aula de la Naturaleza de la UPO, Campus en Activo (CEA) y el movimiento Plogging+ (Quique Bolsitas).<\/p>\n<h4 data-path-to-node=\"6\">Programa de la Jornada (Sala de Grados 1, Edificio 25 &#8211; Biblioteca):<\/h4>\n<ul data-path-to-node=\"7\">\n<li>\n<p data-path-to-node=\"7,0,0\"><b data-path-to-node=\"7,0,0\" data-index-in-node=\"0\">11:00 \u2013 11:15 h | Apertura Institucional:<\/b> Presentaci\u00f3n de la jornada por la <b data-path-to-node=\"7,0,0\" data-index-in-node=\"76\">Dra. Mar\u00eda Luisa Buide del Real<\/b>, Directora del CEi CamBio.<\/p>\n<\/li>\n<li>\n<p data-path-to-node=\"7,1,0\"><b data-path-to-node=\"7,1,0\" data-index-in-node=\"0\">11:15 \u2013 11:30 h | \u00abAguas, conciencia ciudadana\u00bb:<\/b> Introducci\u00f3n al D\u00eda Mundial del Agua a cargo de <b data-path-to-node=\"7,1,0\" data-index-in-node=\"97\">Esther Vel\u00e1zquez Alonso<\/b>.<\/p>\n<\/li>\n<li>\n<p data-path-to-node=\"7,2,0\"><b data-path-to-node=\"7,2,0\" data-index-in-node=\"0\">11:30 \u2013 12:00 h | \u00abVerde con-vertidos\u00bb:<\/b> An\u00e1lisis de los vertidos mineros al Guadalquivir de la mano de la actriz y dramaturga <b data-path-to-node=\"7,2,0\" data-index-in-node=\"126\">Livia Cruz Montes<\/b>.<\/p>\n<\/li>\n<li>\n<p data-path-to-node=\"7,3,0\"><b data-path-to-node=\"7,3,0\" data-index-in-node=\"0\">12:00 \u2013 12:30 h | \u00abPlogging y aguas\u00bb:<\/b> Conexi\u00f3n entre residuos y salud h\u00eddrica con el profesor e influencer <b data-path-to-node=\"7,3,0\" data-index-in-node=\"107\">Enrique Herrero (Quique Bolsitas)<\/b>.<\/p>\n<\/li>\n<\/ul>\n<h4 data-path-to-node=\"8\">Acci\u00f3n Directa por el Entorno:<\/h4>\n<ul data-path-to-node=\"9\">\n<li>\n<p data-path-to-node=\"9,0,0\"><b data-path-to-node=\"9,0,0\" data-index-in-node=\"0\">13:00 \u2013 14:30 h | Actividad de Plogging:<\/b> El CEi CamBio invita a toda la comunidad a participar en esta recogida de residuos. El punto de encuentro ser\u00e1 la <b data-path-to-node=\"9,0,0\" data-index-in-node=\"155\">Puerta de la Biblioteca<\/b>. Se recomienda a las personas voluntarias traer sus propios guantes de uso prolongado (evitando pl\u00e1sticos de un solo uso).<\/p>\n<\/li>\n<\/ul>\n","protected":false},"excerpt":{"rendered":"<p>Jornada conmemorativa del D\u00eda Mundial del Agua. El programa incluye conferencias sobre conciencia ciudadana, el impacto de los vertidos en el Guadalquivir y una sesi\u00f3n de plogging para liberar nuestro campus de residuos.<\/p>\n","protected":false},"author":1,"featured_media":2773,"template":"","meta":{"give_campaign_id":0,"_tribe_events_status":"","_tribe_events_status_reason":"","footnotes":""},"tags":[],"tribe_events_cat":[],"class_list":["post-2772","tribe_events","type-tribe_events","status-publish","has-post-thumbnail","hentry"],"_links":{"self":[{"href":"https:\/\/www.upo.es\/ceicambio\/wp-json\/wp\/v2\/tribe_events\/2772","targetHints":{"allow":["GET"]}}],"collection":[{"href":"https:\/\/www.upo.es\/ceicambio\/wp-json\/wp\/v2\/tribe_events"}],"about":[{"href":"https:\/\/www.upo.es\/ceicambio\/wp-json\/wp\/v2\/types\/tribe_events"}],"author":[{"embeddable":true,"href":"https:\/\/www.upo.es\/ceicambio\/wp-json\/wp\/v2\/users\/1"}],"version-history":[{"count":1,"href":"https:\/\/www.upo.es\/ceicambio\/wp-json\/wp\/v2\/tribe_events\/2772\/revisions"}],"predecessor-version":[{"id":2774,"href":"https:\/\/www.upo.es\/ceicambio\/wp-json\/wp\/v2\/tribe_events\/2772\/revisions\/2774"}],"wp:featuredmedia":[{"embeddable":true,"href":"https:\/\/www.upo.es\/ceicambio\/wp-json\/wp\/v2\/media\/2773"}],"wp:attachment":[{"href":"https:\/\/www.upo.es\/ceicambio\/wp-json\/wp\/v2\/media?parent=2772"}],"wp:term":[{"taxonomy":"post_tag","embeddable":true,"href":"https:\/\/www.upo.es\/ceicambio\/wp-json\/wp\/v2\/tags?post=2772"},{"taxonomy":"tribe_events_cat","embeddable":true,"href":"https:\/\/www.upo.es\/ceicambio\/wp-json\/wp\/v2\/tribe_events_cat?post=2772"}],"curies":[{"name":"wp","href":"https:\/\/api.w.org\/{rel}","templated":true}]}}

Jornada del Día Mundial del Agua en la UPO

<p data-path-to-node="4">Con motivo del <b data-path-to-node="4" data-index-in-node="15">Día Mundial del Agua</b>, el <b data-path-to-node="4" data-index-in-node="40">CEi CamBio</b>  organiza junto a <a href="https://esthervelazquez.com/aguas-conciencia-ciudadana-acc/"><strong>Aguas Conciencias Ciudadana</strong></a> una jornada especial de concienciación y acción directa en la Universidad Pablo de Olavide el próximo <b data-path-to-node="4" data-index-in-node="282">martes 17 de marzo</b>. Este evento reúne a especialistas y activistas para abordar los retos urgentes que enfrentan nuestros recursos hídricos.</p>
<p data-path-to-node="5">La jornada se divide en un bloque de ponencias, seguido de una intervención ambiental en el campus, contando con la colaboración del Aula de la Naturaleza de la UPO, Campus en Activo (CEA) y el movimiento Plogging+ (Quique Bolsitas).</p>
<h4 data-path-to-node="6">Programa de la Jornada (Sala de Grados 1, Edificio 25 &#8211; Biblioteca):</h4>
<ul data-path-to-node="7">
<li>
<p data-path-to-node="7,0,0"><b data-path-to-node="7,0,0" data-index-in-node="0">11:00 – 11:15 h | Apertura Institucional:</b> Presentación de la jornada por la <b data-path-to-node="7,0,0" data-index-in-node="76">Dra. María Luisa Buide del Real</b>, Directora del CEi CamBio.</p>
</li>
<li>
<p data-path-to-node="7,1,0"><b data-path-to-node="7,1,0" data-index-in-node="0">11:15 – 11:30 h | «Aguas, conciencia ciudadana»:</b> Introducción al Día Mundial del Agua a cargo de <b data-path-to-node="7,1,0" data-index-in-node="97">Esther Velázquez Alonso</b>.</p>
</li>
<li>
<p data-path-to-node="7,2,0"><b data-path-to-node="7,2,0" data-index-in-node="0">11:30 – 12:00 h | «Verde con-vertidos»:</b> Análisis de los vertidos mineros al Guadalquivir de la mano de la actriz y dramaturga <b data-path-to-node="7,2,0" data-index-in-node="126">Livia Cruz Montes</b>.</p>
</li>
<li>
<p data-path-to-node="7,3,0"><b data-path-to-node="7,3,0" data-index-in-node="0">12:00 – 12:30 h | «Plogging y aguas»:</b> Conexión entre residuos y salud hídrica con el profesor e influencer <b data-path-to-node="7,3,0" data-index-in-node="107">Enrique Herrero (Quique Bolsitas)</b>.</p>
</li>
</ul>
<h4 data-path-to-node="8">Acción Directa por el Entorno:</h4>
<ul data-path-to-node="9">
<li>
<p data-path-to-node="9,0,0"><b data-path-to-node="9,0,0" data-index-in-node="0">13:00 – 14:30 h | Actividad de Plogging:</b> El CEi CamBio invita a toda la comunidad a participar en esta recogida de residuos. El punto de encuentro será la <b data-path-to-node="9,0,0" data-index-in-node="155">Puerta de la Biblioteca</b>. Se recomienda a las personas voluntarias traer sus propios guantes de uso prolongado (evitando plásticos de un solo uso).</p>
</li>
</ul>

<p>Jornada conmemorativa del Día Mundial del Agua. El programa incluye conferencias sobre conciencia ciudadana, el impacto de los vertidos en el Guadalquivir y una sesión de plogging para liberar nuestro campus de residuos.</p>
