{"id":1414,"date":"2025-03-10T11:09:30","date_gmt":"2025-03-10T11:09:30","guid":{"rendered":"https:\/\/www.upo.es\/cinef\/?page_id=1414"},"modified":"2025-03-10T11:11:36","modified_gmt":"2025-03-10T11:11:36","slug":"conversaciones-con-mujeres-lideres-en-estudios-de-genero","status":"publish","type":"page","link":"https:\/\/www.upo.es\/cinef\/conversaciones-con-mujeres-lideres-en-estudios-de-genero\/","title":{"rendered":"Conversaciones con mujeres l\u00edderes en Estudios de G\u00e9nero"},"content":{"rendered":"\t\t<div data-elementor-type=\"wp-page\" data-elementor-id=\"1414\" class=\"elementor elementor-1414\">\n\t\t\t\t\t\t<section class=\"elementor-section elementor-top-section elementor-element elementor-element-29a1acaf elementor-section-boxed elementor-section-height-default elementor-section-height-default\" data-id=\"29a1acaf\" data-element_type=\"section\">\n\t\t\t\t\t\t<div class=\"elementor-container elementor-column-gap-default\">\n\t\t\t\t\t<div class=\"elementor-column elementor-col-100 elementor-top-column elementor-element elementor-element-1d91fbc5\" data-id=\"1d91fbc5\" data-element_type=\"column\">\n\t\t\t<div class=\"elementor-widget-wrap elementor-element-populated\">\n\t\t\t\t\t\t<div class=\"elementor-element elementor-element-1c63aece elementor-widget elementor-widget-text-editor\" data-id=\"1c63aece\" data-element_type=\"widget\" data-widget_type=\"text-editor.default\">\n\t\t\t\t<div class=\"elementor-widget-container\">\n\t\t\t\t\t\t\t<!-- wp:image {\"id\":1415,\"width\":\"560px\",\"height\":\"auto\",\"sizeSlug\":\"large\",\"linkDestination\":\"none\"} -->\n<figure class=\"wp-block-image size-large is-resized\"><img fetchpriority=\"high\" decoding=\"async\" width=\"1024\" height=\"1018\" class=\"wp-image-1415 aligncenter\" style=\"width: 560px; height: auto;\" src=\"https:\/\/www.upo.es\/cinef\/wp-content\/uploads\/2025\/03\/8M-2025-1024x1018.jpg\" alt=\"\" srcset=\"https:\/\/www.upo.es\/cinef\/wp-content\/uploads\/2025\/03\/8M-2025-1024x1018.jpg 1024w, https:\/\/www.upo.es\/cinef\/wp-content\/uploads\/2025\/03\/8M-2025-300x298.jpg 300w, https:\/\/www.upo.es\/cinef\/wp-content\/uploads\/2025\/03\/8M-2025-150x150.jpg 150w, https:\/\/www.upo.es\/cinef\/wp-content\/uploads\/2025\/03\/8M-2025-768x764.jpg 768w, https:\/\/www.upo.es\/cinef\/wp-content\/uploads\/2025\/03\/8M-2025.jpg 1080w\" sizes=\"(max-width: 1024px) 100vw, 1024px\" \/><\/figure>\n<!-- \/wp:image -->\t\t\t\t\t\t<\/div>\n\t\t\t\t<\/div>\n\t\t\t\t\t<\/div>\n\t\t<\/div>\n\t\t\t\t\t<\/div>\n\t\t<\/section>\n\t\t\t\t<section class=\"elementor-section elementor-top-section elementor-element elementor-element-482655f elementor-section-boxed elementor-section-height-default elementor-section-height-default\" data-id=\"482655f\" data-element_type=\"section\">\n\t\t\t\t\t\t<div class=\"elementor-container elementor-column-gap-default\">\n\t\t\t\t\t<div class=\"elementor-column elementor-col-100 elementor-top-column elementor-element elementor-element-db98265\" data-id=\"db98265\" data-element_type=\"column\">\n\t\t\t<div class=\"elementor-widget-wrap elementor-element-populated\">\n\t\t\t\t\t\t<div class=\"elementor-element elementor-element-1dc1289 elementor-widget elementor-widget-text-editor\" data-id=\"1dc1289\" data-element_type=\"widget\" data-widget_type=\"text-editor.default\">\n\t\t\t\t<div class=\"elementor-widget-container\">\n\t\t\t\t\t\t\t<p style=\"text-align: justify;\">Por el d\u00eda internacional de la Mujer [8M], desde el CINEF nos sumamos a la reivindicaci\u00f3n hacia la igualdad entre mujeres y hombres en todos los \u00e1mbitos, especialmente, en el universitario. El feminismo sigue siendo fundamental para avanzar en sociedades m\u00e1s justas. Debemos seguir valorando y visibilizando las experiencias de mujeres acad\u00e9micas-cient\u00edficas, construyendo una ciencia m\u00e1s inclusiva. Por ello, os compartimos la entrevista realizada por la Profa. Roc\u00edo C\u00e1rdenas Rodr\u00edguez a la Dra. Mar\u00eda del Carmen Monreal Gimeno, Profesora Titular del Dpto. de Educaci\u00f3n y Psicolog\u00eda Social, en el marco de la actividad \u201cConversaciones con Mujeres L\u00edderes en Estudios de G\u00e9nero\u201d. Tambi\u00e9n, agradecer al Laboratorio de la Facultad de Ciencias Sociales [FCSLab] por el trabajo realizado.<\/p>\n<p style=\"text-align: justify;\">Entrevista disponible en el siguiente enlace:\u00a0<a href=\"https:\/\/upotv.upo.es\/video\/67c80d01abe3c6dd338b456d\" target=\"_blank\" rel=\"noopener noreferrer\">https:\/\/upotv.upo.es\/video\/67c80d01abe3c6dd338b456d<\/a><\/p>\t\t\t\t\t\t<\/div>\n\t\t\t\t<\/div>\n\t\t\t\t\t<\/div>\n\t\t<\/div>\n\t\t\t\t\t<\/div>\n\t\t<\/section>\n\t\t\t\t<\/div>\n\t\t","protected":false},"excerpt":{"rendered":"<p>Por el d\u00eda internacional de la Mujer [8M], desde el CINEF nos sumamos a la reivindicaci\u00f3n hacia la igualdad entre mujeres y hombres en todos los \u00e1mbitos, especialmente, en el universitario. El feminismo sigue siendo fundamental para avanzar en sociedades m\u00e1s justas. Debemos seguir valorando y visibilizando las experiencias de mujeres acad\u00e9micas-cient\u00edficas, construyendo una ciencia m\u00e1s inclusiva. Por ello, os [&hellip;]<\/p>\n","protected":false},"author":1,"featured_media":0,"parent":0,"menu_order":0,"comment_status":"closed","ping_status":"closed","template":"","meta":{"_eb_attr":"","footnotes":""},"class_list":["post-1414","page","type-page","status-publish","hentry"],"_links":{"self":[{"href":"https:\/\/www.upo.es\/cinef\/wp-json\/wp\/v2\/pages\/1414","targetHints":{"allow":["GET"]}}],"collection":[{"href":"https:\/\/www.upo.es\/cinef\/wp-json\/wp\/v2\/pages"}],"about":[{"href":"https:\/\/www.upo.es\/cinef\/wp-json\/wp\/v2\/types\/page"}],"author":[{"embeddable":true,"href":"https:\/\/www.upo.es\/cinef\/wp-json\/wp\/v2\/users\/1"}],"replies":[{"embeddable":true,"href":"https:\/\/www.upo.es\/cinef\/wp-json\/wp\/v2\/comments?post=1414"}],"version-history":[{"count":6,"href":"https:\/\/www.upo.es\/cinef\/wp-json\/wp\/v2\/pages\/1414\/revisions"}],"predecessor-version":[{"id":1421,"href":"https:\/\/www.upo.es\/cinef\/wp-json\/wp\/v2\/pages\/1414\/revisions\/1421"}],"wp:attachment":[{"href":"https:\/\/www.upo.es\/cinef\/wp-json\/wp\/v2\/media?parent=1414"}],"curies":[{"name":"wp","href":"https:\/\/api.w.org\/{rel}","templated":true}]}}

Conversaciones con mujeres líderes en Estudios de Género

<div data-elementor-type="wp-page" data-elementor-id="1414" class="elementor elementor-1414">
						<section class="elementor-section elementor-top-section elementor-element elementor-element-29a1acaf elementor-section-boxed elementor-section-height-default elementor-section-height-default" data-id="29a1acaf" data-element_type="section">
						<div class="elementor-container elementor-column-gap-default">
					<div class="elementor-column elementor-col-100 elementor-top-column elementor-element elementor-element-1d91fbc5" data-id="1d91fbc5" data-element_type="column">
			<div class="elementor-widget-wrap elementor-element-populated">
						<div class="elementor-element elementor-element-1c63aece elementor-widget elementor-widget-text-editor" data-id="1c63aece" data-element_type="widget" data-widget_type="text-editor.default">
				<div class="elementor-widget-container">
							<!-- wp:image {"id":1415,"width":"560px","height":"auto","sizeSlug":"large","linkDestination":"none"} -->
<figure class="wp-block-image size-large is-resized"><img fetchpriority="high" decoding="async" width="1024" height="1018" class="wp-image-1415 aligncenter" style="width: 560px; height: auto;" src="https://www.upo.es/cinef/wp-content/uploads/2025/03/8M-2025-1024x1018.jpg" alt="" srcset="https://www.upo.es/cinef/wp-content/uploads/2025/03/8M-2025-1024x1018.jpg 1024w, https://www.upo.es/cinef/wp-content/uploads/2025/03/8M-2025-300x298.jpg 300w, https://www.upo.es/cinef/wp-content/uploads/2025/03/8M-2025-150x150.jpg 150w, https://www.upo.es/cinef/wp-content/uploads/2025/03/8M-2025-768x764.jpg 768w, https://www.upo.es/cinef/wp-content/uploads/2025/03/8M-2025.jpg 1080w" sizes="(max-width: 1024px) 100vw, 1024px" /></figure>
<!-- /wp:image -->						</div>
				</div>
					</div>
		</div>
					</div>
		</section>
				<section class="elementor-section elementor-top-section elementor-element elementor-element-482655f elementor-section-boxed elementor-section-height-default elementor-section-height-default" data-id="482655f" data-element_type="section">
						<div class="elementor-container elementor-column-gap-default">
					<div class="elementor-column elementor-col-100 elementor-top-column elementor-element elementor-element-db98265" data-id="db98265" data-element_type="column">
			<div class="elementor-widget-wrap elementor-element-populated">
						<div class="elementor-element elementor-element-1dc1289 elementor-widget elementor-widget-text-editor" data-id="1dc1289" data-element_type="widget" data-widget_type="text-editor.default">
				<div class="elementor-widget-container">
							<p style="text-align: justify;">Por el día internacional de la Mujer [8M], desde el CINEF nos sumamos a la reivindicación hacia la igualdad entre mujeres y hombres en todos los ámbitos, especialmente, en el universitario. El feminismo sigue siendo fundamental para avanzar en sociedades más justas. Debemos seguir valorando y visibilizando las experiencias de mujeres académicas-científicas, construyendo una ciencia más inclusiva. Por ello, os compartimos la entrevista realizada por la Profa. Rocío Cárdenas Rodríguez a la Dra. María del Carmen Monreal Gimeno, Profesora Titular del Dpto. de Educación y Psicología Social, en el marco de la actividad “Conversaciones con Mujeres Líderes en Estudios de Género”. También, agradecer al Laboratorio de la Facultad de Ciencias Sociales [FCSLab] por el trabajo realizado.</p>
<p style="text-align: justify;">Entrevista disponible en el siguiente enlace: <a href="https://upotv.upo.es/video/67c80d01abe3c6dd338b456d" target="_blank" rel="noopener noreferrer">https://upotv.upo.es/video/67c80d01abe3c6dd338b456d</a></p>						</div>
				</div>
					</div>
		</div>
					</div>
		</section>
				</div>

<p>Por el día internacional de la Mujer [8M], desde el CINEF nos sumamos a la reivindicación hacia la igualdad entre mujeres y hombres en todos los ámbitos, especialmente, en el universitario. El feminismo sigue siendo fundamental para avanzar en sociedades más justas. Debemos seguir valorando y visibilizando las experiencias de mujeres académicas-científicas, construyendo una ciencia más inclusiva. Por ello, os [&hellip;]</p>
