{"id":1434,"date":"2025-03-12T10:51:28","date_gmt":"2025-03-12T10:51:28","guid":{"rendered":"https:\/\/www.upo.es\/cinef\/?page_id=1434"},"modified":"2025-11-10T17:04:01","modified_gmt":"2025-11-10T17:04:01","slug":"estancias-en-el-cinef","status":"publish","type":"page","link":"https:\/\/www.upo.es\/cinef\/estancias-en-el-cinef\/","title":{"rendered":"Estancias en el CINEF"},"content":{"rendered":"\n<div class=\"wp-block-columns is-layout-flex wp-container-core-columns-is-layout-9d6595d7 wp-block-columns-is-layout-flex\">\n<div class=\"wp-block-column is-layout-flow wp-block-column-is-layout-flow\"><\/div>\n\n\n\n<div class=\"wp-block-column is-layout-flow wp-block-column-is-layout-flow\"><\/div>\n<\/div>\n\n\n\n<div class=\"wp-block-media-text alignfull is-stacked-on-mobile is-vertically-aligned-center\" style=\"grid-template-columns:34% auto\"><figure class=\"wp-block-media-text__media\"><img fetchpriority=\"high\" decoding=\"async\" width=\"1003\" height=\"1003\" src=\"https:\/\/www.upo.es\/cinef\/wp-content\/uploads\/2025\/11\/Montiel-2025-color-1.jpeg\" alt=\"\" class=\"wp-image-1600 size-full\" srcset=\"https:\/\/www.upo.es\/cinef\/wp-content\/uploads\/2025\/11\/Montiel-2025-color-1.jpeg 1003w, https:\/\/www.upo.es\/cinef\/wp-content\/uploads\/2025\/11\/Montiel-2025-color-1-300x300.jpeg 300w, https:\/\/www.upo.es\/cinef\/wp-content\/uploads\/2025\/11\/Montiel-2025-color-1-150x150.jpeg 150w, https:\/\/www.upo.es\/cinef\/wp-content\/uploads\/2025\/11\/Montiel-2025-color-1-768x768.jpeg 768w\" sizes=\"(max-width: 1003px) 100vw, 1003px\" \/><\/figure><div class=\"wp-block-media-text__content\">\n<p style=\"font-size:16px\"><strong>Paty Montiel&nbsp;<\/strong>es<strong>&nbsp;<\/strong>Profesora en la Facultad de Econom\u00eda de la UNAM. Doctora en Ciencias Pol\u00edticas y Sociales; maestra y licenciada en Econom\u00eda por parte de la UNAM. Sus principales temas de investigaci\u00f3n y estudio son: Estado y Desarrollo; Asociaci\u00f3n Compleja en los \u201csistemas de innovaci\u00f3n\u201d; Globalizaci\u00f3n y Redes de Producci\u00f3n Global; Econom\u00eda Social y Solidaria del Conocimiento; y Econom\u00eda Pol\u00edtica Feminista. Pertenece al Sistema Nacional de Investigadoras e Investigadores (candidata nacional) de la SECIHTI (antes Conahcyt) 2022-2025.&nbsp;<\/p>\n\n\n\n<p style=\"font-size:16px\">Est\u00e1 realizando una estancia en el CINEF de noviembre de 2025 a enero de 2026 con el proyecto de investigaci\u00f3n: \u201cEconom\u00eda feminista y econom\u00eda social y solidaria: elementos te\u00f3ricos y pr\u00e1cticos para la superaci\u00f3n de la v\u00eda de desarrollo neoliberal en la fase de desarrollo del capitalismo inform\u00e1tico-global y del conocimiento\u201d.<\/p>\n<\/div><\/div>\n\n\n\n<hr class=\"wp-block-separator has-text-color has-vivid-purple-color has-alpha-channel-opacity has-vivid-purple-background-color has-background is-style-wide\"\/>\n\n\n\n<div class=\"wp-block-media-text alignfull is-stacked-on-mobile is-vertically-aligned-center\" style=\"grid-template-columns:34% auto\"><figure class=\"wp-block-media-text__media\"><img decoding=\"async\" width=\"1024\" height=\"768\" src=\"https:\/\/www.upo.es\/cinef\/wp-content\/uploads\/2025\/10\/FOTO-Lucia-Gutierrez-1-1024x768.jpg\" alt=\"\" class=\"wp-image-1566 size-full\" srcset=\"https:\/\/www.upo.es\/cinef\/wp-content\/uploads\/2025\/10\/FOTO-Lucia-Gutierrez-1-1024x768.jpg 1024w, https:\/\/www.upo.es\/cinef\/wp-content\/uploads\/2025\/10\/FOTO-Lucia-Gutierrez-1-300x225.jpg 300w, https:\/\/www.upo.es\/cinef\/wp-content\/uploads\/2025\/10\/FOTO-Lucia-Gutierrez-1-768x576.jpg 768w, https:\/\/www.upo.es\/cinef\/wp-content\/uploads\/2025\/10\/FOTO-Lucia-Gutierrez-1-1536x1152.jpg 1536w, https:\/\/www.upo.es\/cinef\/wp-content\/uploads\/2025\/10\/FOTO-Lucia-Gutierrez-1.jpg 1600w\" sizes=\"(max-width: 1024px) 100vw, 1024px\" \/><\/figure><div class=\"wp-block-media-text__content\">\n<p style=\"font-size:16px\"><strong>Luc\u00eda Guti\u00e9rrez<\/strong>&nbsp;es argentina, Lic. en Sociolog\u00eda (UBA), Mag\u00edster en Pol\u00edticas P\u00fablicas y Gerenciamiento del Desarrollo (UNSAM) y Doctoranda en Sociolog\u00eda (UNSAM). Su investigaci\u00f3n doctoral se concentra en las estrategias feministas desplegadas en Argentina y M\u00e9xico para promover la inserci\u00f3n de mujeres y diversidades<br>sexo-gen\u00e9ricas en actividades econ\u00f3micas tradicionalmente masculinizadas. Es docente en universidades nacionales de Argentina como la UBA y la UNSAM, y lo ha sido en UNPAZ y UNMoreno. Fue Coordinadora en la Direcci\u00f3n Nacional de Econom\u00eda, Igualdad y G\u00e9nero del Ministerio de Econom\u00eda de la Naci\u00f3n de Argentina y tuvo a su cargo la Mesa Federal de G\u00e9nero. Ha sido consultora de OEI y UNICEF.<br>Actualmente es Coordinadora de proyectos de investigaci\u00f3n y transferencia de la Secretar\u00eda de Gobierno de la UNSAM. Est\u00e1 realizando la estancia en el CINEF de septiembre a diciembre de 2025.<\/p>\n<\/div><\/div>\n\n\n\n<hr class=\"wp-block-separator has-text-color has-vivid-purple-color has-alpha-channel-opacity has-vivid-purple-background-color has-background is-style-wide\"\/>\n\n\n\n<div class=\"wp-block-media-text alignfull is-stacked-on-mobile is-vertically-aligned-center\" style=\"grid-template-columns:34% auto\"><figure class=\"wp-block-media-text__media\"><img decoding=\"async\" width=\"862\" height=\"786\" src=\"https:\/\/www.upo.es\/cinef\/wp-content\/uploads\/2025\/10\/Foto-Fabiana-Ciccarella.jpeg\" alt=\"\" class=\"wp-image-1570 size-full\" srcset=\"https:\/\/www.upo.es\/cinef\/wp-content\/uploads\/2025\/10\/Foto-Fabiana-Ciccarella.jpeg 862w, https:\/\/www.upo.es\/cinef\/wp-content\/uploads\/2025\/10\/Foto-Fabiana-Ciccarella-300x274.jpeg 300w, https:\/\/www.upo.es\/cinef\/wp-content\/uploads\/2025\/10\/Foto-Fabiana-Ciccarella-768x700.jpeg 768w\" sizes=\"(max-width: 862px) 100vw, 862px\" \/><\/figure><div class=\"wp-block-media-text__content\">\n<p style=\"font-size:16px\"><strong>Fabiana Ciccarella<\/strong>&nbsp;est\u00e1 realizando el doctorado en cotutela internacional entre el Doctorado en Estudios de G\u00e9nero dentro del Programa Nacional de Doctorado coordinado por la Universidad de Bari Aldo Moro, con una beca en Econom\u00eda Pol\u00edtica financiada por la Universidad de M\u00f3dena y Reggio Emilia, y el Doctorado en Ciencias Sociales de la Universidad Pablo de Olavide. Su investigaci\u00f3n doctoral centrada en la igualdad de g\u00e9nero en las organizaciones italianas y espa\u00f1olas, con especial atenci\u00f3n a la brecha salarial de g\u00e9nero, las pol\u00edticas de certificaci\u00f3n y el papel transformador de la Inteligencia Artificial, est\u00e1 dirigida por Tindara Addabbo (Unimore) y Paula Rodr\u00edguez-Modro\u00f1o (UPO). Est\u00e1 realizando una estancia&nbsp;de investigaci\u00f3n&nbsp;en el CINEF de enero a octubre de 2025.<\/p>\n<\/div><\/div>\n\n\n\n<hr class=\"wp-block-separator has-text-color has-vivid-purple-color has-alpha-channel-opacity has-vivid-purple-background-color has-background is-style-wide\"\/>\n\n\n\n<div class=\"wp-block-media-text alignfull is-stacked-on-mobile is-vertically-aligned-center\" style=\"grid-template-columns:34% auto\"><figure class=\"wp-block-media-text__media\"><img loading=\"lazy\" decoding=\"async\" width=\"1024\" height=\"834\" src=\"https:\/\/www.upo.es\/cinef\/wp-content\/uploads\/2025\/10\/Favetti-Giulia-photo-1024x834.jpg\" alt=\"\" class=\"wp-image-1571 size-full\" srcset=\"https:\/\/www.upo.es\/cinef\/wp-content\/uploads\/2025\/10\/Favetti-Giulia-photo-1024x834.jpg 1024w, https:\/\/www.upo.es\/cinef\/wp-content\/uploads\/2025\/10\/Favetti-Giulia-photo-300x244.jpg 300w, https:\/\/www.upo.es\/cinef\/wp-content\/uploads\/2025\/10\/Favetti-Giulia-photo-768x626.jpg 768w, https:\/\/www.upo.es\/cinef\/wp-content\/uploads\/2025\/10\/Favetti-Giulia-photo.jpg 1062w\" sizes=\"(max-width: 1024px) 100vw, 1024px\" \/><\/figure><div class=\"wp-block-media-text__content\">\n<p style=\"font-size:16px\"><strong>Giulia Favetti&nbsp;<\/strong>es estudiante de tercer a\u00f1o del doctorado en Econom\u00eda, Gesti\u00f3n y Estad\u00edstica en la Universidad de Messina. Su investigaci\u00f3n se centra en los estudios de g\u00e9nero en la gesti\u00f3n p\u00fablica, las empresas privadas y la gesti\u00f3n de desastres. Ha participado en proyectos europeos, entre ellos LetsGEPs, financiado por el programa de investigaci\u00f3n e innovaci\u00f3n Horizonte 2020. Sus estudios de doctorado se han llevado a cabo en la Universidad de Messina y la Universidad de M\u00f3dena y Reggio Emilia. &nbsp;Est\u00e1 realizando la estancia de investigaci\u00f3n en el CINEF de mayo a noviembre de 2025.<\/p>\n<\/div><\/div>\n\n\n\n<hr class=\"wp-block-separator has-text-color has-vivid-purple-color has-alpha-channel-opacity has-vivid-purple-background-color has-background is-style-wide\"\/>\n\n\n\n<div class=\"wp-block-media-text alignfull is-stacked-on-mobile is-vertically-aligned-center\" style=\"grid-template-columns:34% auto\"><figure class=\"wp-block-media-text__media\"><img loading=\"lazy\" decoding=\"async\" width=\"1024\" height=\"1024\" src=\"https:\/\/www.upo.es\/cinef\/wp-content\/uploads\/2025\/10\/Imagen-Ana-Toledo-2-1-1024x1024.jpg\" alt=\"\" class=\"wp-image-1575 size-full\" srcset=\"https:\/\/www.upo.es\/cinef\/wp-content\/uploads\/2025\/10\/Imagen-Ana-Toledo-2-1-1024x1024.jpg 1024w, https:\/\/www.upo.es\/cinef\/wp-content\/uploads\/2025\/10\/Imagen-Ana-Toledo-2-1-300x300.jpg 300w, https:\/\/www.upo.es\/cinef\/wp-content\/uploads\/2025\/10\/Imagen-Ana-Toledo-2-1-150x150.jpg 150w, https:\/\/www.upo.es\/cinef\/wp-content\/uploads\/2025\/10\/Imagen-Ana-Toledo-2-1-768x768.jpg 768w, https:\/\/www.upo.es\/cinef\/wp-content\/uploads\/2025\/10\/Imagen-Ana-Toledo-2-1.jpg 1293w\" sizes=\"(max-width: 1024px) 100vw, 1024px\" \/><\/figure><div class=\"wp-block-media-text__content\">\n<p style=\"font-size:16px\"><strong><strong>Ana Itzel Toledo Aranda<\/strong><\/strong> es abogada egresada de la Universidad Nacional Aut\u00f3noma de M\u00e9xico donde se encuentra cursando la Maestr\u00eda en Derecho con l\u00ednea de investigaci\u00f3n en Derecho Migratorio y G\u00e9nero. Su vocaci\u00f3n por la defensa de los derechos humanos la ha llevado a colaborar con instituciones judiciales y organizaciones en sociedad civil que trabajan por las personas en contextos de movilidad. Su trayectoria combina la investigaci\u00f3n acad\u00e9mica con la acci\u00f3n en campo, desde la elaboraci\u00f3n de propuestas jur\u00eddicas y atenci\u00f3n directa a casos con perspectiva en g\u00e9nero. Actualmente se encuentra realizando una estancia de investigaci\u00f3n en el CINEF del 12 de agosto al 24 de diciembre de 2025.<\/p>\n\n\n\n<p style=\"font-size:12px\"><\/p>\n<\/div><\/div>\n\n\n\n<hr class=\"wp-block-separator has-text-color has-vivid-purple-color has-alpha-channel-opacity has-vivid-purple-background-color has-background is-style-wide\"\/>\n\n\n\n<p class=\"has-text-align-left\"><\/p>\n\n\n\n<p><strong>Dr. Tommaso Trombetta, PhD Department of Psychology, University of Turin<\/strong>. <\/p>\n\n\n\n<p class=\"has-small-font-size\">Conferencia del Dr. Tommaso Trombetta: Minority Stress, Emotion Dysregulation, and Same-Sex Intimate Partner Violence Perpetration: a Psychological Mediation Framework-Based Model.<\/p>\n\n\n\n<div class=\"wp-block-columns is-layout-flex wp-container-core-columns-is-layout-9d6595d7 wp-block-columns-is-layout-flex\">\n<div class=\"wp-block-column is-layout-flow wp-block-column-is-layout-flow\">\n<iframe src='https:\/\/upotv.upo.es\/iframe\/67caaee1abe3c6c7508b4567' id='pumukitiframe' frameborder='0' border='0' width='560' height='315' allowfullscreen><\/iframe>\n<\/div>\n<\/div>\n\n\n\n<p><\/p>\n","protected":false},"excerpt":{"rendered":"<p>Paty Montiel&nbsp;es&nbsp;Profesora en la Facultad de Econom\u00eda de la UNAM. Doctora en Ciencias Pol\u00edticas y Sociales; maestra y licenciada en Econom\u00eda por parte de la UNAM. Sus principales temas de investigaci\u00f3n y estudio son: Estado y Desarrollo; Asociaci\u00f3n Compleja en los \u201csistemas de innovaci\u00f3n\u201d; Globalizaci\u00f3n y Redes de Producci\u00f3n Global; Econom\u00eda Social y Solidaria del Conocimiento; y Econom\u00eda Pol\u00edtica Feminista. [&hellip;]<\/p>\n","protected":false},"author":1,"featured_media":0,"parent":0,"menu_order":0,"comment_status":"closed","ping_status":"closed","template":"","meta":{"_eb_attr":"","footnotes":""},"class_list":["post-1434","page","type-page","status-publish","hentry"],"_links":{"self":[{"href":"https:\/\/www.upo.es\/cinef\/wp-json\/wp\/v2\/pages\/1434","targetHints":{"allow":["GET"]}}],"collection":[{"href":"https:\/\/www.upo.es\/cinef\/wp-json\/wp\/v2\/pages"}],"about":[{"href":"https:\/\/www.upo.es\/cinef\/wp-json\/wp\/v2\/types\/page"}],"author":[{"embeddable":true,"href":"https:\/\/www.upo.es\/cinef\/wp-json\/wp\/v2\/users\/1"}],"replies":[{"embeddable":true,"href":"https:\/\/www.upo.es\/cinef\/wp-json\/wp\/v2\/comments?post=1434"}],"version-history":[{"count":15,"href":"https:\/\/www.upo.es\/cinef\/wp-json\/wp\/v2\/pages\/1434\/revisions"}],"predecessor-version":[{"id":1605,"href":"https:\/\/www.upo.es\/cinef\/wp-json\/wp\/v2\/pages\/1434\/revisions\/1605"}],"wp:attachment":[{"href":"https:\/\/www.upo.es\/cinef\/wp-json\/wp\/v2\/media?parent=1434"}],"curies":[{"name":"wp","href":"https:\/\/api.w.org\/{rel}","templated":true}]}}

<div class="wp-block-columns is-layout-flex wp-container-core-columns-is-layout-9d6595d7 wp-block-columns-is-layout-flex">
<div class="wp-block-column is-layout-flow wp-block-column-is-layout-flow"></div>



<div class="wp-block-column is-layout-flow wp-block-column-is-layout-flow"></div>
</div>



<div class="wp-block-media-text alignfull is-stacked-on-mobile is-vertically-aligned-center" style="grid-template-columns:34% auto"><figure class="wp-block-media-text__media"><img fetchpriority="high" decoding="async" width="1003" height="1003" src="https://www.upo.es/cinef/wp-content/uploads/2025/11/Montiel-2025-color-1.jpeg" alt="" class="wp-image-1600 size-full" srcset="https://www.upo.es/cinef/wp-content/uploads/2025/11/Montiel-2025-color-1.jpeg 1003w, https://www.upo.es/cinef/wp-content/uploads/2025/11/Montiel-2025-color-1-300x300.jpeg 300w, https://www.upo.es/cinef/wp-content/uploads/2025/11/Montiel-2025-color-1-150x150.jpeg 150w, https://www.upo.es/cinef/wp-content/uploads/2025/11/Montiel-2025-color-1-768x768.jpeg 768w" sizes="(max-width: 1003px) 100vw, 1003px" /></figure><div class="wp-block-media-text__content">
<p style="font-size:16px"><strong>Paty Montiel&nbsp;</strong>es<strong>&nbsp;</strong>Profesora en la Facultad de Economía de la UNAM. Doctora en Ciencias Políticas y Sociales; maestra y licenciada en Economía por parte de la UNAM. Sus principales temas de investigación y estudio son: Estado y Desarrollo; Asociación Compleja en los “sistemas de innovación”; Globalización y Redes de Producción Global; Economía Social y Solidaria del Conocimiento; y Economía Política Feminista. Pertenece al Sistema Nacional de Investigadoras e Investigadores (candidata nacional) de la SECIHTI (antes Conahcyt) 2022-2025.&nbsp;</p>



<p style="font-size:16px">Está realizando una estancia en el CINEF de noviembre de 2025 a enero de 2026 con el proyecto de investigación: “Economía feminista y economía social y solidaria: elementos teóricos y prácticos para la superación de la vía de desarrollo neoliberal en la fase de desarrollo del capitalismo informático-global y del conocimiento”.</p>
</div></div>



<hr class="wp-block-separator has-text-color has-vivid-purple-color has-alpha-channel-opacity has-vivid-purple-background-color has-background is-style-wide"/>



<div class="wp-block-media-text alignfull is-stacked-on-mobile is-vertically-aligned-center" style="grid-template-columns:34% auto"><figure class="wp-block-media-text__media"><img decoding="async" width="1024" height="768" src="https://www.upo.es/cinef/wp-content/uploads/2025/10/FOTO-Lucia-Gutierrez-1-1024x768.jpg" alt="" class="wp-image-1566 size-full" srcset="https://www.upo.es/cinef/wp-content/uploads/2025/10/FOTO-Lucia-Gutierrez-1-1024x768.jpg 1024w, https://www.upo.es/cinef/wp-content/uploads/2025/10/FOTO-Lucia-Gutierrez-1-300x225.jpg 300w, https://www.upo.es/cinef/wp-content/uploads/2025/10/FOTO-Lucia-Gutierrez-1-768x576.jpg 768w, https://www.upo.es/cinef/wp-content/uploads/2025/10/FOTO-Lucia-Gutierrez-1-1536x1152.jpg 1536w, https://www.upo.es/cinef/wp-content/uploads/2025/10/FOTO-Lucia-Gutierrez-1.jpg 1600w" sizes="(max-width: 1024px) 100vw, 1024px" /></figure><div class="wp-block-media-text__content">
<p style="font-size:16px"><strong>Lucía Gutiérrez</strong>&nbsp;es argentina, Lic. en Sociología (UBA), Magíster en Políticas Públicas y Gerenciamiento del Desarrollo (UNSAM) y Doctoranda en Sociología (UNSAM). Su investigación doctoral se concentra en las estrategias feministas desplegadas en Argentina y México para promover la inserción de mujeres y diversidades<br>sexo-genéricas en actividades económicas tradicionalmente masculinizadas. Es docente en universidades nacionales de Argentina como la UBA y la UNSAM, y lo ha sido en UNPAZ y UNMoreno. Fue Coordinadora en la Dirección Nacional de Economía, Igualdad y Género del Ministerio de Economía de la Nación de Argentina y tuvo a su cargo la Mesa Federal de Género. Ha sido consultora de OEI y UNICEF.<br>Actualmente es Coordinadora de proyectos de investigación y transferencia de la Secretaría de Gobierno de la UNSAM. Está realizando la estancia en el CINEF de septiembre a diciembre de 2025.</p>
</div></div>



<hr class="wp-block-separator has-text-color has-vivid-purple-color has-alpha-channel-opacity has-vivid-purple-background-color has-background is-style-wide"/>



<div class="wp-block-media-text alignfull is-stacked-on-mobile is-vertically-aligned-center" style="grid-template-columns:34% auto"><figure class="wp-block-media-text__media"><img decoding="async" width="862" height="786" src="https://www.upo.es/cinef/wp-content/uploads/2025/10/Foto-Fabiana-Ciccarella.jpeg" alt="" class="wp-image-1570 size-full" srcset="https://www.upo.es/cinef/wp-content/uploads/2025/10/Foto-Fabiana-Ciccarella.jpeg 862w, https://www.upo.es/cinef/wp-content/uploads/2025/10/Foto-Fabiana-Ciccarella-300x274.jpeg 300w, https://www.upo.es/cinef/wp-content/uploads/2025/10/Foto-Fabiana-Ciccarella-768x700.jpeg 768w" sizes="(max-width: 862px) 100vw, 862px" /></figure><div class="wp-block-media-text__content">
<p style="font-size:16px"><strong>Fabiana Ciccarella</strong>&nbsp;está realizando el doctorado en cotutela internacional entre el Doctorado en Estudios de Género dentro del Programa Nacional de Doctorado coordinado por la Universidad de Bari Aldo Moro, con una beca en Economía Política financiada por la Universidad de Módena y Reggio Emilia, y el Doctorado en Ciencias Sociales de la Universidad Pablo de Olavide. Su investigación doctoral centrada en la igualdad de género en las organizaciones italianas y españolas, con especial atención a la brecha salarial de género, las políticas de certificación y el papel transformador de la Inteligencia Artificial, está dirigida por Tindara Addabbo (Unimore) y Paula Rodríguez-Modroño (UPO). Está realizando una estancia&nbsp;de investigación&nbsp;en el CINEF de enero a octubre de 2025.</p>
</div></div>



<hr class="wp-block-separator has-text-color has-vivid-purple-color has-alpha-channel-opacity has-vivid-purple-background-color has-background is-style-wide"/>



<div class="wp-block-media-text alignfull is-stacked-on-mobile is-vertically-aligned-center" style="grid-template-columns:34% auto"><figure class="wp-block-media-text__media"><img loading="lazy" decoding="async" width="1024" height="834" src="https://www.upo.es/cinef/wp-content/uploads/2025/10/Favetti-Giulia-photo-1024x834.jpg" alt="" class="wp-image-1571 size-full" srcset="https://www.upo.es/cinef/wp-content/uploads/2025/10/Favetti-Giulia-photo-1024x834.jpg 1024w, https://www.upo.es/cinef/wp-content/uploads/2025/10/Favetti-Giulia-photo-300x244.jpg 300w, https://www.upo.es/cinef/wp-content/uploads/2025/10/Favetti-Giulia-photo-768x626.jpg 768w, https://www.upo.es/cinef/wp-content/uploads/2025/10/Favetti-Giulia-photo.jpg 1062w" sizes="(max-width: 1024px) 100vw, 1024px" /></figure><div class="wp-block-media-text__content">
<p style="font-size:16px"><strong>Giulia Favetti&nbsp;</strong>es estudiante de tercer año del doctorado en Economía, Gestión y Estadística en la Universidad de Messina. Su investigación se centra en los estudios de género en la gestión pública, las empresas privadas y la gestión de desastres. Ha participado en proyectos europeos, entre ellos LetsGEPs, financiado por el programa de investigación e innovación Horizonte 2020. Sus estudios de doctorado se han llevado a cabo en la Universidad de Messina y la Universidad de Módena y Reggio Emilia. &nbsp;Está realizando la estancia de investigación en el CINEF de mayo a noviembre de 2025.</p>
</div></div>



<hr class="wp-block-separator has-text-color has-vivid-purple-color has-alpha-channel-opacity has-vivid-purple-background-color has-background is-style-wide"/>



<div class="wp-block-media-text alignfull is-stacked-on-mobile is-vertically-aligned-center" style="grid-template-columns:34% auto"><figure class="wp-block-media-text__media"><img loading="lazy" decoding="async" width="1024" height="1024" src="https://www.upo.es/cinef/wp-content/uploads/2025/10/Imagen-Ana-Toledo-2-1-1024x1024.jpg" alt="" class="wp-image-1575 size-full" srcset="https://www.upo.es/cinef/wp-content/uploads/2025/10/Imagen-Ana-Toledo-2-1-1024x1024.jpg 1024w, https://www.upo.es/cinef/wp-content/uploads/2025/10/Imagen-Ana-Toledo-2-1-300x300.jpg 300w, https://www.upo.es/cinef/wp-content/uploads/2025/10/Imagen-Ana-Toledo-2-1-150x150.jpg 150w, https://www.upo.es/cinef/wp-content/uploads/2025/10/Imagen-Ana-Toledo-2-1-768x768.jpg 768w, https://www.upo.es/cinef/wp-content/uploads/2025/10/Imagen-Ana-Toledo-2-1.jpg 1293w" sizes="(max-width: 1024px) 100vw, 1024px" /></figure><div class="wp-block-media-text__content">
<p style="font-size:16px"><strong><strong>Ana Itzel Toledo Aranda</strong></strong> es abogada egresada de la Universidad Nacional Autónoma de México donde se encuentra cursando la Maestría en Derecho con línea de investigación en Derecho Migratorio y Género. Su vocación por la defensa de los derechos humanos la ha llevado a colaborar con instituciones judiciales y organizaciones en sociedad civil que trabajan por las personas en contextos de movilidad. Su trayectoria combina la investigación académica con la acción en campo, desde la elaboración de propuestas jurídicas y atención directa a casos con perspectiva en género. Actualmente se encuentra realizando una estancia de investigación en el CINEF del 12 de agosto al 24 de diciembre de 2025.</p>



<p style="font-size:12px"></p>
</div></div>



<hr class="wp-block-separator has-text-color has-vivid-purple-color has-alpha-channel-opacity has-vivid-purple-background-color has-background is-style-wide"/>



<p class="has-text-align-left"></p>



<p><strong>Dr. Tommaso Trombetta, PhD Department of Psychology, University of Turin</strong>. </p>



<p class="has-small-font-size">Conferencia del Dr. Tommaso Trombetta: Minority Stress, Emotion Dysregulation, and Same-Sex Intimate Partner Violence Perpetration: a Psychological Mediation Framework-Based Model.</p>



<div class="wp-block-columns is-layout-flex wp-container-core-columns-is-layout-9d6595d7 wp-block-columns-is-layout-flex">
<div class="wp-block-column is-layout-flow wp-block-column-is-layout-flow">
<iframe src='https://upotv.upo.es/iframe/67caaee1abe3c6c7508b4567' id='pumukitiframe' frameborder='0' border='0' width='560' height='315' allowfullscreen></iframe>
</div>
</div>



<p></p>

<p>Paty Montiel&nbsp;es&nbsp;Profesora en la Facultad de Economía de la UNAM. Doctora en Ciencias Políticas y Sociales; maestra y licenciada en Economía por parte de la UNAM. Sus principales temas de investigación y estudio son: Estado y Desarrollo; Asociación Compleja en los “sistemas de innovación”; Globalización y Redes de Producción Global; Economía Social y Solidaria del Conocimiento; y Economía Política Feminista. [&hellip;]</p>
