{"id":15,"date":"2021-04-30T10:30:20","date_gmt":"2021-04-30T10:30:20","guid":{"rendered":"https:\/\/www.upo.es\/cinef\/?page_id=15"},"modified":"2025-01-10T11:52:15","modified_gmt":"2025-01-10T11:52:15","slug":"cinef-centro-interdisciplinar-de-estudios-feministas-de-las-mujeres-y-de-genero","status":"publish","type":"page","link":"https:\/\/www.upo.es\/cinef\/","title":{"rendered":"Presentaci\u00f3n del CINEF"},"content":{"rendered":"<\/p>\n\n\n<\/p>\n<p>El <strong>Centro Interdisciplinar de Estudios Feministas, de las Mujeres y de G\u00e9nero (CINEF) <\/strong>tiene la<strong> funci\u00f3n<\/strong> de promover, potenciar, coordinar y difundir actividades sobre investigaci\u00f3n cient\u00edfica y t\u00e9cnica, as\u00ed como la asesor\u00eda y ense\u00f1anza especializada en las \u00e1reas de conocimiento relacionadas con la Igualdad de G\u00e9nero, y trabajar conjuntamente en las iniciativas que se lleven a cabo en la Universidad Pablo de Olavide en este campo.<\/p>\n<p>\n\n\n\n<\/p>\n<p>\n\n\n\n<p><\/p>\n\n\n<p>Los <strong>Valores<\/strong> del <strong>CINEF<\/strong> son los siguientes:<br \/>\u2022 Fomento de la Igualdad de G\u00e9nero, de forma interna y externa.<br \/>\u2022 Excelencia en las actividades de investigaci\u00f3n y transferencia.<br \/>\u2022 Cooperaci\u00f3n y colaboraci\u00f3n con otros centros e instituciones.<br \/>\u2022 \u00c9tica en el trabajo y la gesti\u00f3n.<\/p>\n\n\n<\/p>\n<p>El <strong>CINEF<\/strong>, y su <strong>Plan Estrat\u00e9gico<\/strong>, tiene como <strong>objetivos<\/strong>:<br>\u2022 Potenciar la investigaci\u00f3n interdisciplinar de los estudios feministas, de g\u00e9nero e igualdad en la Universidad Pablo de Olavide, a trav\u00e9s de la organizaci\u00f3n de su personal investigador en equipos cient\u00edficos interdisciplinares.<br>\u2022 Difundir y fomentar la reflexi\u00f3n y el debate interdisciplinar sobre g\u00e9nero e igualdad, con car\u00e1cter abierto a toda la comunidad universitaria.<br>\u2022 Participar en redes de docencia e investigaci\u00f3n nacionales y europeas.<br>\u2022 Impulsar la transferencia de conocimiento en materia de g\u00e9nero e igualdad desde la universidad a la sociedad.<br>\u2022 Promover que las ense\u00f1anzas que se impartan en la universidad contemplen en sus planes de estudio el enfoque de g\u00e9nero.<br>\u2022 Impulsar la actualizaci\u00f3n cient\u00edfica, t\u00e9cnica y pedag\u00f3gica del personal investigador del Centro y de la comunidad universitaria en su conjunto, en los \u00e1mbitos de los estudios feministas y de g\u00e9nero.<\/p>\n<p>\n\n\n<p><strong>Contacto: <a href=\"mailto:cinef@upo.es\">cinef@upo.es<\/a><\/strong><\/p>\n\n\n<p><\/p>\n","protected":false},"excerpt":{"rendered":"<p>El Centro Interdisciplinar de Estudios Feministas, de las Mujeres y de G\u00e9nero (CINEF) tiene la funci\u00f3n de promover, potenciar, coordinar y difundir actividades sobre investigaci\u00f3n cient\u00edfica y t\u00e9cnica, as\u00ed como la asesor\u00eda y ense\u00f1anza especializada en las \u00e1reas de conocimiento relacionadas con la Igualdad de G\u00e9nero, y trabajar conjuntamente en las iniciativas que se lleven a cabo en la Universidad [&hellip;]<\/p>\n","protected":false},"author":1,"featured_media":0,"parent":0,"menu_order":0,"comment_status":"closed","ping_status":"closed","template":"","meta":{"_eb_attr":"","footnotes":""},"class_list":["post-15","page","type-page","status-publish","hentry"],"_links":{"self":[{"href":"https:\/\/www.upo.es\/cinef\/wp-json\/wp\/v2\/pages\/15","targetHints":{"allow":["GET"]}}],"collection":[{"href":"https:\/\/www.upo.es\/cinef\/wp-json\/wp\/v2\/pages"}],"about":[{"href":"https:\/\/www.upo.es\/cinef\/wp-json\/wp\/v2\/types\/page"}],"author":[{"embeddable":true,"href":"https:\/\/www.upo.es\/cinef\/wp-json\/wp\/v2\/users\/1"}],"replies":[{"embeddable":true,"href":"https:\/\/www.upo.es\/cinef\/wp-json\/wp\/v2\/comments?post=15"}],"version-history":[{"count":30,"href":"https:\/\/www.upo.es\/cinef\/wp-json\/wp\/v2\/pages\/15\/revisions"}],"predecessor-version":[{"id":1362,"href":"https:\/\/www.upo.es\/cinef\/wp-json\/wp\/v2\/pages\/15\/revisions\/1362"}],"wp:attachment":[{"href":"https:\/\/www.upo.es\/cinef\/wp-json\/wp\/v2\/media?parent=15"}],"curies":[{"name":"wp","href":"https:\/\/api.w.org\/{rel}","templated":true}]}}