{"id":192,"date":"2021-05-12T15:33:42","date_gmt":"2021-05-12T15:33:42","guid":{"rendered":"https:\/\/www.upo.es\/cinef\/?page_id=192"},"modified":"2022-04-28T14:19:00","modified_gmt":"2022-04-28T14:19:00","slug":"publicaciones","status":"publish","type":"page","link":"https:\/\/www.upo.es\/cinef\/publicaciones\/","title":{"rendered":"Publicaciones, Comunicaci\u00f3n y Transferencia de Conocimiento"},"content":{"rendered":"\n<p>Aqu\u00ed podr\u00e1 ver las actividades que ha realizado la Comisi\u00f3n de Publicaciones, Comunicaci\u00f3n y Transferencia de Conocimiento del CINEF. <\/p>\n\n\n\n<p>Puede acceder a las <strong>publicaciones<\/strong> de cada <strong>integrante del CINEF<\/strong> en su perfil en ORCID, disponible en el apartado: &#8220;<strong><a href=\"https:\/\/www.upo.es\/cinef\/quienes-somos-en-el-cinef\/\" target=\"_blank\" rel=\"noreferrer noopener\">Quienes somos en el CINEF<\/a><\/strong>&#8220;<\/p>\n","protected":false},"excerpt":{"rendered":"<p>Aqu\u00ed podr\u00e1 ver las actividades que ha realizado la Comisi\u00f3n de Publicaciones, Comunicaci\u00f3n y Transferencia de Conocimiento del CINEF. Puede acceder a las publicaciones de cada integrante del CINEF en su perfil en ORCID, disponible en el apartado: &#8220;Quienes somos en el CINEF&#8220;<\/p>\n","protected":false},"author":1,"featured_media":0,"parent":0,"menu_order":0,"comment_status":"closed","ping_status":"closed","template":"","meta":{"_eb_attr":"","footnotes":""},"class_list":["post-192","page","type-page","status-publish","hentry"],"_links":{"self":[{"href":"https:\/\/www.upo.es\/cinef\/wp-json\/wp\/v2\/pages\/192","targetHints":{"allow":["GET"]}}],"collection":[{"href":"https:\/\/www.upo.es\/cinef\/wp-json\/wp\/v2\/pages"}],"about":[{"href":"https:\/\/www.upo.es\/cinef\/wp-json\/wp\/v2\/types\/page"}],"author":[{"embeddable":true,"href":"https:\/\/www.upo.es\/cinef\/wp-json\/wp\/v2\/users\/1"}],"replies":[{"embeddable":true,"href":"https:\/\/www.upo.es\/cinef\/wp-json\/wp\/v2\/comments?post=192"}],"version-history":[{"count":6,"href":"https:\/\/www.upo.es\/cinef\/wp-json\/wp\/v2\/pages\/192\/revisions"}],"predecessor-version":[{"id":527,"href":"https:\/\/www.upo.es\/cinef\/wp-json\/wp\/v2\/pages\/192\/revisions\/527"}],"wp:attachment":[{"href":"https:\/\/www.upo.es\/cinef\/wp-json\/wp\/v2\/media?parent=192"}],"curies":[{"name":"wp","href":"https:\/\/api.w.org\/{rel}","templated":true}]}}