{"id":712,"date":"2024-04-16T13:02:57","date_gmt":"2024-04-16T13:02:57","guid":{"rendered":"https:\/\/www.upo.es\/cinef\/?page_id=712"},"modified":"2024-06-06T09:10:49","modified_gmt":"2024-06-06T09:10:49","slug":"guias","status":"publish","type":"page","link":"https:\/\/www.upo.es\/cinef\/guias\/","title":{"rendered":"Gu\u00edas"},"content":{"rendered":"<h4 style=\"text-align: center;\"><strong>GU\u00cdA PARA LA INTRODUCCI\u00d3N DE LA PERSPECTIVA DE G\u00c9NERO EN LA DOCENCIA DE LA UNIVERSIDAD PABLO DE OLAVIDE\u00a0<\/strong><\/h4>\n<figure id=\"attachment_714\" aria-describedby=\"caption-attachment-714\" style=\"width: 213px\" class=\"wp-caption alignleft\"><a href=\"https:\/\/rio.upo.es\/entities\/publication\/7070d4e3-7983-4809-a55d-83a993b209f7\" target=\"_blank\" rel=\"noopener\"><img fetchpriority=\"high\" decoding=\"async\" class=\"wp-image-714 size-medium\" src=\"https:\/\/www.upo.es\/cinef\/wp-content\/uploads\/2024\/04\/Estudio_Guia_perspectivagenero_docencia_UPO-1_page-0001-1.jpg_108750259-1-213x300.jpg\" alt=\"\" width=\"213\" height=\"300\" srcset=\"https:\/\/www.upo.es\/cinef\/wp-content\/uploads\/2024\/04\/Estudio_Guia_perspectivagenero_docencia_UPO-1_page-0001-1.jpg_108750259-1-213x300.jpg 213w, https:\/\/www.upo.es\/cinef\/wp-content\/uploads\/2024\/04\/Estudio_Guia_perspectivagenero_docencia_UPO-1_page-0001-1.jpg_108750259-1.jpg 260w\" sizes=\"(max-width: 213px) 100vw, 213px\" \/><\/a><figcaption id=\"caption-attachment-714\" class=\"wp-caption-text\"><span style=\"color: #ff9900;\"><strong>Clic en la imagen para acceder a la gu\u00eda<\/strong><\/span><\/figcaption><\/figure>\n<p style=\"padding-left: 240px;\"><span style=\"color: initial; font-size: revert;\">La formaci\u00f3n integral de las personas que pasan por la universidad es fundamental de cara a su desarrollo profesional y personal, pero adem\u00e1s constituye una herramienta clave de transformaci\u00f3n de la sociedad. Por este motivo, la incorporaci\u00f3n de la perspectiva de g\u00e9nero en la docencia es muy importante para la creaci\u00f3n de una conciencia social justa e igualitaria. Esta es una cuesti\u00f3n que preocupa conjuntamente tanto a la Universidad como al Ayuntamiento de Sevilla.<\/span><\/p>\n<p style=\"text-align: left; padding-left: 240px;\">Con el fin de seguir trabajando en la implementaci\u00f3n de la perspectiva de g\u00e9nero en la docencia en los grados de la Universidad Pablo de Olavide, desde la Delegaci\u00f3n del Rector para la Igualdad de G\u00e9nero se consider\u00f3 necesario tener un diagn\u00f3stico acerca de la situaci\u00f3n de los estudios de grado y doble <span style=\"font-size: revert; color: initial;\">grado de la Universidad Pablo de Olavide, en una primer<\/span><span style=\"font-size: revert; color: initial;\">\u00a0fase. Compartiendo esta inquietud con el Centro Interdisciplinar de Estudios de las Mujeres, Feministas y de G\u00e9nero (CINEF), varias de sus investigadoras se implicaron en la elaboraci\u00f3n del presente informe.<\/span><\/p>\n<p>Para ello, se dise\u00f1\u00f3 una estrategia de investigaci\u00f3n mixta combinando metodolog\u00edas cualitativa y cuantitativa que consisti\u00f3 en:<\/p>\n<p>\u2022 Revisi\u00f3n sistematizada para conocer la aplicaci\u00f3n de la perspectiva de g\u00e9nero en la docencia universitaria.<br \/>\n\u2022 An\u00e1lisis de todas las gu\u00edas docentes del curso 2022-23 con el fin de estudiar si est\u00e1n dise\u00f1adas con perspectiva de g\u00e9nero (t\u00edtulos, competencias particulares, referencias bibliogr\u00e1ficas, lenguaje empleado y g\u00e9nero del profesorado responsable).<br \/>\n\u2022 An\u00e1lisis de los proyectos de innovaci\u00f3n docente que se han presentado en la Universidad Pablo de Olavide desde 2016 hasta la actualidad para ver si el enfoque de g\u00e9nero estaba presente en ellos y de qu\u00e9 forma ha evolucionado su presencia a lo largo de los a\u00f1os.<br \/>\n\u2022 Entrevistas y grupos focales a los distintos sectores de la comunidad universitaria para hacer un diagn\u00f3stico de la \u201cceguera de g\u00e9nero\u201d en la pr\u00e1ctica docente, que se refiere a la \u201cfalta de reconocimiento de que los roles y las responsabilidades de las mujeres\/ni\u00f1as y los hombres\/ni\u00f1os se les atribuyen o se les imponen en contextos sociales, culturales, econ\u00f3micos y pol\u00edticos espec\u00edficos\u201d (AQU, 2019: 14) y que est\u00e1 presente tambi\u00e9n en el contexto de la docencia universitaria (Verge y Cabruja, 2017).<\/p>\n<p><strong>Autor\u00eda:<\/strong><br \/>\nM\u00f3nica Dom\u00ednguez-Serrano y Marian P\u00e9rez Bernal (Direcci\u00f3n)<br \/>\nMarian P\u00e9rez Bernal (Coordinaci\u00f3n)<br \/>\nAstrid Agenjo-Calder\u00f3n, Roc\u00edo C\u00e1rdenas Rodr\u00edguez, Rosa M.\u00aa D\u00edaz Jim\u00e9nez, Marta Garz\u00f3n \u00c1lvarez, Carmen Monreal Gimeno, Gema Otero Guti\u00e9rrez, Francisca S\u00e1nchez S\u00e1nchez, Candelaria Terce\u00f1o Solozano, Teresa Terr\u00f3n-Caro, M.\u00aa Dolores Yerga M\u00edguez y \u00c1ngela S\u00e1nchez Herrera.<\/p>\n<p><strong>Subvenciona:<\/strong><br \/>\n\u00c1rea de Igualdad y Recursos Humanos del Ayuntamiento de Sevilla.<\/p>\n<p>Clic <a href=\"https:\/\/www.upo.es\/diario\/institucional\/2023\/06\/la-upo-elabora-una-guia-para-la-introduccion-de-la-perspectiva-de-genero-en-la-docencia-universitaria\/\"><strong>aqu\u00ed<\/strong><\/a> para ver la nota de prensa de la presentaci\u00f3n del estudio<\/p>\n","protected":false},"excerpt":{"rendered":"<p>GU\u00cdA PARA LA INTRODUCCI\u00d3N DE LA PERSPECTIVA DE G\u00c9NERO EN LA DOCENCIA DE LA UNIVERSIDAD PABLO DE OLAVIDE\u00a0 La formaci\u00f3n integral de las personas que pasan por la universidad es fundamental de cara a su desarrollo profesional y personal, pero adem\u00e1s constituye una herramienta clave de transformaci\u00f3n de la sociedad. Por este motivo, la incorporaci\u00f3n de la perspectiva de g\u00e9nero [&hellip;]<\/p>\n","protected":false},"author":1,"featured_media":0,"parent":0,"menu_order":0,"comment_status":"closed","ping_status":"closed","template":"","meta":{"_eb_attr":"","footnotes":""},"class_list":["post-712","page","type-page","status-publish","hentry"],"_links":{"self":[{"href":"https:\/\/www.upo.es\/cinef\/wp-json\/wp\/v2\/pages\/712","targetHints":{"allow":["GET"]}}],"collection":[{"href":"https:\/\/www.upo.es\/cinef\/wp-json\/wp\/v2\/pages"}],"about":[{"href":"https:\/\/www.upo.es\/cinef\/wp-json\/wp\/v2\/types\/page"}],"author":[{"embeddable":true,"href":"https:\/\/www.upo.es\/cinef\/wp-json\/wp\/v2\/users\/1"}],"replies":[{"embeddable":true,"href":"https:\/\/www.upo.es\/cinef\/wp-json\/wp\/v2\/comments?post=712"}],"version-history":[{"count":15,"href":"https:\/\/www.upo.es\/cinef\/wp-json\/wp\/v2\/pages\/712\/revisions"}],"predecessor-version":[{"id":1125,"href":"https:\/\/www.upo.es\/cinef\/wp-json\/wp\/v2\/pages\/712\/revisions\/1125"}],"wp:attachment":[{"href":"https:\/\/www.upo.es\/cinef\/wp-json\/wp\/v2\/media?parent=712"}],"curies":[{"name":"wp","href":"https:\/\/api.w.org\/{rel}","templated":true}]}}

Guías

<h4 style="text-align: center;"><strong>GUÍA PARA LA INTRODUCCIÓN DE LA PERSPECTIVA DE GÉNERO EN LA DOCENCIA DE LA UNIVERSIDAD PABLO DE OLAVIDE </strong></h4>
<figure id="attachment_714" aria-describedby="caption-attachment-714" style="width: 213px" class="wp-caption alignleft"><a href="https://rio.upo.es/entities/publication/7070d4e3-7983-4809-a55d-83a993b209f7" target="_blank" rel="noopener"><img fetchpriority="high" decoding="async" class="wp-image-714 size-medium" src="https://www.upo.es/cinef/wp-content/uploads/2024/04/Estudio_Guia_perspectivagenero_docencia_UPO-1_page-0001-1.jpg_108750259-1-213x300.jpg" alt="" width="213" height="300" srcset="https://www.upo.es/cinef/wp-content/uploads/2024/04/Estudio_Guia_perspectivagenero_docencia_UPO-1_page-0001-1.jpg_108750259-1-213x300.jpg 213w, https://www.upo.es/cinef/wp-content/uploads/2024/04/Estudio_Guia_perspectivagenero_docencia_UPO-1_page-0001-1.jpg_108750259-1.jpg 260w" sizes="(max-width: 213px) 100vw, 213px" /></a><figcaption id="caption-attachment-714" class="wp-caption-text"><span style="color: #ff9900;"><strong>Clic en la imagen para acceder a la guía</strong></span></figcaption></figure>
<p style="padding-left: 240px;"><span style="color: initial; font-size: revert;">La formación integral de las personas que pasan por la universidad es fundamental de cara a su desarrollo profesional y personal, pero además constituye una herramienta clave de transformación de la sociedad. Por este motivo, la incorporación de la perspectiva de género en la docencia es muy importante para la creación de una conciencia social justa e igualitaria. Esta es una cuestión que preocupa conjuntamente tanto a la Universidad como al Ayuntamiento de Sevilla.</span></p>
<p style="text-align: left; padding-left: 240px;">Con el fin de seguir trabajando en la implementación de la perspectiva de género en la docencia en los grados de la Universidad Pablo de Olavide, desde la Delegación del Rector para la Igualdad de Género se consideró necesario tener un diagnóstico acerca de la situación de los estudios de grado y doble <span style="font-size: revert; color: initial;">grado de la Universidad Pablo de Olavide, en una primer</span><span style="font-size: revert; color: initial;"> fase. Compartiendo esta inquietud con el Centro Interdisciplinar de Estudios de las Mujeres, Feministas y de Género (CINEF), varias de sus investigadoras se implicaron en la elaboración del presente informe.</span></p>
<p>Para ello, se diseñó una estrategia de investigación mixta combinando metodologías cualitativa y cuantitativa que consistió en:</p>
<p>• Revisión sistematizada para conocer la aplicación de la perspectiva de género en la docencia universitaria.<br />
• Análisis de todas las guías docentes del curso 2022-23 con el fin de estudiar si están diseñadas con perspectiva de género (títulos, competencias particulares, referencias bibliográficas, lenguaje empleado y género del profesorado responsable).<br />
• Análisis de los proyectos de innovación docente que se han presentado en la Universidad Pablo de Olavide desde 2016 hasta la actualidad para ver si el enfoque de género estaba presente en ellos y de qué forma ha evolucionado su presencia a lo largo de los años.<br />
• Entrevistas y grupos focales a los distintos sectores de la comunidad universitaria para hacer un diagnóstico de la “ceguera de género” en la práctica docente, que se refiere a la “falta de reconocimiento de que los roles y las responsabilidades de las mujeres/niñas y los hombres/niños se les atribuyen o se les imponen en contextos sociales, culturales, económicos y políticos específicos” (AQU, 2019: 14) y que está presente también en el contexto de la docencia universitaria (Verge y Cabruja, 2017).</p>
<p><strong>Autoría:</strong><br />
Mónica Domínguez-Serrano y Marian Pérez Bernal (Dirección)<br />
Marian Pérez Bernal (Coordinación)<br />
Astrid Agenjo-Calderón, Rocío Cárdenas Rodríguez, Rosa M.ª Díaz Jiménez, Marta Garzón Álvarez, Carmen Monreal Gimeno, Gema Otero Gutiérrez, Francisca Sánchez Sánchez, Candelaria Terceño Solozano, Teresa Terrón-Caro, M.ª Dolores Yerga Míguez y Ángela Sánchez Herrera.</p>
<p><strong>Subvenciona:</strong><br />
Área de Igualdad y Recursos Humanos del Ayuntamiento de Sevilla.</p>
<p>Clic <a href="https://www.upo.es/diario/institucional/2023/06/la-upo-elabora-una-guia-para-la-introduccion-de-la-perspectiva-de-genero-en-la-docencia-universitaria/"><strong>aquí</strong></a> para ver la nota de prensa de la presentación del estudio</p>

<p>GUÍA PARA LA INTRODUCCIÓN DE LA PERSPECTIVA DE GÉNERO EN LA DOCENCIA DE LA UNIVERSIDAD PABLO DE OLAVIDE  La formación integral de las personas que pasan por la universidad es fundamental de cara a su desarrollo profesional y personal, pero además constituye una herramienta clave de transformación de la sociedad. Por este motivo, la incorporación de la perspectiva de género [&hellip;]</p>
