{"id":292,"date":"2021-12-25T19:14:00","date_gmt":"2021-12-25T19:14:00","guid":{"rendered":"https:\/\/www.upo.es\/cspl\/HealthyPlaces\/?page_id=292"},"modified":"2022-01-10T18:14:14","modified_gmt":"2022-01-10T18:14:14","slug":"3-vulnerabilidad-socioeconomica-del-lugar-de-residencia-y-riesgos-de-mortalidad","status":"publish","type":"page","link":"https:\/\/www.upo.es\/cspl\/HealthyPlaces\/resultados\/3-vulnerabilidad-socioeconomica-del-lugar-de-residencia-y-riesgos-de-mortalidad\/","title":{"rendered":"3. Vulnerabilidad socioecon\u00f3mica del lugar de residencia y riesgos de mortalidad"},"content":{"rendered":"<p><\/p>\n<h3>Gr\u00e1fico 1. Riesgos relativos de mortalidad (Hazard Ratios) seg\u00fan el quintil del \u00edndice de vulnerabilidad socioecon\u00f3mica de la secci\u00f3n censal (ref. Quintil 1) para la poblaci\u00f3n de 50-69 a\u00f1os<\/h3>\n<p><img loading=\"lazy\" class=\"alignnone size-full wp-image-290\" src=\"https:\/\/www.upo.es\/cspl\/HealthyPlaces\/wp-content\/uploads\/2021\/12\/3-1.jpg\" alt=\"\" width=\"1701\" height=\"720\" srcset=\"https:\/\/www.upo.es\/cspl\/HealthyPlaces\/wp-content\/uploads\/2021\/12\/3-1.jpg 1701w, https:\/\/www.upo.es\/cspl\/HealthyPlaces\/wp-content\/uploads\/2021\/12\/3-1-300x127.jpg 300w, https:\/\/www.upo.es\/cspl\/HealthyPlaces\/wp-content\/uploads\/2021\/12\/3-1-1024x433.jpg 1024w, https:\/\/www.upo.es\/cspl\/HealthyPlaces\/wp-content\/uploads\/2021\/12\/3-1-768x325.jpg 768w, https:\/\/www.upo.es\/cspl\/HealthyPlaces\/wp-content\/uploads\/2021\/12\/3-1-1536x650.jpg 1536w\" sizes=\"(max-width: 1701px) 100vw, 1701px\" \/><\/p>\n<h3>Gr\u00e1fico 2. Riesgos relativos de mortalidad (Hazard Ratios) seg\u00fan el quintil del \u00edndice de vulnerabilidad socioecon\u00f3mica de la secci\u00f3n censal (ref. Quintil 1) para la poblaci\u00f3n de \u226570 a\u00f1os<\/h3>\n<p><img loading=\"lazy\" class=\"alignnone size-full wp-image-291\" src=\"https:\/\/www.upo.es\/cspl\/HealthyPlaces\/wp-content\/uploads\/2021\/12\/3-2.jpg\" alt=\"\" width=\"1701\" height=\"720\" srcset=\"https:\/\/www.upo.es\/cspl\/HealthyPlaces\/wp-content\/uploads\/2021\/12\/3-2.jpg 1701w, https:\/\/www.upo.es\/cspl\/HealthyPlaces\/wp-content\/uploads\/2021\/12\/3-2-300x127.jpg 300w, https:\/\/www.upo.es\/cspl\/HealthyPlaces\/wp-content\/uploads\/2021\/12\/3-2-1024x433.jpg 1024w, https:\/\/www.upo.es\/cspl\/HealthyPlaces\/wp-content\/uploads\/2021\/12\/3-2-768x325.jpg 768w, https:\/\/www.upo.es\/cspl\/HealthyPlaces\/wp-content\/uploads\/2021\/12\/3-2-1536x650.jpg 1536w\" sizes=\"(max-width: 1701px) 100vw, 1701px\" \/><\/p>\n<h4><strong>NOTA METODOL\u00d3GICA<\/strong><\/h4>\n<p>Utilizando la informaci\u00f3n de la cohorte censal de la poblaci\u00f3n andaluza, ofrecida por las <a href=\"https:\/\/www.juntadeandalucia.es\/institutodeestadisticaycartografia\/longevidad\/index.htm\" target=\"_blank\" rel=\"noopener noreferrer\">Estad\u00edsticas Longitudinales de Supervivencia y Longevidad en Andaluc\u00eda<\/a>, se realiz\u00f3 un estudio prospectivo que permiti\u00f3 analizar la relaci\u00f3n entre los riesgos de mortalidad por distintos grupos de causas y el \u00cdndice Sint\u00e9tico de Vulnerabilidad Socioecon\u00f3mica del lugar de residencia (ISVUN-SE). Se estimaron los riesgos relativos de mortalidad mediante los Hazard Ratios (HR) obtenidos de modelos de regresi\u00f3n cuasi-Poisson ajustados por la edad (en grupos quinquenales), el nivel de estudios alcanzado, el grado de urbanizaci\u00f3n y el periodo quinquenal de seguimiento. El ISVUN-SE se basa en una clasificaci\u00f3n multicriterio seg\u00fan el porcentaje de poblaci\u00f3n en paro, el porcentaje de poblaci\u00f3n juvenil en paro, el porcentaje de ocupados eventuales, el porcentaje de ocupados no cualificados y el porcentaje de poblaci\u00f3n sin estudios en cada una de las secciones censales. Este \u00edndice sint\u00e9tico, ofrecido por el <a href=\"http:\/\/atlasvulnerabilidadurbana2001.fomento.es\/#c=home\" target=\"_blank\" rel=\"noopener noreferrer\">Atlas de Vulnerabilidad Urbana de 2001<\/a>, permite asignar una posici\u00f3n a cada secci\u00f3n censal en comparaci\u00f3n con los valores de dichos criterios a escala nacional. El rango del ISVUN-SE var\u00eda entre 0 y 1, siendo 0 menos vulnerable y 1 m\u00e1s vulnerable. Para el presente an\u00e1lisis se utilizaron los quintiles de su distribuci\u00f3n, indicando el quintil 1 menor grado de vulnerabilidad y el quintil 5 mayor grado de vulnerabilidad, se tom\u00f3 como categor\u00eda de referencia para el an\u00e1lisis comparativo las secciones censales menos vulnerables (quintil 1). Los an\u00e1lisis se realizaron segregados seg\u00fan el sexo y la edad (personas de 50-70 y mayores de 70 a\u00f1os)<\/p>\n<p>En los gr\u00e1ficos anteriores se representan los HR ajustados con sus respectivos intervalos de confianza al 95%. Cuando la estimaci\u00f3n del HR es &gt;1, el riesgo de mortalidad para las secciones agrupadas en ese quintil es significativamente mayor que para las secciones menos vulnerables. Si la estimaci\u00f3n del HR es &lt;1, debe interpretarse que el riesgo de mortalidad es significativamente menor en comparaci\u00f3n con las secciones menos vulnerables. Por \u00faltimo, Si la estimaci\u00f3n del HR incluye el valor 1, no existen diferencias significativas en el riesgo de mortalidad en comparaci\u00f3n con las secciones menos vulnerables.<\/p>\n<h4><strong>Interpretaci\u00f3n de los principales hallazgos para las personas de 50-70 (Gr\u00e1fico 1)<\/strong>:<\/h4>\n<ul>\n<li>El riesgo de mortalidad es significativamente mayor para hombres y mujeres que residen en las secciones censales con mayor grado de vulnerabilidad socioecon\u00f3mica. Ello se constata en el caso de las enfermedades prevenibles por cambio de pr\u00e1cticas\/comportamientos, en aquellas en las que el cambio de pr\u00e1cticas adem\u00e1s debe venir acompa\u00f1ado de intervenci\u00f3n y\/o tratamiento m\u00e9dico, y en las enfermedades infecciosas y parasitarias.<\/li>\n<li>Para los hombres que residen en las secciones con mayor grado de vulnerabilidad (quintiles 4 y 5), tambi\u00e9n existe un riesgo significativamente mayor de morir por lesiones y gripe\/neumon\u00eda.<\/li>\n<li>Si comparamos la magnitud de las desigualdades territoriales entre los hombres y mujeres, podemos apreciar que en el caso de las enfermedades prevenibles mediante la modificaci\u00f3n de pr\u00e1cticas relacionadas con la salud estas son mayores para los hombres. Ante las causas de mortalidad que para su prevenci\u00f3n requieren tanto de la modificaci\u00f3n de pr\u00e1cticas como de la intervenci\u00f3n m\u00e9dica, las desigualdades territoriales son mayores para las mujeres.<\/li>\n<\/ul>\n<h4><strong>Interpretaci\u00f3n de los principales hallazgos para las personas de m\u00e1s de 70 a\u00f1os (Gr\u00e1fico 2)<\/strong>:<\/h4>\n<ul>\n<li>El riesgo de mortalidad por causas prevenibles mediante la modificaci\u00f3n de pr\u00e1cticas y aquellas que adem\u00e1s de dicha modificaci\u00f3n requerir\u00edan de intervenci\u00f3n m\u00e9dica, sigue siendo mayor para hombres y mujeres que residen en las secciones censales con mayor vulnerabilidad socioecon\u00f3mica. Las desigualdades territoriales parecen ligeramente mayores entre los hombres en las primeras y entre las mujeres en las segundas.<\/li>\n<li>Desaparecen las diferencias significativas en la mortalidad por enfermedades infecciosas y gripe entre los hombres, pero se mantienen en el caso de las lesiones cuando estos residen en las secciones m\u00e1s vulnerables (quintil 5).<\/li>\n<li>Siguen existiendo importantes desigualdades territoriales en el riesgo de mortalidad por enfermedades infecciosas y parasitarias entre las mujeres de edad m\u00e1s avanzada. Adem\u00e1s, tambi\u00e9n existe un riesgo significativamente mayor de que fallezcan a causa de la gripe\/neumon\u00eda en comparaci\u00f3n con aquellas que residen en las secciones menos vulnerables.<\/li>\n<\/ul>\n<p><\/p>","protected":false},"excerpt":{"rendered":"<p>Gr\u00e1fico 1. Riesgos relativos de mortalidad (Hazard Ratios) seg\u00fan el quintil del \u00edndice de vulnerabilidad socioecon\u00f3mica de la secci\u00f3n censal (ref. Quintil 1) para la poblaci\u00f3n de 50-69 a\u00f1os Gr\u00e1fico 2. Riesgos relativos de mortalidad (Hazard Ratios) seg\u00fan el quintil del \u00edndice de vulnerabilidad socioecon\u00f3mica de la secci\u00f3n censal (ref. Quintil 1) para la poblaci\u00f3n&hellip;&nbsp;<a href=\"https:\/\/www.upo.es\/cspl\/HealthyPlaces\/resultados\/3-vulnerabilidad-socioeconomica-del-lugar-de-residencia-y-riesgos-de-mortalidad\/\" class=\"\" rel=\"bookmark\">Leer m\u00e1s &raquo;<span class=\"screen-reader-text\">3. Vulnerabilidad socioecon\u00f3mica del lugar de residencia y riesgos de mortalidad<\/span><\/a><\/p>\n","protected":false},"author":1,"featured_media":0,"parent":131,"menu_order":0,"comment_status":"closed","ping_status":"closed","template":"","meta":{"neve_meta_sidebar":"full-width","neve_meta_container":"","neve_meta_enable_content_width":"on","neve_meta_content_width":100,"neve_meta_title_alignment":"","neve_meta_author_avatar":"","neve_post_elements_order":"","neve_meta_disable_header":"","neve_meta_disable_footer":"","neve_meta_disable_title":""},"_links":{"self":[{"href":"https:\/\/www.upo.es\/cspl\/HealthyPlaces\/wp-json\/wp\/v2\/pages\/292"}],"collection":[{"href":"https:\/\/www.upo.es\/cspl\/HealthyPlaces\/wp-json\/wp\/v2\/pages"}],"about":[{"href":"https:\/\/www.upo.es\/cspl\/HealthyPlaces\/wp-json\/wp\/v2\/types\/page"}],"author":[{"embeddable":true,"href":"https:\/\/www.upo.es\/cspl\/HealthyPlaces\/wp-json\/wp\/v2\/users\/1"}],"replies":[{"embeddable":true,"href":"https:\/\/www.upo.es\/cspl\/HealthyPlaces\/wp-json\/wp\/v2\/comments?post=292"}],"version-history":[{"count":6,"href":"https:\/\/www.upo.es\/cspl\/HealthyPlaces\/wp-json\/wp\/v2\/pages\/292\/revisions"}],"predecessor-version":[{"id":351,"href":"https:\/\/www.upo.es\/cspl\/HealthyPlaces\/wp-json\/wp\/v2\/pages\/292\/revisions\/351"}],"up":[{"embeddable":true,"href":"https:\/\/www.upo.es\/cspl\/HealthyPlaces\/wp-json\/wp\/v2\/pages\/131"}],"wp:attachment":[{"href":"https:\/\/www.upo.es\/cspl\/HealthyPlaces\/wp-json\/wp\/v2\/media?parent=292"}],"curies":[{"name":"wp","href":"https:\/\/api.w.org\/{rel}","templated":true}]}}

3. Vulnerabilidad socioeconómica del lugar de residencia y riesgos de mortalidad

<p></p>
<h3>Gráfico 1. Riesgos relativos de mortalidad (Hazard Ratios) según el quintil del índice de vulnerabilidad socioeconómica de la sección censal (ref. Quintil 1) para la población de 50-69 años</h3>
<p><img loading="lazy" class="alignnone size-full wp-image-290" src="https://www.upo.es/cspl/HealthyPlaces/wp-content/uploads/2021/12/3-1.jpg" alt="" width="1701" height="720" srcset="https://www.upo.es/cspl/HealthyPlaces/wp-content/uploads/2021/12/3-1.jpg 1701w, https://www.upo.es/cspl/HealthyPlaces/wp-content/uploads/2021/12/3-1-300x127.jpg 300w, https://www.upo.es/cspl/HealthyPlaces/wp-content/uploads/2021/12/3-1-1024x433.jpg 1024w, https://www.upo.es/cspl/HealthyPlaces/wp-content/uploads/2021/12/3-1-768x325.jpg 768w, https://www.upo.es/cspl/HealthyPlaces/wp-content/uploads/2021/12/3-1-1536x650.jpg 1536w" sizes="(max-width: 1701px) 100vw, 1701px" /></p>
<h3>Gráfico 2. Riesgos relativos de mortalidad (Hazard Ratios) según el quintil del índice de vulnerabilidad socioeconómica de la sección censal (ref. Quintil 1) para la población de ≥70 años</h3>
<p><img loading="lazy" class="alignnone size-full wp-image-291" src="https://www.upo.es/cspl/HealthyPlaces/wp-content/uploads/2021/12/3-2.jpg" alt="" width="1701" height="720" srcset="https://www.upo.es/cspl/HealthyPlaces/wp-content/uploads/2021/12/3-2.jpg 1701w, https://www.upo.es/cspl/HealthyPlaces/wp-content/uploads/2021/12/3-2-300x127.jpg 300w, https://www.upo.es/cspl/HealthyPlaces/wp-content/uploads/2021/12/3-2-1024x433.jpg 1024w, https://www.upo.es/cspl/HealthyPlaces/wp-content/uploads/2021/12/3-2-768x325.jpg 768w, https://www.upo.es/cspl/HealthyPlaces/wp-content/uploads/2021/12/3-2-1536x650.jpg 1536w" sizes="(max-width: 1701px) 100vw, 1701px" /></p>
<h4><strong>NOTA METODOLÓGICA</strong></h4>
<p>Utilizando la información de la cohorte censal de la población andaluza, ofrecida por las <a href="https://www.juntadeandalucia.es/institutodeestadisticaycartografia/longevidad/index.htm" target="_blank" rel="noopener noreferrer">Estadísticas Longitudinales de Supervivencia y Longevidad en Andalucía</a>, se realizó un estudio prospectivo que permitió analizar la relación entre los riesgos de mortalidad por distintos grupos de causas y el Índice Sintético de Vulnerabilidad Socioeconómica del lugar de residencia (ISVUN-SE). Se estimaron los riesgos relativos de mortalidad mediante los Hazard Ratios (HR) obtenidos de modelos de regresión cuasi-Poisson ajustados por la edad (en grupos quinquenales), el nivel de estudios alcanzado, el grado de urbanización y el periodo quinquenal de seguimiento. El ISVUN-SE se basa en una clasificación multicriterio según el porcentaje de población en paro, el porcentaje de población juvenil en paro, el porcentaje de ocupados eventuales, el porcentaje de ocupados no cualificados y el porcentaje de población sin estudios en cada una de las secciones censales. Este índice sintético, ofrecido por el <a href="http://atlasvulnerabilidadurbana2001.fomento.es/#c=home" target="_blank" rel="noopener noreferrer">Atlas de Vulnerabilidad Urbana de 2001</a>, permite asignar una posición a cada sección censal en comparación con los valores de dichos criterios a escala nacional. El rango del ISVUN-SE varía entre 0 y 1, siendo 0 menos vulnerable y 1 más vulnerable. Para el presente análisis se utilizaron los quintiles de su distribución, indicando el quintil 1 menor grado de vulnerabilidad y el quintil 5 mayor grado de vulnerabilidad, se tomó como categoría de referencia para el análisis comparativo las secciones censales menos vulnerables (quintil 1). Los análisis se realizaron segregados según el sexo y la edad (personas de 50-70 y mayores de 70 años)</p>
<p>En los gráficos anteriores se representan los HR ajustados con sus respectivos intervalos de confianza al 95%. Cuando la estimación del HR es &gt;1, el riesgo de mortalidad para las secciones agrupadas en ese quintil es significativamente mayor que para las secciones menos vulnerables. Si la estimación del HR es &lt;1, debe interpretarse que el riesgo de mortalidad es significativamente menor en comparación con las secciones menos vulnerables. Por último, Si la estimación del HR incluye el valor 1, no existen diferencias significativas en el riesgo de mortalidad en comparación con las secciones menos vulnerables.</p>
<h4><strong>Interpretación de los principales hallazgos para las personas de 50-70 (Gráfico 1)</strong>:</h4>
<ul>
<li>El riesgo de mortalidad es significativamente mayor para hombres y mujeres que residen en las secciones censales con mayor grado de vulnerabilidad socioeconómica. Ello se constata en el caso de las enfermedades prevenibles por cambio de prácticas/comportamientos, en aquellas en las que el cambio de prácticas además debe venir acompañado de intervención y/o tratamiento médico, y en las enfermedades infecciosas y parasitarias.</li>
<li>Para los hombres que residen en las secciones con mayor grado de vulnerabilidad (quintiles 4 y 5), también existe un riesgo significativamente mayor de morir por lesiones y gripe/neumonía.</li>
<li>Si comparamos la magnitud de las desigualdades territoriales entre los hombres y mujeres, podemos apreciar que en el caso de las enfermedades prevenibles mediante la modificación de prácticas relacionadas con la salud estas son mayores para los hombres. Ante las causas de mortalidad que para su prevención requieren tanto de la modificación de prácticas como de la intervención médica, las desigualdades territoriales son mayores para las mujeres.</li>
</ul>
<h4><strong>Interpretación de los principales hallazgos para las personas de más de 70 años (Gráfico 2)</strong>:</h4>
<ul>
<li>El riesgo de mortalidad por causas prevenibles mediante la modificación de prácticas y aquellas que además de dicha modificación requerirían de intervención médica, sigue siendo mayor para hombres y mujeres que residen en las secciones censales con mayor vulnerabilidad socioeconómica. Las desigualdades territoriales parecen ligeramente mayores entre los hombres en las primeras y entre las mujeres en las segundas.</li>
<li>Desaparecen las diferencias significativas en la mortalidad por enfermedades infecciosas y gripe entre los hombres, pero se mantienen en el caso de las lesiones cuando estos residen en las secciones más vulnerables (quintil 5).</li>
<li>Siguen existiendo importantes desigualdades territoriales en el riesgo de mortalidad por enfermedades infecciosas y parasitarias entre las mujeres de edad más avanzada. Además, también existe un riesgo significativamente mayor de que fallezcan a causa de la gripe/neumonía en comparación con aquellas que residen en las secciones menos vulnerables.</li>
</ul>
<p></p>

<p>Gráfico 1. Riesgos relativos de mortalidad (Hazard Ratios) según el quintil del índice de vulnerabilidad socioeconómica de la sección censal (ref. Quintil 1) para la población de 50-69 años Gráfico 2. Riesgos relativos de mortalidad (Hazard Ratios) según el quintil del índice de vulnerabilidad socioeconómica de la sección censal (ref. Quintil 1) para la población&hellip;&nbsp;<a href="https://www.upo.es/cspl/HealthyPlaces/resultados/3-vulnerabilidad-socioeconomica-del-lugar-de-residencia-y-riesgos-de-mortalidad/" class="" rel="bookmark">Leer más &raquo;<span class="screen-reader-text">3. Vulnerabilidad socioeconómica del lugar de residencia y riesgos de mortalidad</span></a></p>
