{"id":9,"date":"2020-11-08T17:34:56","date_gmt":"2020-11-08T17:34:56","guid":{"rendered":"https:\/\/www.upo.es\/cspl\/HealthyPlaces\/?page_id=9"},"modified":"2022-01-18T19:07:23","modified_gmt":"2022-01-18T19:07:23","slug":"acerca-de","status":"publish","type":"page","link":"https:\/\/www.upo.es\/cspl\/HealthyPlaces\/acerca-de\/","title":{"rendered":"El proyecto"},"content":{"rendered":"<p>Este proyecto ha sido financiado por el Centro de Estudios Andaluces en la <em>XI convocatoria competitiva de proyectos de investigaci\u00f3n 2019-2021<\/em>, se enmarca en la l\u00ednea de investigaci\u00f3n sobre bienestar y realidad social andaluza, concretamente en la subl\u00ednea de retos sociales: familia, envejecimiento y\/o movimientos migratorios. Su objetivo principal es investigar los factores que influyen sobre la salud de la poblaci\u00f3n andaluza en edades maduras y longevas desde una perspectiva de an\u00e1lisis multinivel.\u00a0<\/p>\r\n\r\n\r\n\r\n<p>Pocos factores contribuyen tan claramente a disfrutar de una buena calidad de vida durante la vejez como haber consolidado un estilo de vida saludable mediante la incorporaci\u00f3n de pr\u00e1cticas preventivas a lo largo de la vida. La Organizaci\u00f3n Mundial de la Salud adopt\u00f3 el t\u00e9rmino de \u2018envejecimiento activo\u2019 para referirse al proceso que lleva a disfrutar de una vida m\u00e1s larga optimizando a la vez, y de forma continua, las oportunidades para la salud, la participaci\u00f3n y la seguridad de las personas. Sin embargo, investigaciones previas en el \u00e1mbito de la Salud P\u00fablica y la Epidemiolog\u00eda Social han puesto de manifiesto que estas oportunidades suelen estar condicionadas por las caracter\u00edsticas del espacio f\u00edsico y social donde se envejece, lo cual nos sit\u00faa ante una cuesti\u00f3n central: \u00bfCu\u00e1les son los determinantes contextuales de las trayectorias de envejecimiento saludable y cu\u00e1l es su influencia sobre la distribuci\u00f3n socio-espacial de la salud? En esta investigaci\u00f3n se aplicar\u00e1 un enfoque de an\u00e1lisis multinivel que permitir\u00e1 realizar un estudio territorializado de la vulnerabilidad en t\u00e9rminos de salud de la poblaci\u00f3n mayor de Andaluc\u00eda. El objetivo principal es identificar aquellas caracter\u00edsticas de los contextos locales que puedan tener potencialmente un mayor impacto sobre la calidad de vida relacionada con la salud de esta poblaci\u00f3n. A la vez, se prev\u00e9 que los resultados de la investigaci\u00f3n permitan formular recomendaciones en relaci\u00f3n a las principales \u00e1reas de intervenci\u00f3n para incorporar una visi\u00f3n de equidad a las pol\u00edticas locales y regionales sobre envejecimiento activo y saludable.<\/p>\r\n<h3>Metodolog\u00eda<\/h3>\r\n<table id=\"metodo\">\r\n<tbody>\r\n<tr>\r\n<th>Objetivo General<\/th>\r\n<th colspan=\"3\">1: Descripci\u00f3n territorializada del estado de salud<\/th>\r\n<th colspan=\"2\">2: efectos contextuales directos de las caracter\u00edsticas del lugar de residencia<\/th>\r\n<th colspan=\"2\">3: efectos condicionales del contexto local sobre la salud<\/th>\r\n<\/tr>\r\n<tr>\r\n<th>Objetivos Espec\u00edficos<\/th>\r\n<td style=\"text-align: center;\">1.1: identificar a la poblaci\u00f3n mayor vulnerable en materia de salud en el territorio<\/td>\r\n<td style=\"text-align: center;\">1.2: Estudiar las disparidades en la mortalidad prevenible<\/td>\r\n<td style=\"text-align: center;\">1.3: Analizar la evoluci\u00f3n de la inequidad en salud en el conjunto de la poblaci\u00f3n andaluza de forma comparada con el resto de Espa\u00f1a<\/td>\r\n<td style=\"text-align: center;\">2.1: Estudiar las influencias de la Edad y la Cohorte de nacimiento<\/td>\r\n<td style=\"text-align: center;\">2.2: Analizar la influencia de las caracter\u00edsticas del contexto cercano sobre distintos indicadores de salud<\/td>\r\n<td style=\"text-align: center;\">3.1: Explorar los efectos interactivos entre las caracter\u00edsticas del contexto y variables individuales relevantes<\/td>\r\n<td style=\"text-align: center;\">3.2: Explorar los efectos interactivos entre las caracter\u00edsticas del contexto y la situaci\u00f3n de privaci\u00f3n en el hogar<\/td>\r\n<\/tr>\r\n<tr>\r\n<th>Dise\u00f1o<\/th>\r\n<td style=\"text-align: center;\" colspan=\"2\">Cohortes<\/td>\r\n<td style=\"text-align: center;\">Transversal en varios periodos<\/td>\r\n<td style=\"text-align: center;\">Transversal en varios periodos<\/td>\r\n<td style=\"text-align: center;\" colspan=\"3\">\u00a0Transversal multinivel<\/td>\r\n<\/tr>\r\n<tr>\r\n<th>Principal variable explicativa<\/th>\r\n<td style=\"text-align: center;\" colspan=\"2\">Descripci\u00f3n de riesgos de mortalidad (Mapas)\u00a0 y an\u00e1lisis en funci\u00f3n de la vulnerabilidad socioecon\u00f3mica del lugar de residencia<\/td>\r\n<td style=\"text-align: center;\">Estatus socioecon\u00f3mico del individuo<\/td>\r\n<td style=\"text-align: center;\">Edad, Cohorte de nacimiento, g\u00e9nero y estatus socioecon\u00f3mico individual<\/td>\r\n<td style=\"text-align: center;\" colspan=\"3\">Dimensi\u00f3n socioecon\u00f3mica municipal, la dimensi\u00f3n institucional o de pol\u00edticas p\u00fablicas del contexto local, la distribuci\u00f3n de la poblaci\u00f3n en el contexto local (segregaci\u00f3n). La dimensi\u00f3n socioecon\u00f3mica del barrio de residencia y la disponibilidad de recursos-servicios<\/td>\r\n<\/tr>\r\n<tr>\r\n<th>Contexto<\/th>\r\n<td style=\"text-align: center;\" colspan=\"2\">Municipios y barrios<\/td>\r\n<td style=\"text-align: center;\">Andaluc\u00eda vs. Resto de Espa\u00f1a<\/td>\r\n<td style=\"text-align: center;\">Cohorte de nacimiento<\/td>\r\n<td style=\"text-align: center;\" colspan=\"3\">Municipios y secciones censales<\/td>\r\n<\/tr>\r\n<tr>\r\n<th>T\u00e9cnicas de An\u00e1lisis<\/th>\r\n<td style=\"text-align: center;\">Regresi\u00f3n de Poisson<\/td>\r\n<td style=\"text-align: center;\">C\u00e1lculos de \u00edndices de inequidad en la mortalidad<\/td>\r\n<td style=\"text-align: center;\">Modelos de regresi\u00f3n m\u00faltiple y An\u00e1lisis de supervivencia (Regresi\u00f3n de Cox)<\/td>\r\n<td style=\"text-align: center;\">Modelos jer\u00e1rquico edad-per\u00edodo-cohorte<\/td>\r\n<td style=\"text-align: center;\" colspan=\"3\">Modelos de regresi\u00f3n jer\u00e1rquica o multinivel con interacci\u00f3n entre caracter\u00edsticas contextuales e individuales\/entorno familiar<\/td>\r\n<\/tr>\r\n<\/tbody>\r\n<\/table>\r\n<!-- \/wp:paragraph -->","protected":false},"excerpt":{"rendered":"<p>Este proyecto ha sido financiado por el Centro de Estudios Andaluces en la XI convocatoria competitiva de proyectos de investigaci\u00f3n 2019-2021, se enmarca en la l\u00ednea de investigaci\u00f3n sobre bienestar y realidad social andaluza, concretamente en la subl\u00ednea de retos sociales: familia, envejecimiento y\/o movimientos migratorios. Su objetivo principal es investigar los factores que influyen&hellip;&nbsp;<a href=\"https:\/\/www.upo.es\/cspl\/HealthyPlaces\/acerca-de\/\" class=\"\" rel=\"bookmark\">Leer m\u00e1s &raquo;<span class=\"screen-reader-text\">El proyecto<\/span><\/a><\/p>\n","protected":false},"author":1,"featured_media":0,"parent":0,"menu_order":0,"comment_status":"closed","ping_status":"closed","template":"","meta":{"neve_meta_sidebar":"","neve_meta_container":"","neve_meta_enable_content_width":"on","neve_meta_content_width":100,"neve_meta_title_alignment":"","neve_meta_author_avatar":"","neve_post_elements_order":"","neve_meta_disable_header":"","neve_meta_disable_footer":"","neve_meta_disable_title":""},"_links":{"self":[{"href":"https:\/\/www.upo.es\/cspl\/HealthyPlaces\/wp-json\/wp\/v2\/pages\/9"}],"collection":[{"href":"https:\/\/www.upo.es\/cspl\/HealthyPlaces\/wp-json\/wp\/v2\/pages"}],"about":[{"href":"https:\/\/www.upo.es\/cspl\/HealthyPlaces\/wp-json\/wp\/v2\/types\/page"}],"author":[{"embeddable":true,"href":"https:\/\/www.upo.es\/cspl\/HealthyPlaces\/wp-json\/wp\/v2\/users\/1"}],"replies":[{"embeddable":true,"href":"https:\/\/www.upo.es\/cspl\/HealthyPlaces\/wp-json\/wp\/v2\/comments?post=9"}],"version-history":[{"count":17,"href":"https:\/\/www.upo.es\/cspl\/HealthyPlaces\/wp-json\/wp\/v2\/pages\/9\/revisions"}],"predecessor-version":[{"id":380,"href":"https:\/\/www.upo.es\/cspl\/HealthyPlaces\/wp-json\/wp\/v2\/pages\/9\/revisions\/380"}],"wp:attachment":[{"href":"https:\/\/www.upo.es\/cspl\/HealthyPlaces\/wp-json\/wp\/v2\/media?parent=9"}],"curies":[{"name":"wp","href":"https:\/\/api.w.org\/{rel}","templated":true}]}}