{"id":4000132,"date":"2014-05-22T09:31:57","date_gmt":"2014-05-22T09:31:57","guid":{"rendered":"https:\/\/www.upo.es\/diario\/wp-content\/uploads\/2014\/05\/IMG1.jpg"},"modified":"2014-05-22T09:31:57","modified_gmt":"2014-05-22T09:31:57","slug":"img1","status":"inherit","type":"attachment","link":"https:\/\/www.upo.es\/diario\/institucional\/2014\/05\/la-upo-acoge-manana-autoemprende-jornadas-para-emprendedores-organizadas-por-uatae-andalucia\/attachment\/img1\/","title":{"rendered":"Jornada Emprendedores"},"author":9,"featured_media":0,"comment_status":"closed","ping_status":"open","template":"","meta":{"_monsterinsights_skip_tracking":false,"_monsterinsights_sitenote_active":false,"_monsterinsights_sitenote_note":"","_monsterinsights_sitenote_category":0},"class_list":["post-4000132","attachment","type-attachment","status-inherit","hentry"],"description":{"rendered":"<p class=\"attachment\"><a href='https:\/\/www.upo.es\/diario\/wp-content\/uploads\/2014\/05\/IMG1.jpg'><img loading=\"lazy\" decoding=\"async\" width=\"320\" height=\"213\" src=\"https:\/\/www.upo.es\/diario\/wp-content\/uploads\/2014\/05\/IMG1-320x213.jpg\" class=\"attachment-medium size-medium\" alt=\"\" srcset=\"https:\/\/www.upo.es\/diario\/wp-content\/uploads\/2014\/05\/IMG1-320x213.jpg 320w, https:\/\/www.upo.es\/diario\/wp-content\/uploads\/2014\/05\/IMG1-1024x682.jpg 1024w, https:\/\/www.upo.es\/diario\/wp-content\/uploads\/2014\/05\/IMG1-600x400.jpg 600w\" sizes=\"auto, (max-width: 320px) 100vw, 320px\" \/><\/a><\/p>\n"},"caption":{"rendered":"<p>De izq. a dcha: Jos\u00e9 Mar\u00eda O&#8217;Kean, catedr\u00e1tico de Econom\u00eda aplicada; Jes\u00fas Valencia, secretario general de UATAE Andaluc\u00eda; Vicente Guzm\u00e1n; Francisco Carrasco, decano de la Facultad de CC. Empresariales, y Francisco Ortiz, presidente de la empresa Xtrace.<\/p>\n"},"alt_text":"","media_type":"image","mime_type":"image\/jpeg","media_details":{"width":5136,"height":3424,"file":"2014\/05\/IMG1.jpg","sizes":{"thumbnail":{"file":"IMG1-150x150.jpg","width":150,"height":150,"mime_type":"image\/jpeg","source_url":"https:\/\/www.upo.es\/diario\/wp-content\/uploads\/2014\/05\/IMG1-150x150.jpg"},"medium":{"file":"IMG1-320x213.jpg","width":320,"height":213,"mime_type":"image\/jpeg","source_url":"https:\/\/www.upo.es\/diario\/wp-content\/uploads\/2014\/05\/IMG1-320x213.jpg"},"large":{"file":"IMG1-1024x682.jpg","width":1024,"height":682,"mime_type":"image\/jpeg","source_url":"https:\/\/www.upo.es\/diario\/wp-content\/uploads\/2014\/05\/IMG1-1024x682.jpg"},"wysija-newsletters-max":{"file":"IMG1-600x400.jpg","width":600,"height":400,"mime_type":"image\/jpeg","source_url":"https:\/\/www.upo.es\/diario\/wp-content\/uploads\/2014\/05\/IMG1-600x400.jpg"},"full":{"file":"IMG1.jpg","width":5136,"height":3424,"mime_type":"image\/jpeg","source_url":"https:\/\/www.upo.es\/diario\/wp-content\/uploads\/2014\/05\/IMG1.jpg"}},"image_meta":{"aperture":0,"credit":"","camera":"","caption":"","created_timestamp":0,"copyright":"","focal_length":0,"iso":0,"shutter_speed":0,"title":""}},"post":3987571,"source_url":"https:\/\/www.upo.es\/diario\/wp-content\/uploads\/2014\/05\/IMG1.jpg","_links":{"self":[{"href":"https:\/\/www.upo.es\/diario\/wp-json\/wp\/v2\/media\/4000132","targetHints":{"allow":["GET"]}}],"collection":[{"href":"https:\/\/www.upo.es\/diario\/wp-json\/wp\/v2\/media"}],"about":[{"href":"https:\/\/www.upo.es\/diario\/wp-json\/wp\/v2\/types\/attachment"}],"author":[{"embeddable":true,"href":"https:\/\/www.upo.es\/diario\/wp-json\/wp\/v2\/users\/9"}],"replies":[{"embeddable":true,"href":"https:\/\/www.upo.es\/diario\/wp-json\/wp\/v2\/comments?post=4000132"}]}}

<p>De izq. a dcha: José María O&#8217;Kean, catedrático de Economía aplicada; Jesús Valencia, secretario general de UATAE Andalucía; Vicente Guzmán; Francisco Carrasco, decano de la Facultad de CC. Empresariales, y Francisco Ortiz, presidente de la empresa Xtrace.</p>
