{"id":48220,"date":"2012-12-18T14:27:23","date_gmt":"2012-12-18T13:27:23","guid":{"rendered":"https:\/\/www.upo.es\/diario\/wp-content\/uploads\/2012\/12\/1218_1g.jpg"},"modified":"2012-12-18T14:27:23","modified_gmt":"2012-12-18T13:27:23","slug":"1218_1g","status":"inherit","type":"attachment","link":"https:\/\/www.upo.es\/diario\/institucional\/2012\/12\/firma-de-un-acuerdo-general-de-colaboracion-entre-la-universidad-pablo-de-olavide-y-telefonica\/attachment\/1218_1g\/","title":{"rendered":"Convenio UPO &#8211; Telef\u00f3nica"},"author":6,"featured_media":0,"comment_status":"closed","ping_status":"open","template":"","meta":{"_monsterinsights_skip_tracking":false,"_monsterinsights_sitenote_active":false,"_monsterinsights_sitenote_note":"","_monsterinsights_sitenote_category":0},"class_list":["post-48220","attachment","type-attachment","status-inherit","hentry"],"description":{"rendered":"<p class=\"attachment\"><a href='https:\/\/www.upo.es\/diario\/wp-content\/uploads\/2012\/12\/1218_1g.jpg'><img loading=\"lazy\" decoding=\"async\" width=\"300\" height=\"194\" src=\"https:\/\/www.upo.es\/diario\/wp-content\/uploads\/2012\/12\/1218_1g-300x194.jpg\" class=\"attachment-medium size-medium\" alt=\"El rector Vicente Guzm\u00e1n y la directora del Territorio Sur de Telef\u00f3nica Espa\u00f1a, M\u00aa Jes\u00fas Almazor, han suscrito hoy este convenio\" srcset=\"https:\/\/www.upo.es\/diario\/wp-content\/uploads\/2012\/12\/1218_1g-300x194.jpg 300w, https:\/\/www.upo.es\/diario\/wp-content\/uploads\/2012\/12\/1218_1g-1024x663.jpg 1024w, https:\/\/www.upo.es\/diario\/wp-content\/uploads\/2012\/12\/1218_1g-600x389.jpg 600w\" sizes=\"auto, (max-width: 300px) 100vw, 300px\" \/><\/a><\/p>\n"},"caption":{"rendered":"<p>El rector Vicente Guzm\u00e1n y la directora del Territorio Sur de Telef\u00f3nica Espa\u00f1a, M\u00aa Jes\u00fas Almazor, han suscrito hoy este convenio <\/p>\n"},"alt_text":"El rector Vicente Guzm\u00e1n y la directora del Territorio Sur de Telef\u00f3nica Espa\u00f1a, M\u00aa Jes\u00fas Almazor, han suscrito hoy este convenio","media_type":"image","mime_type":"image\/jpeg","media_details":{"width":2150,"height":1394,"file":"2012\/12\/1218_1g.jpg","sizes":{"thumbnail":{"file":"1218_1g-150x150.jpg","width":150,"height":150,"mime_type":"image\/jpeg","source_url":"https:\/\/www.upo.es\/diario\/wp-content\/uploads\/2012\/12\/1218_1g-150x150.jpg"},"medium":{"file":"1218_1g-300x194.jpg","width":300,"height":194,"mime_type":"image\/jpeg","source_url":"https:\/\/www.upo.es\/diario\/wp-content\/uploads\/2012\/12\/1218_1g-300x194.jpg"},"large":{"file":"1218_1g-1024x663.jpg","width":1024,"height":663,"mime_type":"image\/jpeg","source_url":"https:\/\/www.upo.es\/diario\/wp-content\/uploads\/2012\/12\/1218_1g-1024x663.jpg"},"wysija-newsletters-max":{"file":"1218_1g-600x389.jpg","width":600,"height":389,"mime_type":"image\/jpeg","source_url":"https:\/\/www.upo.es\/diario\/wp-content\/uploads\/2012\/12\/1218_1g-600x389.jpg"},"full":{"file":"1218_1g.jpg","width":2150,"height":1394,"mime_type":"image\/jpeg","source_url":"https:\/\/www.upo.es\/diario\/wp-content\/uploads\/2012\/12\/1218_1g.jpg"}},"image_meta":{"aperture":0,"credit":"Universidad Pablo de Olavide","camera":"","caption":"","created_timestamp":0,"copyright":"Reconocimiento [Attribution]","focal_length":0,"iso":0,"shutter_speed":0,"title":""}},"post":48219,"source_url":"https:\/\/www.upo.es\/diario\/wp-content\/uploads\/2012\/12\/1218_1g.jpg","_links":{"self":[{"href":"https:\/\/www.upo.es\/diario\/wp-json\/wp\/v2\/media\/48220","targetHints":{"allow":["GET"]}}],"collection":[{"href":"https:\/\/www.upo.es\/diario\/wp-json\/wp\/v2\/media"}],"about":[{"href":"https:\/\/www.upo.es\/diario\/wp-json\/wp\/v2\/types\/attachment"}],"author":[{"embeddable":true,"href":"https:\/\/www.upo.es\/diario\/wp-json\/wp\/v2\/users\/6"}],"replies":[{"embeddable":true,"href":"https:\/\/www.upo.es\/diario\/wp-json\/wp\/v2\/comments?post=48220"}]}}

Convenio UPO &#8211; Telefónica

<p class="attachment"><a href='https://www.upo.es/diario/wp-content/uploads/2012/12/1218_1g.jpg'><img loading="lazy" decoding="async" width="300" height="194" src="https://www.upo.es/diario/wp-content/uploads/2012/12/1218_1g-300x194.jpg" class="attachment-medium size-medium" alt="El rector Vicente Guzmán y la directora del Territorio Sur de Telefónica España, Mª Jesús Almazor, han suscrito hoy este convenio" srcset="https://www.upo.es/diario/wp-content/uploads/2012/12/1218_1g-300x194.jpg 300w, https://www.upo.es/diario/wp-content/uploads/2012/12/1218_1g-1024x663.jpg 1024w, https://www.upo.es/diario/wp-content/uploads/2012/12/1218_1g-600x389.jpg 600w" sizes="auto, (max-width: 300px) 100vw, 300px" /></a></p>

<p>El rector Vicente Guzmán y la directora del Territorio Sur de Telefónica España, Mª Jesús Almazor, han suscrito hoy este convenio </p>

El rector Vicente Guzmán y la directora del Territorio Sur de Telefónica España, Mª Jesús Almazor, han suscrito hoy este convenio
