{"id":8575742,"date":"2015-02-19T10:06:18","date_gmt":"2015-02-19T10:06:18","guid":{"rendered":"https:\/\/www.upo.es\/diario\/wp-content\/uploads\/2015\/02\/IMG_5465.jpg"},"modified":"2015-02-19T10:06:18","modified_gmt":"2015-02-19T10:06:18","slug":"img_5465","status":"inherit","type":"attachment","link":"https:\/\/www.upo.es\/diario\/institucional\/2015\/02\/manana-workshop-educar-sobre-internet-una-propuesta-de-asignatura-para-primaria-y-secundaria\/attachment\/img_5465\/","title":{"rendered":"IMG_5465"},"author":10,"featured_media":0,"comment_status":"closed","ping_status":"open","template":"","meta":{"_monsterinsights_skip_tracking":false,"_monsterinsights_sitenote_active":false,"_monsterinsights_sitenote_note":"","_monsterinsights_sitenote_category":0},"class_list":["post-8575742","attachment","type-attachment","status-inherit","hentry"],"description":{"rendered":"<p class=\"attachment\"><a href='https:\/\/www.upo.es\/diario\/wp-content\/uploads\/2015\/02\/IMG_5465.jpg'><img loading=\"lazy\" decoding=\"async\" width=\"320\" height=\"213\" src=\"https:\/\/www.upo.es\/diario\/wp-content\/uploads\/2015\/02\/IMG_5465-320x213.jpg\" class=\"attachment-medium size-medium\" alt=\"\" srcset=\"https:\/\/www.upo.es\/diario\/wp-content\/uploads\/2015\/02\/IMG_5465-320x213.jpg 320w, https:\/\/www.upo.es\/diario\/wp-content\/uploads\/2015\/02\/IMG_5465-600x400.jpg 600w\" sizes=\"auto, (max-width: 320px) 100vw, 320px\" \/><\/a><\/p>\n"},"caption":{"rendered":"<p>El profesor de Filosof\u00eda del Derecho y Pol\u00edtica, Rafael Rodr\u00edguez Prieto, inaugurando el Workshop<\/p>\n"},"alt_text":"","media_type":"image","mime_type":"image\/jpeg","media_details":{"width":5184,"height":3456,"file":"2015\/02\/IMG_5465.jpg","sizes":{"thumbnail":{"file":"IMG_5465-150x150.jpg","width":150,"height":150,"mime_type":"image\/jpeg","source_url":"https:\/\/www.upo.es\/diario\/wp-content\/uploads\/2015\/02\/IMG_5465-150x150.jpg"},"medium":{"file":"IMG_5465-320x213.jpg","width":320,"height":213,"mime_type":"image\/jpeg","source_url":"https:\/\/www.upo.es\/diario\/wp-content\/uploads\/2015\/02\/IMG_5465-320x213.jpg"},"large":{"file":"IMG_5465-600x400.jpg","width":600,"height":400,"mime_type":"image\/jpeg","source_url":"https:\/\/www.upo.es\/diario\/wp-content\/uploads\/2015\/02\/IMG_5465-600x400.jpg"},"wysija-newsletters-max":{"file":"IMG_5465-600x400.jpg","width":600,"height":400,"mime_type":"image\/jpeg","source_url":"https:\/\/www.upo.es\/diario\/wp-content\/uploads\/2015\/02\/IMG_5465-600x400.jpg"},"full":{"file":"IMG_5465.jpg","width":5184,"height":3456,"mime_type":"image\/jpeg","source_url":"https:\/\/www.upo.es\/diario\/wp-content\/uploads\/2015\/02\/IMG_5465.jpg"}},"image_meta":{"aperture":0,"credit":"Universidad Pablo de Olavide","camera":"","caption":"","created_timestamp":0,"copyright":"Atribucion 3.0 (CC BY 3.0)","focal_length":0,"iso":0,"shutter_speed":0,"title":""}},"post":8555605,"source_url":"https:\/\/www.upo.es\/diario\/wp-content\/uploads\/2015\/02\/IMG_5465.jpg","_links":{"self":[{"href":"https:\/\/www.upo.es\/diario\/wp-json\/wp\/v2\/media\/8575742","targetHints":{"allow":["GET"]}}],"collection":[{"href":"https:\/\/www.upo.es\/diario\/wp-json\/wp\/v2\/media"}],"about":[{"href":"https:\/\/www.upo.es\/diario\/wp-json\/wp\/v2\/types\/attachment"}],"author":[{"embeddable":true,"href":"https:\/\/www.upo.es\/diario\/wp-json\/wp\/v2\/users\/10"}],"replies":[{"embeddable":true,"href":"https:\/\/www.upo.es\/diario\/wp-json\/wp\/v2\/comments?post=8575742"}]}}

<p>El profesor de Filosofía del Derecho y Política, Rafael Rodríguez Prieto, inaugurando el Workshop</p>
