{"id":118,"date":"2021-06-30T10:43:35","date_gmt":"2021-06-30T10:43:35","guid":{"rendered":"https:\/\/www.upo.es\/fevida\/?page_id=118"},"modified":"2025-03-05T11:12:14","modified_gmt":"2025-03-05T11:12:14","slug":"mapa-del-sitio","status":"publish","type":"page","link":"https:\/\/www.upo.es\/fevida\/mapa-del-sitio\/","title":{"rendered":"Mapa del sitio"},"content":{"rendered":"\n<div style=\"min-height:400px\" data-map-attr=\"\/qaddress\/q:\/qCtra. de Utrera, 1, 41013 Sevilla\/q||\/qlat\/q:\/qundefined\/q||\/qlng\/q:\/qundefined\/q||\/qskin\/q:\/qstandard\/q||\/qzoom\/q:\/q12\/q||\/qiconSize\/q:\/q36\/q||\/qmapTypeControl\/q:\/qtrue\/q||\/qzoomControl\/q:\/qtrue\/q||\/qstreetViewControl\/q:\/qtrue\/q||\/qfullscreenControl\/q:\/qtrue\/q\" class=\"wp-block-coblocks-map\"><iframe title=\"Google Map\" frameborder=\"0\" style=\"width:100%;min-height:400px\" src=\"https:\/\/www.google.com\/maps?q=Ctra.%20de%20Utrera%2C%201%2C%2041013%20Sevilla&amp;output=embed&amp;hl=es&amp;z=12\"><\/iframe><\/div>\n\n\n<div id=\"html_sitemap\" class=\"single-column\"><div class=\"sitemap-column sitemap-columns-1 sitemap-posttypes sitemap-posttype-post\"><div class=\"html-sitemap-column\"><h2>Entradas<\/h2>\r\n\t\t\t\t<ul class=\"html-sitemap-list\"><li class=\"html-sitemap-list-item html-sitemap-post-1108\"><a href=\"https:\/\/www.upo.es\/fevida\/empieza-la-quinta-edicion-de-fevida-el-titulo-universitario-de-la-upo-para-jovenes-con-diversidad-funcional-cognitiva\/\" title=\"Empieza la quinta edici\u00f3n de FEVIDA,\u00a0<br> el t\u00edtulo universitario de la UPO <br> para j\u00f3venes con diversidad funcional cognitiva\u00bb>Empieza la quinta edici\u00f3n de FEVIDA,\u00a0<br> el t\u00edtulo universitario de la UPO <br> para j\u00f3venes con diversidad funcional cognitiva<\/a><\/li><li class=\"html-sitemap-list-item html-sitemap-post-991\"><a href=\"https:\/\/www.upo.es\/fevida\/estudiantes-de-fevida-comienzan-su-semana-de-inmersion\/\" title=\"Estudiantes de FEVIDA comienzan su inmersi\u00f3n <br> en la Residencia Universitaria Flora Trist\u00e1n\u00bb>Estudiantes de FEVIDA comienzan su inmersi\u00f3n <br> en la Residencia Universitaria Flora Trist\u00e1n<\/a><\/li><li class=\"html-sitemap-list-item html-sitemap-post-984\"><a href=\"https:\/\/www.upo.es\/fevida\/estudiantes-de-la-upo-con-diversidad-funcional-cognitiva-presentan-sus-propuestas-de-mejora-de-la-ciudad-al-alcalde-de-sevilla\/\" title=\"Estudiantes de la UPO con diversidad funcional cognitiva<br>presentan sus propuestas de mejora <br>de la ciudad al alcalde de Sevilla\u00bb>Estudiantes de la UPO con diversidad funcional cognitiva<br>presentan sus propuestas de mejora <br>de la ciudad al alcalde de Sevilla<\/a><\/li><li class=\"html-sitemap-list-item html-sitemap-post-971\"><a href=\"https:\/\/www.upo.es\/fevida\/la-universidad-pablo-de-olavide-celebra-un-encuentro-de-empresas-inclusivas\/\" title=\"La Universidad Pablo de Olavide celebra <br> un Encuentro de Empresas Inclusivas \u00a0\u00ab>La Universidad Pablo de Olavide celebra <br> un Encuentro de Empresas Inclusivas \u00a0<\/a><\/li><li class=\"html-sitemap-list-item html-sitemap-post-976\"><a href=\"https:\/\/www.upo.es\/fevida\/i-congreso-estatal-de-estudiantes-con-discapacidad-intelectual\/\" title=\"I encuentro estatal\u00a0de estudiantes <br> con discapacidad intelectual\u00bb>I encuentro estatal\u00a0de estudiantes <br> con discapacidad intelectual<\/a><\/li><li class=\"html-sitemap-list-item html-sitemap-post-1217\"><a href=\"https:\/\/www.upo.es\/fevida\/exposicion-alarifes-ruiz-florindo\/\" title=\"Exposici\u00f3n Alarifes Ruiz Florindo\">Exposici\u00f3n Alarifes Ruiz Florindo<\/a><\/li><li class=\"html-sitemap-list-item html-sitemap-post-1223\"><a href=\"https:\/\/www.upo.es\/fevida\/1223-2\/\" title=\"\u00a1Estamos en Instagram!\">\u00a1Estamos en Instagram!<\/a><\/li><li class=\"html-sitemap-list-item html-sitemap-post-1460\"><a href=\"https:\/\/www.upo.es\/fevida\/ii-edicion-del-programa-inclout\/\" title=\"II Edici\u00f3n del Programa INCLOUT\">II Edici\u00f3n del Programa INCLOUT<\/a><\/li><li class=\"html-sitemap-list-item html-sitemap-post-1352\"><a href=\"https:\/\/www.upo.es\/fevida\/i-congreso-estatal-de-estudiantado-universitario-con-discapacidad-intelectual-los-dias-18-y-19-de-abril\/\" title=\"I Congreso Estatal de Estudiantado Universitario con Discapacidad Intelectual los d\u00edas 18 y 19 de abril\">I Congreso Estatal de Estudiantado Universitario con Discapacidad Intelectual los d\u00edas 18 y 19 de abril<\/a><\/li><li class=\"html-sitemap-list-item html-sitemap-post-1454\"><a href=\"https:\/\/www.upo.es\/fevida\/cierre-de-la-vi-edicion-de-fevida\/\" title=\"Cierre de la VI edici\u00f3n de FEVIDA\">Cierre de la VI edici\u00f3n de FEVIDA<\/a><\/li><li class=\"html-sitemap-list-item html-sitemap-post-1284\"><a href=\"https:\/\/www.upo.es\/fevida\/i-campus-universitario-de-verano-de-la-sierra-luz-2023\/\" title=\"I Campus Universitario de Verano de la Sierra Luz 2023\">I Campus Universitario de Verano de la Sierra Luz 2023<\/a><\/li><li class=\"html-sitemap-list-item html-sitemap-post-1308\"><a href=\"https:\/\/www.upo.es\/fevida\/ganas-alegria-y-sonrisas-definen-la-inauguracion-del-i-campus-universitario-de-verano-uniluz\/\" title=\"Ganas, alegr\u00eda y sonrisas definen la inauguraci\u00f3n del I Campus Universitario de Verano UNILUZ\">Ganas, alegr\u00eda y sonrisas definen la inauguraci\u00f3n del I Campus Universitario de Verano UNILUZ<\/a><\/li><li class=\"html-sitemap-list-item html-sitemap-post-1330\"><a href=\"https:\/\/www.upo.es\/fevida\/campus-de-verano-unidiversidad-uniluz\/\" title=\"Campus de Verano UNIDIVERSIDAD. UNILUZ\">Campus de Verano UNIDIVERSIDAD. UNILUZ<\/a><\/li><li class=\"html-sitemap-list-item html-sitemap-post-1344\"><a href=\"https:\/\/www.upo.es\/fevida\/primer-dia-en-el-campus-uniluz\/\" title=\"Primer d\u00eda en el Campus UNILUZ\">Primer d\u00eda en el Campus UNILUZ<\/a><\/li><li class=\"html-sitemap-list-item html-sitemap-post-1350\"><a href=\"https:\/\/www.upo.es\/fevida\/actividades-del-campus-de-verano\/\" title=\"Actividades del Campus de Verano\">Actividades del Campus de Verano<\/a><\/li><li class=\"html-sitemap-list-item html-sitemap-post-1395\"><a href=\"https:\/\/www.upo.es\/fevida\/atardecer-idilico-y-visita-cultural-y-gastronomica-para-cerrar-un-dia-perfecto-en-el-campus-de-verano-uniluz\/\" title=\"Atardecer id\u00edlico y visita cultural y gastron\u00f3mica para cerrar un d\u00eda perfecto en el Campus de Verano UNILUZ\">Atardecer id\u00edlico y visita cultural y gastron\u00f3mica para cerrar un d\u00eda perfecto en el Campus de Verano UNILUZ<\/a><\/li><li class=\"html-sitemap-list-item html-sitemap-post-1437\"><a href=\"https:\/\/www.upo.es\/fevida\/finaliza-la-i-edicion-del-campus-uniluz\/\" title=\"Finaliza la I Edici\u00f3n del Campus UNILUZ\">Finaliza la I Edici\u00f3n del Campus UNILUZ<\/a><\/li><li class=\"html-sitemap-list-item html-sitemap-post-1476\"><a href=\"https:\/\/www.upo.es\/fevida\/curso-academico-24-25\/\" title=\"Curso acad\u00e9mico 24\/25\">Curso acad\u00e9mico 24\/25<\/a><\/li><li class=\"html-sitemap-list-item html-sitemap-post-1491\"><a href=\"https:\/\/www.upo.es\/fevida\/fevida-en-la-flora-tristan\/\" title=\"FEVIDA en la FLORA TRIST\u00c1N\">FEVIDA en la FLORA TRIST\u00c1N<\/a><\/li><li class=\"html-sitemap-list-item html-sitemap-post-1520\"><a href=\"https:\/\/www.upo.es\/fevida\/la-importancia-del-8m\/\" title=\"La importancia del 8M\">La importancia del 8M<\/a><\/li><li class=\"html-sitemap-list-item html-sitemap-post-1528\"><a href=\"https:\/\/www.upo.es\/fevida\/taller-de-igualdad\/\" title=\"Taller de igualdad\">Taller de igualdad<\/a><\/li><li class=\"html-sitemap-list-item html-sitemap-post-1538\"><a href=\"https:\/\/www.upo.es\/fevida\/un-dia-en-fevida\/\" title=\"Un d\u00eda en FEVIDA\">Un d\u00eda en FEVIDA<\/a><\/li><li class=\"html-sitemap-list-item html-sitemap-post-1481\"><a href=\"https:\/\/www.upo.es\/fevida\/canal-sur-entrevista-a-alumnos-de-fevida\/\" title=\"Canal Sur entrevista a alumnos de FEVIDA\">Canal Sur entrevista a alumnos de FEVIDA<\/a><\/li><li class=\"html-sitemap-list-item html-sitemap-post-1559\"><a href=\"https:\/\/www.upo.es\/fevida\/inauguracion-curso-2025-2026\/\" title=\"Inauguraci\u00f3n Curso 2025\/2026\">Inauguraci\u00f3n Curso 2025\/2026<\/a><\/li><li class=\"html-sitemap-list-item html-sitemap-post-1564\"><a href=\"https:\/\/www.upo.es\/fevida\/primeras-semanas-del-curso\/\" title=\"Primeras semanas del curso\">Primeras semanas del curso<\/a><\/li><li class=\"html-sitemap-list-item html-sitemap-post-1572\"><a href=\"https:\/\/www.upo.es\/fevida\/la-importancia-de-la-gestion-de-emociones\/\" title=\"La importancia de la gesti\u00f3n de emociones\">La importancia de la gesti\u00f3n de emociones<\/a><\/li><li class=\"html-sitemap-list-item html-sitemap-post-1590\"><a href=\"https:\/\/www.upo.es\/fevida\/prevencion-de-violencia-de-genero\/\" title=\"Prevenci\u00f3n de violencia de g\u00e9nero\">Prevenci\u00f3n de violencia de g\u00e9nero<\/a><\/li><\/ul><\/div><\/div><div class=\"sitemap-column sitemap-columns-1 sitemap-posttypes sitemap-posttype-page\"><div class=\"html-sitemap-column\"><h2>P\u00e1ginas<\/h2>\r\n\t\t\t\t<ul class=\"html-sitemap-list\"><li class=\"html-sitemap-list-item html-sitemap-post-24\"><a href=\"https:\/\/www.upo.es\/fevida\/\" title=\"FEVIDA\">FEVIDA<\/a><\/li><li class=\"html-sitemap-list-item html-sitemap-post-29\"><a href=\"https:\/\/www.upo.es\/fevida\/que-es\/\" title=\"Qu\u00e9 es FEVIDA\">Qu\u00e9 es FEVIDA<\/a><\/li><li class=\"html-sitemap-list-item html-sitemap-post-31\"><a href=\"https:\/\/www.upo.es\/fevida\/quien-puede-participar\/\" title=\"Qui\u00e9n puede participar\">Qui\u00e9n puede participar<\/a><\/li><li class=\"html-sitemap-list-item html-sitemap-post-32\"><a href=\"https:\/\/www.upo.es\/fevida\/como-apuntarse\/\" title=\"C\u00f3mo puedes apuntarte\">C\u00f3mo puedes apuntarte<\/a><\/li><li class=\"html-sitemap-list-item html-sitemap-post-33\"><a href=\"https:\/\/www.upo.es\/fevida\/seleccion\/\" title=\"C\u00f3mo es la selecci\u00f3n\">C\u00f3mo es la selecci\u00f3n<\/a><\/li><li class=\"html-sitemap-list-item html-sitemap-post-34\"><a href=\"https:\/\/www.upo.es\/fevida\/que-aprendes\/\" title=\"Qu\u00e9 vas a aprender\">Qu\u00e9 vas a aprender<\/a><\/li><li class=\"html-sitemap-list-item html-sitemap-post-35\"><a href=\"https:\/\/www.upo.es\/fevida\/actividades\/\" title=\"Qu\u00e9 actividades vas a realizar\">Qu\u00e9 actividades vas a realizar<\/a><\/li><li class=\"html-sitemap-list-item html-sitemap-post-40\"><a href=\"https:\/\/www.upo.es\/fevida\/contacto\/\" title=\"Contacto\">Contacto<\/a><\/li><li class=\"html-sitemap-list-item html-sitemap-post-41\"><a href=\"https:\/\/www.upo.es\/fevida\/fevida-en-la-pandemia-covid-19\/\" title=\"FEVIDA en la pandemia COVID-19\">FEVIDA en la pandemia COVID-19<\/a><\/li><li class=\"html-sitemap-list-item html-sitemap-post-118\"><a href=\"https:\/\/www.upo.es\/fevida\/mapa-del-sitio\/\" title=\"Mapa del sitio\">Mapa del sitio<\/a><\/li><li class=\"html-sitemap-list-item html-sitemap-post-297\"><a href=\"https:\/\/www.upo.es\/fevida\/colaboradores\/\" title=\"Entidades colaboradoras\">Entidades colaboradoras<\/a><\/li><li class=\"html-sitemap-list-item html-sitemap-post-308\"><a href=\"https:\/\/www.upo.es\/fevida\/galeria-fevida\/\" title=\"Galer\u00eda de fotos de FEVIDA\">Galer\u00eda de fotos de FEVIDA<\/a><\/li><li class=\"html-sitemap-list-item html-sitemap-post-1017\"><a href=\"https:\/\/www.upo.es\/fevida\/noticias\/\" title=\"Noticias\">Noticias<\/a><\/li><\/ul><\/div><\/div><\/div>","protected":false},"excerpt":{"rendered":"","protected":false},"author":1,"featured_media":0,"parent":0,"menu_order":0,"comment_status":"closed","ping_status":"closed","template":"","meta":{"_coblocks_attr":"","_coblocks_dimensions":"","_coblocks_responsive_height":"","_coblocks_accordion_ie_support":"","footnotes":""},"class_list":["post-118","page","type-page","status-publish","has-post-thumbnail","hentry"],"uagb_featured_image_src":{"full":false,"thumbnail":false,"medium":false,"medium_large":false,"large":false,"1536x1536":false,"2048x2048":false,"post-thumbnail":false,"chaplin_preview_image_low_resolution":false,"chaplin_preview_image_high_resolution":false,"chaplin_fullscreen":false},"uagb_author_info":{"display_name":"fevida","author_link":"https:\/\/www.upo.es\/fevida\/author\/fevida\/"},"uagb_comment_info":0,"uagb_excerpt":null,"_links":{"self":[{"href":"https:\/\/www.upo.es\/fevida\/wp-json\/wp\/v2\/pages\/118","targetHints":{"allow":["GET"]}}],"collection":[{"href":"https:\/\/www.upo.es\/fevida\/wp-json\/wp\/v2\/pages"}],"about":[{"href":"https:\/\/www.upo.es\/fevida\/wp-json\/wp\/v2\/types\/page"}],"author":[{"embeddable":true,"href":"https:\/\/www.upo.es\/fevida\/wp-json\/wp\/v2\/users\/1"}],"replies":[{"embeddable":true,"href":"https:\/\/www.upo.es\/fevida\/wp-json\/wp\/v2\/comments?post=118"}],"version-history":[{"count":2,"href":"https:\/\/www.upo.es\/fevida\/wp-json\/wp\/v2\/pages\/118\/revisions"}],"predecessor-version":[{"id":1501,"href":"https:\/\/www.upo.es\/fevida\/wp-json\/wp\/v2\/pages\/118\/revisions\/1501"}],"wp:attachment":[{"href":"https:\/\/www.upo.es\/fevida\/wp-json\/wp\/v2\/media?parent=118"}],"curies":[{"name":"wp","href":"https:\/\/api.w.org\/{rel}","templated":true}]}}