{"id":29,"date":"2021-06-29T16:02:34","date_gmt":"2021-06-29T16:02:34","guid":{"rendered":"https:\/\/www.upo.es\/fevida\/?page_id=29"},"modified":"2022-07-18T09:27:06","modified_gmt":"2022-07-18T09:27:06","slug":"que-es","status":"publish","type":"page","link":"https:\/\/www.upo.es\/fevida\/que-es\/","title":{"rendered":"Qu\u00e9 es FEVIDA"},"content":{"rendered":"\n<div class=\"wp-block-columns is-layout-flex wp-container-core-columns-is-layout-9d6595d7 wp-block-columns-is-layout-flex\">\n<div class=\"wp-block-column is-layout-flow wp-block-column-is-layout-flow\" style=\"flex-basis:50%\">\n<p class=\"has-normal-font-size\">FEVIDA es el Diploma Universitario en Formaci\u00f3n<br>para el empleo y la vida aut\u00f3noma<br>para personas con discapacidad intelectual<br>de la Universidad Pablo de Olavide, de Sevilla.<\/p>\n\n\n\n<div style=\"height:20px\" aria-hidden=\"true\" class=\"wp-block-spacer\"><\/div>\n\n\n\n<p class=\"has-normal-font-size\">Este curso sirve para que seas una persona independiente<br>y puedas prepararte para trabajar.<br>Tambi\u00e9n ayuda a que la sociedad sea m\u00e1s inclusiva.<\/p>\n\n\n\n<div style=\"height:19px\" aria-hidden=\"true\" class=\"wp-block-spacer\"><\/div>\n\n\n\n<p class=\"has-normal-font-size\">Una sociedad inclusiva es la que integra<br>o puede integrar a cualquiera en la vida de la comunidad<br>junto a las dem\u00e1s personas,<br>sin importar su origen, su profesi\u00f3n,<br>su situaci\u00f3n econ\u00f3mica o su pensamiento.<\/p>\n\n\n\n<div style=\"height:28px\" aria-hidden=\"true\" class=\"wp-block-spacer\"><\/div>\n\n\n\n<p class=\"has-normal-font-size\">En total son 225 horas durante un curso<br>y esto es igual a 30 cr\u00e9ditos.<br>El cr\u00e9dito es la palabra que usamos<br>para medir las horas en la universidad.<\/p>\n\n\n\n<div style=\"height:30px\" aria-hidden=\"true\" class=\"wp-block-spacer\"><\/div>\n\n\n\n<p class=\"has-normal-font-size\">FEVIDA en un programa de la Fundaci\u00f3n ONCE financiado por el Fondo Social Europeo.<\/p>\n\n\n\n<div style=\"height:23px\" aria-hidden=\"true\" class=\"wp-block-spacer\"><\/div>\n\n\n\n<p class=\"has-normal-font-size\">En 2017 la Fundaci\u00f3n ONCE abri\u00f3 por primera vez<br>una convocatoria para estos programas universitarios<br>para j\u00f3venes universitarios con discapacidad intelectual.<br>La Universidad Pablo de Olavide<br>ha participado ya 6 a\u00f1os.<\/p>\n<\/div>\n\n\n\n<div class=\"wp-block-column is-layout-flow wp-block-column-is-layout-flow\" style=\"flex-basis:40%\">\n<figure class=\"wp-block-image size-large has-lightbox\"><img decoding=\"async\" width=\"800\" height=\"600\" src=\"https:\/\/www.upo.es\/fevida\/wp-content\/uploads\/2021\/07\/Fotos-FEVIDA_4a-edicio\u0301n_Graduacio\u0301n.jpg\" alt=\"4a edicio\u0301n Graduaci\u00f3n\" class=\"wp-image-339\" srcset=\"https:\/\/www.upo.es\/fevida\/wp-content\/uploads\/2021\/07\/Fotos-FEVIDA_4a-edicio\u0301n_Graduacio\u0301n.jpg 800w, https:\/\/www.upo.es\/fevida\/wp-content\/uploads\/2021\/07\/Fotos-FEVIDA_4a-edicio\u0301n_Graduacio\u0301n-300x225.jpg 300w, https:\/\/www.upo.es\/fevida\/wp-content\/uploads\/2021\/07\/Fotos-FEVIDA_4a-edicio\u0301n_Graduacio\u0301n-768x576.jpg 768w, https:\/\/www.upo.es\/fevida\/wp-content\/uploads\/2021\/07\/Fotos-FEVIDA_4a-edicio\u0301n_Graduacio\u0301n-540x405.jpg 540w\" sizes=\"(max-width: 800px) 100vw, 800px\" \/><figcaption><strong>Cuarta Edici\u00f3n FEVIDA &#8211; Clausura<\/strong><\/figcaption><\/figure>\n\n\n\n<figure class=\"wp-block-image size-full has-lightbox\"><img decoding=\"async\" width=\"800\" height=\"600\" src=\"https:\/\/www.upo.es\/fevida\/wp-content\/uploads\/2021\/11\/Fotos_QueesFEVIDA_Tercera-edicio\u0301n_graduacio\u0301n_pix.jpg\" alt=\"Tercera edici\u00f3n graduaci\u00f3n pixelado\" class=\"wp-image-866\" srcset=\"https:\/\/www.upo.es\/fevida\/wp-content\/uploads\/2021\/11\/Fotos_QueesFEVIDA_Tercera-edicio\u0301n_graduacio\u0301n_pix.jpg 800w, https:\/\/www.upo.es\/fevida\/wp-content\/uploads\/2021\/11\/Fotos_QueesFEVIDA_Tercera-edicio\u0301n_graduacio\u0301n_pix-300x225.jpg 300w, https:\/\/www.upo.es\/fevida\/wp-content\/uploads\/2021\/11\/Fotos_QueesFEVIDA_Tercera-edicio\u0301n_graduacio\u0301n_pix-768x576.jpg 768w, https:\/\/www.upo.es\/fevida\/wp-content\/uploads\/2021\/11\/Fotos_QueesFEVIDA_Tercera-edicio\u0301n_graduacio\u0301n_pix-540x405.jpg 540w\" sizes=\"(max-width: 800px) 100vw, 800px\" \/><figcaption><strong>Tercera Edici\u00f3n FEVIDA &#8211; Graduaci\u00f3n<\/strong><\/figcaption><\/figure>\n\n\n\n<figure class=\"wp-block-image size-large has-lightbox\"><img decoding=\"async\" width=\"800\" height=\"600\" src=\"https:\/\/www.upo.es\/fevida\/wp-content\/uploads\/2021\/07\/Fotos-FEVIDA_2a-edicio\u0301n_Graduacio\u0301n_3.jpg\" alt=\"2a edicio\u0301n Graduaci\u00f3n\" class=\"wp-image-372\" srcset=\"https:\/\/www.upo.es\/fevida\/wp-content\/uploads\/2021\/07\/Fotos-FEVIDA_2a-edicio\u0301n_Graduacio\u0301n_3.jpg 800w, https:\/\/www.upo.es\/fevida\/wp-content\/uploads\/2021\/07\/Fotos-FEVIDA_2a-edicio\u0301n_Graduacio\u0301n_3-300x225.jpg 300w, https:\/\/www.upo.es\/fevida\/wp-content\/uploads\/2021\/07\/Fotos-FEVIDA_2a-edicio\u0301n_Graduacio\u0301n_3-768x576.jpg 768w, https:\/\/www.upo.es\/fevida\/wp-content\/uploads\/2021\/07\/Fotos-FEVIDA_2a-edicio\u0301n_Graduacio\u0301n_3-540x405.jpg 540w\" sizes=\"(max-width: 800px) 100vw, 800px\" \/><figcaption><strong>Segunda Edici\u00f3n FEVIDA &#8211; Graduaci\u00f3n<\/strong><\/figcaption><\/figure>\n\n\n\n<figure class=\"wp-block-image size-large has-lightbox\"><img decoding=\"async\" width=\"800\" height=\"600\" src=\"https:\/\/www.upo.es\/fevida\/wp-content\/uploads\/2021\/07\/Fotos-FEVIDA_1a-edicio\u0301n_Graduacion-2.jpg\" alt=\"1a edicio\u0301n Graduaci\u00f3n\" class=\"wp-image-359\" srcset=\"https:\/\/www.upo.es\/fevida\/wp-content\/uploads\/2021\/07\/Fotos-FEVIDA_1a-edicio\u0301n_Graduacion-2.jpg 800w, https:\/\/www.upo.es\/fevida\/wp-content\/uploads\/2021\/07\/Fotos-FEVIDA_1a-edicio\u0301n_Graduacion-2-300x225.jpg 300w, https:\/\/www.upo.es\/fevida\/wp-content\/uploads\/2021\/07\/Fotos-FEVIDA_1a-edicio\u0301n_Graduacion-2-768x576.jpg 768w, https:\/\/www.upo.es\/fevida\/wp-content\/uploads\/2021\/07\/Fotos-FEVIDA_1a-edicio\u0301n_Graduacion-2-540x405.jpg 540w\" sizes=\"(max-width: 800px) 100vw, 800px\" \/><figcaption><strong>Primera Edici\u00f3n FEVIDA &#8211; Graduaci\u00f3n<\/strong><\/figcaption><\/figure>\n<\/div>\n<\/div>\n","protected":false},"excerpt":{"rendered":"<p>FEVIDA es el Diploma Universitario en Formaci\u00f3npara el empleo y la vida aut\u00f3nomapara personas con discapacidad intelectualde la Universidad Pablo de Olavide, de Sevilla. Este curso sirve para&hellip;<\/p>\n","protected":false},"author":1,"featured_media":0,"parent":0,"menu_order":0,"comment_status":"closed","ping_status":"closed","template":"template-full-width.php","meta":{"_coblocks_attr":"","_coblocks_dimensions":"","_coblocks_responsive_height":"","_coblocks_accordion_ie_support":"","footnotes":""},"class_list":["post-29","page","type-page","status-publish","has-post-thumbnail","hentry"],"uagb_featured_image_src":{"full":false,"thumbnail":false,"medium":false,"medium_large":false,"large":false,"1536x1536":false,"2048x2048":false,"post-thumbnail":false,"chaplin_preview_image_low_resolution":false,"chaplin_preview_image_high_resolution":false,"chaplin_fullscreen":false},"uagb_author_info":{"display_name":"fevida","author_link":"https:\/\/www.upo.es\/fevida\/author\/fevida\/"},"uagb_comment_info":0,"uagb_excerpt":"FEVIDA es el Diploma Universitario en Formaci\u00f3npara el empleo y la vida aut\u00f3nomapara personas con discapacidad intelectualde la Universidad Pablo de Olavide, de Sevilla. Este curso sirve para&hellip;","_links":{"self":[{"href":"https:\/\/www.upo.es\/fevida\/wp-json\/wp\/v2\/pages\/29","targetHints":{"allow":["GET"]}}],"collection":[{"href":"https:\/\/www.upo.es\/fevida\/wp-json\/wp\/v2\/pages"}],"about":[{"href":"https:\/\/www.upo.es\/fevida\/wp-json\/wp\/v2\/types\/page"}],"author":[{"embeddable":true,"href":"https:\/\/www.upo.es\/fevida\/wp-json\/wp\/v2\/users\/1"}],"replies":[{"embeddable":true,"href":"https:\/\/www.upo.es\/fevida\/wp-json\/wp\/v2\/comments?post=29"}],"version-history":[{"count":21,"href":"https:\/\/www.upo.es\/fevida\/wp-json\/wp\/v2\/pages\/29\/revisions"}],"predecessor-version":[{"id":1261,"href":"https:\/\/www.upo.es\/fevida\/wp-json\/wp\/v2\/pages\/29\/revisions\/1261"}],"wp:attachment":[{"href":"https:\/\/www.upo.es\/fevida\/wp-json\/wp\/v2\/media?parent=29"}],"curies":[{"name":"wp","href":"https:\/\/api.w.org\/{rel}","templated":true}]}}