{"id":297,"date":"2021-07-07T17:53:27","date_gmt":"2021-07-07T17:53:27","guid":{"rendered":"https:\/\/www.upo.es\/fevida\/?page_id=297"},"modified":"2021-11-02T00:56:26","modified_gmt":"2021-11-02T00:56:26","slug":"colaboradores","status":"publish","type":"page","link":"https:\/\/www.upo.es\/fevida\/colaboradores\/","title":{"rendered":"Entidades colaboradoras"},"content":{"rendered":"\n<div class=\"wp-block-columns is-layout-flex wp-container-core-columns-is-layout-9d6595d7 wp-block-columns-is-layout-flex\">\n<div class=\"wp-block-column is-layout-flow wp-block-column-is-layout-flow\" style=\"flex-basis:50%\">\n<p class=\"has-normal-font-size\">La&nbsp;<strong><a href=\"https:\/\/www.downsevilla.org\/\" target=\"_blank\" rel=\"noreferrer noopener\">Asociaci\u00f3n Provincial S\u00edndrome de Down de Sevilla<\/a><\/strong>&nbsp;<br>es una entidad privada, sin \u00e1nimo de lucro,<br>que desarrolla su labor desde el a\u00f1o 1995.<br>Est\u00e1 formada por personas con S\u00edndrome de Down<br>u otras discapacidades intelectuales y sus familias,<br>as\u00ed como de otras personas que desean colaborar con ellos.<\/p>\n\n\n\n<div style=\"height:42px\" aria-hidden=\"true\" class=\"wp-block-spacer\"><\/div>\n\n\n\n<p class=\"has-normal-font-size\">Desde su nacimiento, todas las actividades de la Asociaci\u00f3n<br>se han basado en una idea fundamental<br>atender las necesidades que necesitan<br>las personas con S\u00edndrome de Down y sus familias,<br>as\u00ed como llamar la atenci\u00f3n de todos los \u00e1mbitos de la sociedad<br>sobre esta realidad,<br>con el fin de conseguir<br>la total inclusi\u00f3n de estas personas<br>en su entorno social.<\/p>\n\n\n\n<div style=\"height:65px\" aria-hidden=\"true\" class=\"wp-block-spacer\"><\/div>\n\n\n\n<p class=\"has-normal-font-size\">La <a href=\"http:\/\/www.pazbien.org\/\" target=\"_blank\" rel=\"noreferrer noopener\"><strong>Asociaci\u00f3n Paz y Bien<\/strong><\/a> es una entidad privada,<br>sin \u00e1nimo de lucro, dedicada a la integraci\u00f3n,<br>defensa y promoci\u00f3n de los intereses de las personas con&nbsp;discapacidad intelectual&nbsp;o en situaci\u00f3n de exclusi\u00f3n social.&nbsp;<\/p>\n\n\n\n<div style=\"height:50px\" aria-hidden=\"true\" class=\"wp-block-spacer\"><\/div>\n\n\n\n<p class=\"has-normal-font-size\">Se cre\u00f3 en&nbsp;Sevilla&nbsp;en 1979 y desde 1998 tambi\u00e9n atiende a&nbsp;menores&nbsp;en situaci\u00f3n de desamparo<br>y adolescentes con dificultades de inserci\u00f3n socio-laboral.<br>En 2007, como&nbsp;Organizaci\u00f3n No Gubernamental para el Desarrollo (ONG), inici\u00f3 su actividad en Guatemala.<\/p>\n<\/div>\n\n\n\n<div class=\"wp-block-column is-layout-flow wp-block-column-is-layout-flow\" style=\"flex-basis:40%\">\n<div class=\"wp-block-image\"><figure class=\"aligncenter size-large\"><img decoding=\"async\" width=\"1024\" height=\"378\" src=\"https:\/\/www.upo.es\/fevida\/wp-content\/uploads\/2021\/08\/Logo-Down-fondo-blanco-1024x378.jpg\" alt=\"Logo de la asociaci\u00f3n DOWN Sevilla\" class=\"wp-image-693\" srcset=\"https:\/\/www.upo.es\/fevida\/wp-content\/uploads\/2021\/08\/Logo-Down-fondo-blanco-1024x378.jpg 1024w, https:\/\/www.upo.es\/fevida\/wp-content\/uploads\/2021\/08\/Logo-Down-fondo-blanco-300x111.jpg 300w, https:\/\/www.upo.es\/fevida\/wp-content\/uploads\/2021\/08\/Logo-Down-fondo-blanco-768x283.jpg 768w, https:\/\/www.upo.es\/fevida\/wp-content\/uploads\/2021\/08\/Logo-Down-fondo-blanco-1536x567.jpg 1536w, https:\/\/www.upo.es\/fevida\/wp-content\/uploads\/2021\/08\/Logo-Down-fondo-blanco-2048x756.jpg 2048w, https:\/\/www.upo.es\/fevida\/wp-content\/uploads\/2021\/08\/Logo-Down-fondo-blanco-540x199.jpg 540w, https:\/\/www.upo.es\/fevida\/wp-content\/uploads\/2021\/08\/Logo-Down-fondo-blanco-1080x398.jpg 1080w, https:\/\/www.upo.es\/fevida\/wp-content\/uploads\/2021\/08\/Logo-Down-fondo-blanco-1980x731.jpg 1980w\" sizes=\"(max-width: 1024px) 100vw, 1024px\" \/><\/figure><\/div>\n\n\n\n<div style=\"height:249px\" aria-hidden=\"true\" class=\"wp-block-spacer\"><\/div>\n\n\n\n<div class=\"wp-block-image\"><figure class=\"aligncenter size-large\"><img decoding=\"async\" width=\"1024\" height=\"442\" src=\"https:\/\/www.upo.es\/fevida\/wp-content\/uploads\/2021\/07\/asociacion_paz_y_bien_logotipo-1-1024x442.jpeg\" alt=\"Logo Asociaci\u00f3n Paz y Bien\" class=\"wp-image-554\" srcset=\"https:\/\/www.upo.es\/fevida\/wp-content\/uploads\/2021\/07\/asociacion_paz_y_bien_logotipo-1-1024x442.jpeg 1024w, https:\/\/www.upo.es\/fevida\/wp-content\/uploads\/2021\/07\/asociacion_paz_y_bien_logotipo-1-300x130.jpeg 300w, https:\/\/www.upo.es\/fevida\/wp-content\/uploads\/2021\/07\/asociacion_paz_y_bien_logotipo-1-768x332.jpeg 768w, https:\/\/www.upo.es\/fevida\/wp-content\/uploads\/2021\/07\/asociacion_paz_y_bien_logotipo-1-540x233.jpeg 540w, https:\/\/www.upo.es\/fevida\/wp-content\/uploads\/2021\/07\/asociacion_paz_y_bien_logotipo-1-1080x466.jpeg 1080w, https:\/\/www.upo.es\/fevida\/wp-content\/uploads\/2021\/07\/asociacion_paz_y_bien_logotipo-1.jpeg 1149w\" sizes=\"(max-width: 1024px) 100vw, 1024px\" \/><\/figure><\/div>\n<\/div>\n<\/div>\n","protected":false},"excerpt":{"rendered":"<p>La&nbsp;Asociaci\u00f3n Provincial S\u00edndrome de Down de Sevilla&nbsp;es una entidad privada, sin \u00e1nimo de lucro,que desarrolla su labor desde el a\u00f1o 1995.Est\u00e1 formada por personas con S\u00edndrome de Downu&hellip;<\/p>\n","protected":false},"author":1,"featured_media":0,"parent":0,"menu_order":0,"comment_status":"closed","ping_status":"closed","template":"template-full-width.php","meta":{"_coblocks_attr":"","_coblocks_dimensions":"","_coblocks_responsive_height":"","_coblocks_accordion_ie_support":"","footnotes":""},"class_list":["post-297","page","type-page","status-publish","has-post-thumbnail","hentry"],"uagb_featured_image_src":{"full":false,"thumbnail":false,"medium":false,"medium_large":false,"large":false,"1536x1536":false,"2048x2048":false,"post-thumbnail":false,"chaplin_preview_image_low_resolution":false,"chaplin_preview_image_high_resolution":false,"chaplin_fullscreen":false},"uagb_author_info":{"display_name":"fevida","author_link":"https:\/\/www.upo.es\/fevida\/author\/fevida\/"},"uagb_comment_info":0,"uagb_excerpt":"La&nbsp;Asociaci\u00f3n Provincial S\u00edndrome de Down de Sevilla&nbsp;es una entidad privada, sin \u00e1nimo de lucro,que desarrolla su labor desde el a\u00f1o 1995.Est\u00e1 formada por personas con S\u00edndrome de Downu&hellip;","_links":{"self":[{"href":"https:\/\/www.upo.es\/fevida\/wp-json\/wp\/v2\/pages\/297","targetHints":{"allow":["GET"]}}],"collection":[{"href":"https:\/\/www.upo.es\/fevida\/wp-json\/wp\/v2\/pages"}],"about":[{"href":"https:\/\/www.upo.es\/fevida\/wp-json\/wp\/v2\/types\/page"}],"author":[{"embeddable":true,"href":"https:\/\/www.upo.es\/fevida\/wp-json\/wp\/v2\/users\/1"}],"replies":[{"embeddable":true,"href":"https:\/\/www.upo.es\/fevida\/wp-json\/wp\/v2\/comments?post=297"}],"version-history":[{"count":58,"href":"https:\/\/www.upo.es\/fevida\/wp-json\/wp\/v2\/pages\/297\/revisions"}],"predecessor-version":[{"id":954,"href":"https:\/\/www.upo.es\/fevida\/wp-json\/wp\/v2\/pages\/297\/revisions\/954"}],"wp:attachment":[{"href":"https:\/\/www.upo.es\/fevida\/wp-json\/wp\/v2\/media?parent=297"}],"curies":[{"name":"wp","href":"https:\/\/api.w.org\/{rel}","templated":true}]}}