{"id":6,"date":"2020-10-29T11:21:46","date_gmt":"2020-10-29T11:21:46","guid":{"rendered":"https:\/\/www.upo.es\/fundaciones-citaprevia\/?page_id=6"},"modified":"2024-11-22T12:34:12","modified_gmt":"2024-11-22T11:34:12","slug":"el-nuevo-umoma-abre-sus-puertas-2","status":"publish","type":"page","link":"https:\/\/www.upo.es\/fundaciones-citaprevia\/","title":{"rendered":"\u00bfQuieres solicitar cita previa con alg\u00fan \u00e1rea de la Fundaci\u00f3n UPO?"},"content":{"rendered":"\t\t<div data-elementor-type=\"wp-page\" data-elementor-id=\"6\" class=\"elementor elementor-6\">\n\t\t\t\t\t\t<section class=\"elementor-section elementor-top-section elementor-element elementor-element-106c65c elementor-section-full_width elementor-section-height-default elementor-section-height-default\" data-id=\"106c65c\" data-element_type=\"section\">\n\t\t\t\t\t\t<div class=\"elementor-container elementor-column-gap-default\">\n\t\t\t\t\t<div class=\"elementor-column elementor-col-20 elementor-top-column elementor-element elementor-element-b4b1d60\" data-id=\"b4b1d60\" data-element_type=\"column\">\n\t\t\t<div class=\"elementor-widget-wrap elementor-element-populated\">\n\t\t\t\t\t\t<div class=\"elementor-element elementor-element-272e352 elementor-position-top elementor-invisible elementor-widget elementor-widget-image-box\" data-id=\"272e352\" data-element_type=\"widget\" data-settings=\"{&quot;_animation&quot;:&quot;fadeIn&quot;}\" data-widget_type=\"image-box.default\">\n\t\t\t\t<div class=\"elementor-widget-container\">\n\t\t\t\t\t<div class=\"elementor-image-box-wrapper\"><figure class=\"elementor-image-box-img\"><a href=\"https:\/\/www.upo.es\/fundaciones-citaprevia\/area-de-practicas-en-empresas\/\" tabindex=\"-1\"><img fetchpriority=\"high\" decoding=\"async\" width=\"300\" height=\"240\" src=\"https:\/\/www.upo.es\/fundaciones-citaprevia\/wp-content\/uploads\/2020\/11\/Practicas-300x240.png\" class=\"elementor-animation-shrink attachment-medium size-medium wp-image-1326\" alt=\"\" srcset=\"https:\/\/www.upo.es\/fundaciones-citaprevia\/wp-content\/uploads\/2020\/11\/Practicas-300x240.png 300w, https:\/\/www.upo.es\/fundaciones-citaprevia\/wp-content\/uploads\/2020\/11\/Practicas-768x614.png 768w, https:\/\/www.upo.es\/fundaciones-citaprevia\/wp-content\/uploads\/2020\/11\/Practicas.png 1000w\" sizes=\"(max-width: 300px) 100vw, 300px\" \/><\/a><\/figure><div class=\"elementor-image-box-content\"><h3 class=\"elementor-image-box-title\"><a href=\"https:\/\/www.upo.es\/fundaciones-citaprevia\/area-de-practicas-en-empresas\/\">\u00c1rea de Pr\u00e1cticas en Empresas y Seguridad Social<\/a><\/h3><p class=\"elementor-image-box-description\">Aqu\u00ed podr\u00e1s solicitar cita previa para la gesti\u00f3n de pr\u00e1cticas curriculares o extracurriculares, firmas de convenios o autogesti\u00f3n.<\/p><\/div><\/div>\t\t\t\t<\/div>\n\t\t\t\t<\/div>\n\t\t\t\t\t<\/div>\n\t\t<\/div>\n\t\t\t\t<div class=\"elementor-column elementor-col-20 elementor-top-column elementor-element elementor-element-4cfa47e\" data-id=\"4cfa47e\" data-element_type=\"column\">\n\t\t\t<div class=\"elementor-widget-wrap\">\n\t\t\t\t\t\t\t<\/div>\n\t\t<\/div>\n\t\t\t\t<div class=\"elementor-column elementor-col-20 elementor-top-column elementor-element elementor-element-d736138\" data-id=\"d736138\" data-element_type=\"column\">\n\t\t\t<div class=\"elementor-widget-wrap elementor-element-populated\">\n\t\t\t\t\t\t<div class=\"elementor-element elementor-element-706fb33 elementor-position-top elementor-invisible elementor-widget elementor-widget-image-box\" data-id=\"706fb33\" data-element_type=\"widget\" data-settings=\"{&quot;_animation&quot;:&quot;fadeIn&quot;}\" data-widget_type=\"image-box.default\">\n\t\t\t\t<div class=\"elementor-widget-container\">\n\t\t\t\t\t<div class=\"elementor-image-box-wrapper\"><figure class=\"elementor-image-box-img\"><a href=\"https:\/\/www.upo.es\/fundaciones-citaprevia\/area-de-empleabilidad-y-emprendimiento\/\" tabindex=\"-1\"><img decoding=\"async\" width=\"300\" height=\"240\" src=\"https:\/\/www.upo.es\/fundaciones-citaprevia\/wp-content\/uploads\/2020\/11\/Empleabilidad-300x240.png\" class=\"elementor-animation-shrink attachment-medium size-medium wp-image-1323\" alt=\"\" srcset=\"https:\/\/www.upo.es\/fundaciones-citaprevia\/wp-content\/uploads\/2020\/11\/Empleabilidad-300x240.png 300w, https:\/\/www.upo.es\/fundaciones-citaprevia\/wp-content\/uploads\/2020\/11\/Empleabilidad-768x614.png 768w, https:\/\/www.upo.es\/fundaciones-citaprevia\/wp-content\/uploads\/2020\/11\/Empleabilidad.png 1000w\" sizes=\"(max-width: 300px) 100vw, 300px\" \/><\/a><\/figure><div class=\"elementor-image-box-content\"><h3 class=\"elementor-image-box-title\"><a href=\"https:\/\/www.upo.es\/fundaciones-citaprevia\/area-de-empleabilidad-y-emprendimiento\/\">\u00c1rea de Empleabilidad y Emprendimiento<\/a><\/h3><p class=\"elementor-image-box-description\">Si lo que quieres es corregir tu curr\u00edculum vitae, crear tu perfil profesional de LinkedIn o madurar tu idea de negocio es por aqu\u00ed.<\/p><\/div><\/div>\t\t\t\t<\/div>\n\t\t\t\t<\/div>\n\t\t\t\t\t<\/div>\n\t\t<\/div>\n\t\t\t\t<div class=\"elementor-column elementor-col-20 elementor-top-column elementor-element elementor-element-e4a6513\" data-id=\"e4a6513\" data-element_type=\"column\">\n\t\t\t<div class=\"elementor-widget-wrap\">\n\t\t\t\t\t\t\t<\/div>\n\t\t<\/div>\n\t\t\t\t<div class=\"elementor-column elementor-col-20 elementor-top-column elementor-element elementor-element-c70612c\" data-id=\"c70612c\" data-element_type=\"column\">\n\t\t\t<div class=\"elementor-widget-wrap elementor-element-populated\">\n\t\t\t\t\t\t<div class=\"elementor-element elementor-element-6aca55d elementor-position-top elementor-invisible elementor-widget elementor-widget-image-box\" data-id=\"6aca55d\" data-element_type=\"widget\" data-settings=\"{&quot;_animation&quot;:&quot;fadeIn&quot;}\" data-widget_type=\"image-box.default\">\n\t\t\t\t<div class=\"elementor-widget-container\">\n\t\t\t\t\t<div class=\"elementor-image-box-wrapper\"><figure class=\"elementor-image-box-img\"><a href=\"https:\/\/www.upo.es\/fundaciones-citaprevia\/recogida-titulos-propios-formacion-permanente\/\" tabindex=\"-1\"><img decoding=\"async\" width=\"300\" height=\"240\" src=\"https:\/\/www.upo.es\/fundaciones-citaprevia\/wp-content\/uploads\/2021\/01\/ti\u0301tulos-propios-cita-previa-fundacio\u0301n-upo.png\" class=\"elementor-animation-shrink attachment-medium size-medium wp-image-1385\" alt=\"\" \/><\/a><\/figure><div class=\"elementor-image-box-content\"><h3 class=\"elementor-image-box-title\"><a href=\"https:\/\/www.upo.es\/fundaciones-citaprevia\/recogida-titulos-propios-formacion-permanente\/\">Recogida T\u00edtulos Propios - Formaci\u00f3n Permanente<\/a><\/h3><p class=\"elementor-image-box-description\">\u00bfTe ha llegado un mail de que ya est\u00e1 disponible para su recogida el t\u00edtulo propio que cursaste? Aqu\u00ed puedes solicitar cita para recogerlo.<\/p><\/div><\/div>\t\t\t\t<\/div>\n\t\t\t\t<\/div>\n\t\t\t\t\t<\/div>\n\t\t<\/div>\n\t\t\t\t\t<\/div>\n\t\t<\/section>\n\t\t\t\t<\/div>\n\t\t","protected":false},"excerpt":{"rendered":"<p>\u00c1rea de Pr\u00e1cticas en Empresas y Seguridad Social Aqu\u00ed podr\u00e1s solicitar cita previa para la gesti\u00f3n de pr\u00e1cticas curriculares o extracurriculares, firmas de convenios o autogesti\u00f3n. \u00c1rea de Empleabilidad y &#8230;<\/p>\n","protected":false},"author":1,"featured_media":0,"parent":0,"menu_order":0,"comment_status":"closed","ping_status":"closed","template":"","meta":{"footnotes":""},"class_list":["post-6","page","type-page","status-publish","hentry"],"_links":{"self":[{"href":"https:\/\/www.upo.es\/fundaciones-citaprevia\/wp-json\/wp\/v2\/pages\/6","targetHints":{"allow":["GET"]}}],"collection":[{"href":"https:\/\/www.upo.es\/fundaciones-citaprevia\/wp-json\/wp\/v2\/pages"}],"about":[{"href":"https:\/\/www.upo.es\/fundaciones-citaprevia\/wp-json\/wp\/v2\/types\/page"}],"author":[{"embeddable":true,"href":"https:\/\/www.upo.es\/fundaciones-citaprevia\/wp-json\/wp\/v2\/users\/1"}],"replies":[{"embeddable":true,"href":"https:\/\/www.upo.es\/fundaciones-citaprevia\/wp-json\/wp\/v2\/comments?post=6"}],"version-history":[{"count":66,"href":"https:\/\/www.upo.es\/fundaciones-citaprevia\/wp-json\/wp\/v2\/pages\/6\/revisions"}],"predecessor-version":[{"id":1661,"href":"https:\/\/www.upo.es\/fundaciones-citaprevia\/wp-json\/wp\/v2\/pages\/6\/revisions\/1661"}],"wp:attachment":[{"href":"https:\/\/www.upo.es\/fundaciones-citaprevia\/wp-json\/wp\/v2\/media?parent=6"}],"curies":[{"name":"wp","href":"https:\/\/api.w.org\/{rel}","templated":true}]}}