{"id":2880,"date":"2019-03-12T11:10:07","date_gmt":"2019-03-12T11:10:07","guid":{"rendered":"https:\/\/www.upo.es\/fundacionmunicipios\/?post_type=product&#038;p=2880"},"modified":"2025-12-03T10:01:42","modified_gmt":"2025-12-03T09:01:42","slug":"colonos-y-propietarios-de-las-nuevas-poblaciones","status":"publish","type":"product","link":"https:\/\/www.upo.es\/fundacionmunicipios\/tienda\/colonos-y-propietarios-de-las-nuevas-poblaciones\/","title":{"rendered":"Colonos y propietarios de las Nuevas Poblaciones de Sierra Morena"},"content":{"rendered":"<p><strong>T\u00edtulo: <\/strong>Colonos y propietarios de las Nuevas Poblaciones de Sierra Morena<br \/>\n<strong>Autor:<\/strong> Francisco Jos\u00e9 P\u00e9rez-Schmid Fern\u00e1ndez<br \/>\n<strong>Editorial:<\/strong> Fundaci\u00f3n de Municipios Pablo de Olavide<br \/>\n<strong>A\u00f1o de publicaci\u00f3n:<\/strong> 2020<br \/>\n<strong>P\u00e1ginas:\u00a0<\/strong>360<br \/>\n<strong>Pa\u00eds: <\/strong>Espa\u00f1a<br \/>\n<strong>Idioma:<\/strong> espa\u00f1ol<br \/>\n<strong>ISBN:<\/strong> <span class=\"a-text-bold\">\u200e\u00a0<\/span>978-84-120123-2-3<\/p>\n","protected":false},"excerpt":{"rendered":"<p style=\"text-align: justify;\">Colonos y propietarios de las Nuevas Poblaciones de Sierra Morena se adentra en el conocimiento de las familias que fueron la base de la colonizaci\u00f3n a partir de 1767. Para ello recorre los inicios de dicha repoblaci\u00f3n de la mano de Campomanes, el asentista Th\u00fcrriegel o don Pablo de Olavide para analizar su puesta en pr\u00e1ctica a la luz de las ideas te\u00f3ricas del superintendente Olavide. Posteriormente estudia el desarrollo de la propiedad de las suertes tomando como ejemplo el caso de la feligres\u00eda de Navas de Tolosa, proporcionando un modelo de an\u00e1lisis al combinar documentaci\u00f3n de archivo, cartograf\u00eda hist\u00f3rica y Sistemas de Informaci\u00f3n Geogr\u00e1fica.<\/p>\n<p style=\"text-align: justify;\">Contin\u00faa analizando la herencia cultural de los colonos, la M\u00fasica y el Folclore, y su pervivencia hasta la actualidad, estudiando la influencia de las devociones preexistentes en Sierra Morena, su bagaje religioso, la posesi\u00f3n de libros u objetos devocionales, es decir, sus elementos de identidad. Para terminar, la obra estudia los s\u00edmbolos que la (Super)intendencia de Nuevas Poblaciones desarroll\u00f3 para mostrar su poder, cohesionar a esta nueva sociedad y ofrecer una identidad com\u00fan a sus nuevos habitantes, como la devoci\u00f3n de la Inmaculada Concepci\u00f3n de Mar\u00eda, las cofrad\u00edas, la toponimia o la her\u00e1ldica.<\/p>\n<p><strong>Sobre la colecci\u00f3n<\/strong><\/p>\n<p style=\"text-align: justify;\">En esta colecci\u00f3n de libros se trata de recomponer los hechos y las ideas que hicieron de la Ilustraci\u00f3n, tanto en Espa\u00f1a como en Am\u00e9rica, un tiempo de progreso. En los sucesivos t\u00edtulos se aludir\u00e1 a la Ilustraci\u00f3n, en su trascendencia social y cultural, a su tiempo y a su circunstancia. Se reconocer\u00e1 a los ilustrados e ilustradas, poniendo en claro sus hechos\u00a0 y movi\u00e9ndose por sus espacios, tanto en la Pen\u00ednsula como en Am\u00e9rica. Y en sentido amplio, esta colecci\u00f3n se interesar\u00e1 por el correlato formativo y cultural, en su trascendencia a los tiempos actuales.<\/p>\n","protected":false},"featured_media":30270,"template":"","meta":{"_acf_changed":false},"product_brand":[],"product_cat":[305,298],"product_tag":[300,302,299,301],"class_list":{"0":"post-2880","1":"product","2":"type-product","3":"status-publish","4":"has-post-thumbnail","6":"product_cat-coleccion-olavide-ilustracion","7":"product_cat-libros","8":"product_tag-andalucia","9":"product_tag-fundacion-de-municipios","10":"product_tag-olavide-ilustracion","11":"product_tag-universidad-pablo-de-olavide","13":"first","14":"instock","15":"taxable","16":"shipping-taxable","17":"purchasable","18":"product-type-simple"},"acf":[],"_links":{"self":[{"href":"https:\/\/www.upo.es\/fundacionmunicipios\/wp-json\/wp\/v2\/product\/2880","targetHints":{"allow":["GET"]}}],"collection":[{"href":"https:\/\/www.upo.es\/fundacionmunicipios\/wp-json\/wp\/v2\/product"}],"about":[{"href":"https:\/\/www.upo.es\/fundacionmunicipios\/wp-json\/wp\/v2\/types\/product"}],"wp:featuredmedia":[{"embeddable":true,"href":"https:\/\/www.upo.es\/fundacionmunicipios\/wp-json\/wp\/v2\/media\/30270"}],"wp:attachment":[{"href":"https:\/\/www.upo.es\/fundacionmunicipios\/wp-json\/wp\/v2\/media?parent=2880"}],"wp:term":[{"taxonomy":"product_brand","embeddable":true,"href":"https:\/\/www.upo.es\/fundacionmunicipios\/wp-json\/wp\/v2\/product_brand?post=2880"},{"taxonomy":"product_cat","embeddable":true,"href":"https:\/\/www.upo.es\/fundacionmunicipios\/wp-json\/wp\/v2\/product_cat?post=2880"},{"taxonomy":"product_tag","embeddable":true,"href":"https:\/\/www.upo.es\/fundacionmunicipios\/wp-json\/wp\/v2\/product_tag?post=2880"}],"curies":[{"name":"wp","href":"https:\/\/api.w.org\/{rel}","templated":true}]}}