{"id":30461,"date":"2022-01-17T13:34:54","date_gmt":"2022-01-17T13:34:54","guid":{"rendered":"https:\/\/www.upo.es\/fundacionmunicipios\/?post_type=product&#038;p=30461"},"modified":"2025-12-03T09:57:02","modified_gmt":"2025-12-03T08:57:02","slug":"estudio-historico-y-comparatista-de-la-caligrafia-maria-del-olmo-ibanez","status":"publish","type":"product","link":"https:\/\/www.upo.es\/fundacionmunicipios\/tienda\/estudio-historico-y-comparatista-de-la-caligrafia-maria-del-olmo-ibanez\/","title":{"rendered":"Estudio hist\u00f3rico y comparatista de la caligraf\u00eda. Francisco Javier Santiago Palomares como paradigma caligr\u00e1fico ilustrado y el estado de la caligraf\u00eda en red"},"content":{"rendered":"<p><strong>T\u00edtulo: <\/strong>Estudio hist\u00f3rico y comparatista de la caligraf\u00eda. Francisco Javier Santiago Palomares como paradigma caligr\u00e1fico ilustrado y el estado de la caligraf\u00eda en red<br \/>\n<strong>Autora:<\/strong> Mar\u00eda del Olmo Ib\u00e1\u00f1ez<br \/>\n<strong>Editorial:<\/strong> C\u00edrculo Rojo y Fundaci\u00f3n de Municipios Pablo de Olavide<br \/>\n<strong>A\u00f1o de publicaci\u00f3n:<\/strong> 2018<br \/>\n<strong>P\u00e1ginas: <\/strong>172<br \/>\n<strong>Pa\u00eds: <\/strong>Espa\u00f1a<br \/>\n<strong>Idioma:<\/strong> espa\u00f1ol<br \/>\n<strong>ISBN:<\/strong> 978-84-1304-722-5<\/p>\n","protected":false},"excerpt":{"rendered":"<p>El presente estudio, articulado en cinco partes, gravita, como su propio t\u00edtulo ya sugiere, en dos prop\u00f3sitos fundamentales:<\/p>\n<p>El primero de ellos es el estudio hist\u00f3rico comparado del arte de la caligraf\u00eda occidental y oriental, explorando sus semajanzas y sus diferencias. Para ello partimos de una sucinta reflexi\u00f3n sobre el problema del origen de la escritura a trav\u00e9s del recorrido por las diferentes hip\u00f3tesis que se han planteado al respecto, lo que nos ha llevado a indagar en el posible marco originario compartido por ambas caligraf\u00edas. Ellas nacen del hecho com\u00fan y asombroso en la historia de la humanidad, de la aparici\u00f3n de la escritura, aunque, posteriormente, oriente y occidente en un instante determinado bifurcaron sus caminos.<\/p>\n<p>El segundo prop\u00f3sito ha consistido en el estudio hist\u00f3rico de la figura del cal\u00edgrafo espa\u00f1ol Santiago de Palomares, como prototipo de cal\u00edgrafo erudito e ilustrado del siglo XVIII espa\u00f1ol, al tiempo que tratamos de coadyuvar a avalar las tesis que defienden la autor\u00eda del cal\u00edgrafo Santiago Palomares sobre el tipo caligr\u00e1fico espa\u00f1ol barra Real. Considero que es imprescindible estudiar la figura y la obra del peculiar cal\u00edgrafo espa\u00f1ol, erudito e ilustrado, como exponente de la caligraf\u00eda occidental.<\/p>\n","protected":false},"featured_media":30462,"template":"","meta":{"_acf_changed":false},"product_brand":[],"product_cat":[298,308],"product_tag":[300,302,301],"class_list":{"0":"post-30461","1":"product","2":"type-product","3":"status-publish","4":"has-post-thumbnail","6":"product_cat-libros","7":"product_cat-premios-ensayo","8":"product_tag-andalucia","9":"product_tag-fundacion-de-municipios","10":"product_tag-universidad-pablo-de-olavide","12":"first","13":"instock","14":"taxable","15":"shipping-taxable","16":"purchasable","17":"product-type-simple"},"acf":[],"_links":{"self":[{"href":"https:\/\/www.upo.es\/fundacionmunicipios\/wp-json\/wp\/v2\/product\/30461","targetHints":{"allow":["GET"]}}],"collection":[{"href":"https:\/\/www.upo.es\/fundacionmunicipios\/wp-json\/wp\/v2\/product"}],"about":[{"href":"https:\/\/www.upo.es\/fundacionmunicipios\/wp-json\/wp\/v2\/types\/product"}],"wp:featuredmedia":[{"embeddable":true,"href":"https:\/\/www.upo.es\/fundacionmunicipios\/wp-json\/wp\/v2\/media\/30462"}],"wp:attachment":[{"href":"https:\/\/www.upo.es\/fundacionmunicipios\/wp-json\/wp\/v2\/media?parent=30461"}],"wp:term":[{"taxonomy":"product_brand","embeddable":true,"href":"https:\/\/www.upo.es\/fundacionmunicipios\/wp-json\/wp\/v2\/product_brand?post=30461"},{"taxonomy":"product_cat","embeddable":true,"href":"https:\/\/www.upo.es\/fundacionmunicipios\/wp-json\/wp\/v2\/product_cat?post=30461"},{"taxonomy":"product_tag","embeddable":true,"href":"https:\/\/www.upo.es\/fundacionmunicipios\/wp-json\/wp\/v2\/product_tag?post=30461"}],"curies":[{"name":"wp","href":"https:\/\/api.w.org\/{rel}","templated":true}]}}