{"id":30499,"date":"2022-01-18T11:59:42","date_gmt":"2022-01-18T11:59:42","guid":{"rendered":"https:\/\/www.upo.es\/fundacionmunicipios\/?post_type=product&#038;p=30499"},"modified":"2025-12-03T09:53:49","modified_gmt":"2025-12-03T08:53:49","slug":"seducido-por-la-luz-luis-sola-gutierrez","status":"publish","type":"product","link":"https:\/\/www.upo.es\/fundacionmunicipios\/tienda\/seducido-por-la-luz-luis-sola-gutierrez\/","title":{"rendered":"Seducido por la luz. Confesiones p\u00f3stumas de D. Pablo de Olavide"},"content":{"rendered":"<p><strong>T\u00edtulo: <\/strong>Seducido por la luz. Confesiones p\u00f3stumas de D. Pablo de Olavide<br \/>\n<strong>Autor:<\/strong> Luis Sola Guti\u00e9rrez<br \/>\n<strong>Editorial:<\/strong> C\u00edrculo Rojo y Fundaci\u00f3n de Municipios Pablo de Olavide<br \/>\n<strong>A\u00f1o de publicaci\u00f3n:<\/strong> 2018<br \/>\n<strong>P\u00e1ginas: <\/strong>220<br \/>\n<strong>Pa\u00eds: <\/strong>Espa\u00f1a<br \/>\n<strong>Idioma:<\/strong> espa\u00f1ol<br \/>\n<strong>ISBN:<\/strong> 978-84-1304-721-8<\/p>\n","protected":false},"excerpt":{"rendered":"<p>El trabajo <em>Seducido por la luz<\/em>, galardonado en junio de 2006 con el Primer Premio de Ensayo Pablo de Olavide, imagina a este personaje, casi ya octogenario y retirado en Baeza, escribiendo las confesiones de su ajetreada trayectoria vital, a la vez que intenta adentrarse en su psicolog\u00eda, se esfuerza en presentar una cierta visi\u00f3n panor\u00e1mica del ambiente ilustrado que le toc\u00f3 vivir y que contribuy\u00f3 a forjar.<\/p>\n<p>Olavide emerge en estas\u00a0<em>Confesiones\u00a0<\/em>como una persona abierta al cambio y a la innovaci\u00f3n, amante de la literatura, la conversaci\u00f3n y el buen vivir; tambi\u00e9n como un destacado reformador social, interesado en modificar algunas estructuras econ\u00f3micas, educativas e incluso urban\u00edsticas del pa\u00eds, y como un hombre l\u00facido que no tuvo reparos en criticar ciertas pr\u00e1cticas de la religiosidad popular, sin llegar a cuestionar a fondo ni los dogmas esenciales de la fe cristiana ni los pilares b\u00e1sicos de la monarqu\u00eda absoluta y de la sociedad estamental de su \u00e9poca.<\/p>\n<p>Realizado con una clara vocaci\u00f3n sint\u00e9tica y divulgativa, el trabajo est\u00e1 apoyado \u2013es de justicia reconocerlo\u2013 en las valiosas investigaciones de numerosos autores, entre los que podr\u00edan citarse a Marcelin Defourneaux, Manuel Capel Margarito o Luis Perdices Blas.<\/p>\n","protected":false},"featured_media":30500,"template":"","meta":{"_acf_changed":false},"product_brand":[],"product_cat":[298,308],"product_tag":[300,302,301],"class_list":{"0":"post-30499","1":"product","2":"type-product","3":"status-publish","4":"has-post-thumbnail","6":"product_cat-libros","7":"product_cat-premios-ensayo","8":"product_tag-andalucia","9":"product_tag-fundacion-de-municipios","10":"product_tag-universidad-pablo-de-olavide","12":"first","13":"instock","14":"taxable","15":"shipping-taxable","16":"purchasable","17":"product-type-simple"},"acf":[],"_links":{"self":[{"href":"https:\/\/www.upo.es\/fundacionmunicipios\/wp-json\/wp\/v2\/product\/30499","targetHints":{"allow":["GET"]}}],"collection":[{"href":"https:\/\/www.upo.es\/fundacionmunicipios\/wp-json\/wp\/v2\/product"}],"about":[{"href":"https:\/\/www.upo.es\/fundacionmunicipios\/wp-json\/wp\/v2\/types\/product"}],"wp:featuredmedia":[{"embeddable":true,"href":"https:\/\/www.upo.es\/fundacionmunicipios\/wp-json\/wp\/v2\/media\/30500"}],"wp:attachment":[{"href":"https:\/\/www.upo.es\/fundacionmunicipios\/wp-json\/wp\/v2\/media?parent=30499"}],"wp:term":[{"taxonomy":"product_brand","embeddable":true,"href":"https:\/\/www.upo.es\/fundacionmunicipios\/wp-json\/wp\/v2\/product_brand?post=30499"},{"taxonomy":"product_cat","embeddable":true,"href":"https:\/\/www.upo.es\/fundacionmunicipios\/wp-json\/wp\/v2\/product_cat?post=30499"},{"taxonomy":"product_tag","embeddable":true,"href":"https:\/\/www.upo.es\/fundacionmunicipios\/wp-json\/wp\/v2\/product_tag?post=30499"}],"curies":[{"name":"wp","href":"https:\/\/api.w.org\/{rel}","templated":true}]}}

Seducido por la luz. Confesiones póstumas de D. Pablo de Olavide

<p><strong>Título: </strong>Seducido por la luz. Confesiones póstumas de D. Pablo de Olavide<br />
<strong>Autor:</strong> Luis Sola Gutiérrez<br />
<strong>Editorial:</strong> Círculo Rojo y Fundación de Municipios Pablo de Olavide<br />
<strong>Año de publicación:</strong> 2018<br />
<strong>Páginas: </strong>220<br />
<strong>País: </strong>España<br />
<strong>Idioma:</strong> español<br />
<strong>ISBN:</strong> 978-84-1304-721-8</p>

<p>El trabajo <em>Seducido por la luz</em>, galardonado en junio de 2006 con el Primer Premio de Ensayo Pablo de Olavide, imagina a este personaje, casi ya octogenario y retirado en Baeza, escribiendo las confesiones de su ajetreada trayectoria vital, a la vez que intenta adentrarse en su psicología, se esfuerza en presentar una cierta visión panorámica del ambiente ilustrado que le tocó vivir y que contribuyó a forjar.</p>
<p>Olavide emerge en estas <em>Confesiones </em>como una persona abierta al cambio y a la innovación, amante de la literatura, la conversación y el buen vivir; también como un destacado reformador social, interesado en modificar algunas estructuras económicas, educativas e incluso urbanísticas del país, y como un hombre lúcido que no tuvo reparos en criticar ciertas prácticas de la religiosidad popular, sin llegar a cuestionar a fondo ni los dogmas esenciales de la fe cristiana ni los pilares básicos de la monarquía absoluta y de la sociedad estamental de su época.</p>
<p>Realizado con una clara vocación sintética y divulgativa, el trabajo está apoyado –es de justicia reconocerlo– en las valiosas investigaciones de numerosos autores, entre los que podrían citarse a Marcelin Defourneaux, Manuel Capel Margarito o Luis Perdices Blas.</p>
