{"id":31586,"date":"2025-10-07T13:40:18","date_gmt":"2025-10-07T11:40:18","guid":{"rendered":"https:\/\/www.upo.es\/fundacionmunicipios\/?post_type=product&#038;p=31586"},"modified":"2025-12-03T08:25:36","modified_gmt":"2025-12-03T07:25:36","slug":"pablo-de-olavide-1725-1803-el-ilustrado","status":"publish","type":"product","link":"https:\/\/www.upo.es\/fundacionmunicipios\/tienda\/pablo-de-olavide-1725-1803-el-ilustrado\/","title":{"rendered":"Pablo de Olavide (1725-1803). El Ilustrado"},"content":{"rendered":"<p><strong>T\u00edtulo: <\/strong>Don Pablo de Olavide. Apuntes sobre su vida y sus obras<br \/>\n<strong>Autor:<\/strong> Luis Perdices de Blas<br \/>\n<strong>Correcci\u00f3n y supervisi\u00f3n de la\u00a0presente edici\u00f3n a cargo de:<\/strong><br \/>\nJos\u00e9 Antonio Filter, Adolfo Hamer, Rosario Heredia y Francisco Hidalgo<br \/>\n<strong>Editorial:<\/strong> Fundaci\u00f3n de Municipios Pablo de Olavide<br \/>\n<strong>A\u00f1o de publicaci\u00f3n:<\/strong> 2025<br \/>\n<strong>P\u00e1ginas: <\/strong>768<br \/>\n<strong>Pa\u00eds: <\/strong>Espa\u00f1a<br \/>\n<strong>Idioma:<\/strong> espa\u00f1ol<br \/>\n<strong>ISBN:<\/strong> 978-84-120123-9-2<\/p>\n","protected":false},"excerpt":{"rendered":"<div class=\"page\" title=\"Page 1\">\n<div class=\"section\">\n<div class=\"layoutArea\">\n<div class=\"column\">\n<p class=\"p1\">Con motivo del tricentenario del nacimiento de <span class=\"s1\"><b>Pablo de Olavide (1725-1803)<\/b><\/span>, presentamos una nueva edici\u00f3n de la monograf\u00eda de <span class=\"s1\"><b>Luis Perdices de Blas<\/b><\/span> \u2014catedr\u00e1tico de Historia del Pensamiento Econ\u00f3mico de la Universidad Complutense de Madrid\u2014, elaborada sobre la base de los escritos y papeles in\u00e9ditos del hispano-lime\u00f1o depositados en casi una treintena de archivos y bibliotecas espa\u00f1olas y francesas.<\/p>\n<p class=\"p3\"><span class=\"s2\">Estamos ante una revisi\u00f3n de la <\/span><b>biograf\u00eda pol\u00edtica e intelectual de Olavide<\/b><span class=\"s2\"> y del <\/span><b>an\u00e1lisis de su pensamiento econ\u00f3mico<\/b><span class=\"s2\">, as\u00ed como de su <\/span><b>propuesta de reforma socioecon\u00f3mica<\/b><span class=\"s2\"> (agraria, comercial, educativa, de la beneficencia, etc.), llevada a cabo como <\/span><b>Personero del Com\u00fan del Ayuntamiento de Madrid<\/b><span class=\"s2\">, <\/span><b>Superintendente de las Nuevas Poblaciones de Sierra Morena y Andaluc\u00eda<\/b><span class=\"s2\">, <\/span><b>Asistente de la ciudad de Sevilla<\/b><span class=\"s2\">, <\/span><b>Intendente del Ej\u00e9rcito de los cuatro reinos de Andaluc\u00eda<\/b><span class=\"s2\">, <\/span><b>Superintendente de Rentas Provinciales del reino de Sevilla<\/b><span class=\"s2\">, y <\/span><b>ciudadano de a pie<\/b><span class=\"s2\"> en sus \u00faltimos a\u00f1os en Francia y en Espa\u00f1a.<\/span><\/p>\n<p class=\"p1\">A Olavide no se le puede considerar una excepci\u00f3n entre los ilustrados espa\u00f1oles, y menos a\u00fan si el punto de referencia son sus protectores \u2014los condes de Aranda y Campomanes\u2014, su disc\u00edpulo <span class=\"s1\"><b>Gaspar Melchor de Jovellanos<\/b><\/span> o sus amigos, como los citados, adem\u00e1s de <span class=\"s1\"><b>Francisco de Bruna<\/b><\/span> y <span class=\"s1\"><b>Miguel de M\u00fazquiz<\/b><\/span>, entre otros. Este hecho queda confirmado tras el an\u00e1lisis de su formaci\u00f3n intelectual, de su pensamiento econ\u00f3mico y sus fuentes, de sus propuestas reformistas y de su reacci\u00f3n ante los acontecimientos revolucionarios franceses de 1789.<\/p>\n<p class=\"p1\">Por lo tanto, m\u00e1s que un <i>afrancesado<\/i>, como el resto de los ilustrados espa\u00f1oles, <span class=\"s1\"><b>fusion\u00f3 corrientes intelectuales nacionales y for\u00e1neas<\/b><\/span>, y de ah\u00ed el t\u00edtulo del libro: <i>Pablo de Olavide (1725-1803), el Ilustrado<\/i>.<\/p>\n<p class=\"p1\">Aunque fue condenado por la Inquisici\u00f3n en 1778, despu\u00e9s de un <span class=\"s1\"><b>autillo de fe<\/b><\/span> muy c\u00e9lebre en Europa \u2014que dio lugar a su primera biograf\u00eda, escrita por <span class=\"s1\"><b>Diderot<\/b><\/span>\u2014, las causas del fracaso de su proyecto reformista no se deben reducir exclusivamente a una manifestaci\u00f3n m\u00e1s de la batalla entre <i>oscurantismo<\/i> y <i>luces<\/i>.<\/p>\n<p class=\"p1\">Junto a los factores pol\u00edticos, tambi\u00e9n se examinan los <span class=\"s1\"><b>problemas econ\u00f3micos y financieros<\/b><\/span>, as\u00ed como los <span class=\"s1\"><b>humanos, t\u00e9cnicos y te\u00f3ricos<\/b><\/span> que obstaculizaron la ejecuci\u00f3n de sus reformas.<\/p>\n<\/div>\n<\/div>\n<\/div>\n<\/div>\n<p style=\"text-align: left;\"><strong>Sobre la colecci\u00f3n<\/strong><\/p>\n<p>En esta colecci\u00f3n de libros se trata de recomponer los hechos y las ideas que hicieron de la Ilustraci\u00f3n, tanto en Espa\u00f1a como en Am\u00e9rica, un tiempo de progreso. En los sucesivos t\u00edtulos se aludir\u00e1 a la Ilustraci\u00f3n, en su trascendencia social y cultural, a su tiempo y a su circunstancia. Se reconocer\u00e1 a los ilustrados e ilustradas, poniendo en claro sus hechos\u00a0 y movi\u00e9ndose por sus espacios, tanto en la Pen\u00ednsula como en Am\u00e9rica. Y en sentido amplio, esta colecci\u00f3n se interesar\u00e1 por el correlato formativo y cultural, en su trascendencia a los tiempos actuales.<\/p>\n","protected":false},"featured_media":31589,"template":"","meta":{"_acf_changed":false},"product_brand":[],"product_cat":[305,298],"product_tag":[300,302,301],"class_list":{"0":"post-31586","1":"product","2":"type-product","3":"status-publish","4":"has-post-thumbnail","6":"product_cat-coleccion-olavide-ilustracion","7":"product_cat-libros","8":"product_tag-andalucia","9":"product_tag-fundacion-de-municipios","10":"product_tag-universidad-pablo-de-olavide","12":"first","13":"instock","14":"taxable","15":"shipping-taxable","16":"purchasable","17":"product-type-simple"},"acf":[],"_links":{"self":[{"href":"https:\/\/www.upo.es\/fundacionmunicipios\/wp-json\/wp\/v2\/product\/31586","targetHints":{"allow":["GET"]}}],"collection":[{"href":"https:\/\/www.upo.es\/fundacionmunicipios\/wp-json\/wp\/v2\/product"}],"about":[{"href":"https:\/\/www.upo.es\/fundacionmunicipios\/wp-json\/wp\/v2\/types\/product"}],"wp:featuredmedia":[{"embeddable":true,"href":"https:\/\/www.upo.es\/fundacionmunicipios\/wp-json\/wp\/v2\/media\/31589"}],"wp:attachment":[{"href":"https:\/\/www.upo.es\/fundacionmunicipios\/wp-json\/wp\/v2\/media?parent=31586"}],"wp:term":[{"taxonomy":"product_brand","embeddable":true,"href":"https:\/\/www.upo.es\/fundacionmunicipios\/wp-json\/wp\/v2\/product_brand?post=31586"},{"taxonomy":"product_cat","embeddable":true,"href":"https:\/\/www.upo.es\/fundacionmunicipios\/wp-json\/wp\/v2\/product_cat?post=31586"},{"taxonomy":"product_tag","embeddable":true,"href":"https:\/\/www.upo.es\/fundacionmunicipios\/wp-json\/wp\/v2\/product_tag?post=31586"}],"curies":[{"name":"wp","href":"https:\/\/api.w.org\/{rel}","templated":true}]}}

<p><strong>Título: </strong>Don Pablo de Olavide. Apuntes sobre su vida y sus obras<br />
<strong>Autor:</strong> Luis Perdices de Blas<br />
<strong>Corrección y supervisión de la presente edición a cargo de:</strong><br />
José Antonio Filter, Adolfo Hamer, Rosario Heredia y Francisco Hidalgo<br />
<strong>Editorial:</strong> Fundación de Municipios Pablo de Olavide<br />
<strong>Año de publicación:</strong> 2025<br />
<strong>Páginas: </strong>768<br />
<strong>País: </strong>España<br />
<strong>Idioma:</strong> español<br />
<strong>ISBN:</strong> 978-84-120123-9-2</p>

<div class="page" title="Page 1">
<div class="section">
<div class="layoutArea">
<div class="column">
<p class="p1">Con motivo del tricentenario del nacimiento de <span class="s1"><b>Pablo de Olavide (1725-1803)</b></span>, presentamos una nueva edición de la monografía de <span class="s1"><b>Luis Perdices de Blas</b></span> —catedrático de Historia del Pensamiento Económico de la Universidad Complutense de Madrid—, elaborada sobre la base de los escritos y papeles inéditos del hispano-limeño depositados en casi una treintena de archivos y bibliotecas españolas y francesas.</p>
<p class="p3"><span class="s2">Estamos ante una revisión de la </span><b>biografía política e intelectual de Olavide</b><span class="s2"> y del </span><b>análisis de su pensamiento económico</b><span class="s2">, así como de su </span><b>propuesta de reforma socioeconómica</b><span class="s2"> (agraria, comercial, educativa, de la beneficencia, etc.), llevada a cabo como </span><b>Personero del Común del Ayuntamiento de Madrid</b><span class="s2">, </span><b>Superintendente de las Nuevas Poblaciones de Sierra Morena y Andalucía</b><span class="s2">, </span><b>Asistente de la ciudad de Sevilla</b><span class="s2">, </span><b>Intendente del Ejército de los cuatro reinos de Andalucía</b><span class="s2">, </span><b>Superintendente de Rentas Provinciales del reino de Sevilla</b><span class="s2">, y </span><b>ciudadano de a pie</b><span class="s2"> en sus últimos años en Francia y en España.</span></p>
<p class="p1">A Olavide no se le puede considerar una excepción entre los ilustrados españoles, y menos aún si el punto de referencia son sus protectores —los condes de Aranda y Campomanes—, su discípulo <span class="s1"><b>Gaspar Melchor de Jovellanos</b></span> o sus amigos, como los citados, además de <span class="s1"><b>Francisco de Bruna</b></span> y <span class="s1"><b>Miguel de Múzquiz</b></span>, entre otros. Este hecho queda confirmado tras el análisis de su formación intelectual, de su pensamiento económico y sus fuentes, de sus propuestas reformistas y de su reacción ante los acontecimientos revolucionarios franceses de 1789.</p>
<p class="p1">Por lo tanto, más que un <i>afrancesado</i>, como el resto de los ilustrados españoles, <span class="s1"><b>fusionó corrientes intelectuales nacionales y foráneas</b></span>, y de ahí el título del libro: <i>Pablo de Olavide (1725-1803), el Ilustrado</i>.</p>
<p class="p1">Aunque fue condenado por la Inquisición en 1778, después de un <span class="s1"><b>autillo de fe</b></span> muy célebre en Europa —que dio lugar a su primera biografía, escrita por <span class="s1"><b>Diderot</b></span>—, las causas del fracaso de su proyecto reformista no se deben reducir exclusivamente a una manifestación más de la batalla entre <i>oscurantismo</i> y <i>luces</i>.</p>
<p class="p1">Junto a los factores políticos, también se examinan los <span class="s1"><b>problemas económicos y financieros</b></span>, así como los <span class="s1"><b>humanos, técnicos y teóricos</b></span> que obstaculizaron la ejecución de sus reformas.</p>
</div>
</div>
</div>
</div>
<p style="text-align: left;"><strong>Sobre la colección</strong></p>
<p>En esta colección de libros se trata de recomponer los hechos y las ideas que hicieron de la Ilustración, tanto en España como en América, un tiempo de progreso. En los sucesivos títulos se aludirá a la Ilustración, en su trascendencia social y cultural, a su tiempo y a su circunstancia. Se reconocerá a los ilustrados e ilustradas, poniendo en claro sus hechos  y moviéndose por sus espacios, tanto en la Península como en América. Y en sentido amplio, esta colección se interesará por el correlato formativo y cultural, en su trascendencia a los tiempos actuales.</p>
