{"id":1781,"date":"2016-03-19T11:41:48","date_gmt":"2016-03-19T10:41:48","guid":{"rendered":"https:\/\/www.upo.es\/gepdo\/?page_id=1781"},"modified":"2019-04-26T13:01:51","modified_gmt":"2019-04-26T11:01:51","slug":"ro-ortiz","status":"publish","type":"page","link":"https:\/\/www.upo.es\/gepdo\/quienes-somos\/ro-ortiz\/","title":{"rendered":"Ro Ortiz"},"content":{"rendered":"<h3 style=\"text-align: justify\"><a href=\"https:\/\/www.upo.es\/gepdo\/wp-content\/uploads\/2016\/03\/photo5944873120584281537.jpg\"><img decoding=\"async\" loading=\"lazy\" class=\"alignleft wp-image-2272 size-thumbnail\" src=\"https:\/\/www.upo.es\/gepdo\/wp-content\/uploads\/2016\/03\/photo5944873120584281537-150x150.jpg\" alt=\"\" width=\"150\" height=\"150\" \/><\/a><em>Estudiante en el Doble Grado de Derecho y Ciencias Pol\u00edticas en la Universidad Pablo de Olavide desde 2012.<\/em><\/h3>\n<p style=\"font-weight: 400\"><em>Hay muchos temas que me interesan dentro del inmenso mundo del Feminismo, pero una gran parte de mi formaci\u00f3n como activista se centr\u00f3 en temas de violencia de g\u00e9nero y violencia dom\u00e9stica. Actualmente, mis intereses se han concentrado m\u00e1s en la representaci\u00f3n de g\u00e9nero en los medios de comunicaci\u00f3n en masa y en la cultura, as\u00ed como en el ciberfeminismo.<\/em><\/p>\n<p style=\"font-weight: 400\"><em>Mi parcela de estudio es el mundo de las nuevas tecnolog\u00edas, tanto en temas de ciberacoso presentes en las relaciones entre internet y los nuevos grupos de machistas que se han generado en los \u00faltimos a\u00f1os, con el \u201cGamergate\u201d como m\u00e1ximo exponente.<\/em><\/p>\n<p style=\"font-weight: 400\"><em>Adem\u00e1s, y relacionado con esto, llevo un proyecto dedicado a la visibilizaci\u00f3n de las mujeres en el mundo del c\u00f3mic, tanto en la difusi\u00f3n de sus obras como el acercamiento de \u00e9stas a nuevas lectoras.<\/em><\/p>\n<h4 style=\"text-align: justify\"><\/h4>\n","protected":false},"excerpt":{"rendered":"<p>Estudiante en el Doble Grado de Derecho y Ciencias Pol\u00edticas en la Universidad Pablo de Olavide desde 2012. Hay muchos temas que me interesan dentro del inmenso mundo del Feminismo, pero una gran parte de mi formaci\u00f3n como activista se centr\u00f3 en temas de violencia de g\u00e9nero y violencia dom\u00e9stica. Actualmente, mis intereses se han&hellip;<\/p>\n","protected":false},"author":3,"featured_media":0,"parent":227,"menu_order":17,"comment_status":"closed","ping_status":"open","template":"template-onecolumn.php","meta":[],"_links":{"self":[{"href":"https:\/\/www.upo.es\/gepdo\/wp-json\/wp\/v2\/pages\/1781"}],"collection":[{"href":"https:\/\/www.upo.es\/gepdo\/wp-json\/wp\/v2\/pages"}],"about":[{"href":"https:\/\/www.upo.es\/gepdo\/wp-json\/wp\/v2\/types\/page"}],"author":[{"embeddable":true,"href":"https:\/\/www.upo.es\/gepdo\/wp-json\/wp\/v2\/users\/3"}],"replies":[{"embeddable":true,"href":"https:\/\/www.upo.es\/gepdo\/wp-json\/wp\/v2\/comments?post=1781"}],"version-history":[{"count":4,"href":"https:\/\/www.upo.es\/gepdo\/wp-json\/wp\/v2\/pages\/1781\/revisions"}],"predecessor-version":[{"id":2273,"href":"https:\/\/www.upo.es\/gepdo\/wp-json\/wp\/v2\/pages\/1781\/revisions\/2273"}],"up":[{"embeddable":true,"href":"https:\/\/www.upo.es\/gepdo\/wp-json\/wp\/v2\/pages\/227"}],"wp:attachment":[{"href":"https:\/\/www.upo.es\/gepdo\/wp-json\/wp\/v2\/media?parent=1781"}],"curies":[{"name":"wp","href":"https:\/\/api.w.org\/{rel}","templated":true}]}}