{"id":256,"date":"2013-01-25T17:47:10","date_gmt":"2013-01-25T16:47:10","guid":{"rendered":"https:\/\/www.upo.es\/gepdo\/public\/?page_id=256"},"modified":"2016-03-19T11:44:55","modified_gmt":"2016-03-19T10:44:55","slug":"margarita-vega-rapun","status":"publish","type":"page","link":"https:\/\/www.upo.es\/gepdo\/quienes-somos\/margarita-vega-rapun\/","title":{"rendered":"Margarita Vega Rap\u00fan"},"content":{"rendered":"<p><a href=\"https:\/\/www.upo.es\/gepdo\/wp-content\/uploads\/2013\/02\/Margarita_Vega.jpg\"><img decoding=\"async\" loading=\"lazy\" class=\"size-full wp-image-785  alignleft\" src=\"https:\/\/www.upo.es\/gepdo\/wp-content\/uploads\/2013\/02\/Margarita_Vega.jpg\" alt=\"\" width=\"100\" height=\"100\" \/><\/a><\/p>\n<p><!-- @page { margin: 2cm } P { margin-bottom: 0.21cm; direction: ltr; color: #000000; widows: 2; orphans: 2 } --><span style=\"color: #222222\"><span style=\"font-family: Calibri,serif\"><span style=\"font-size: small\">Mi nombre es Margarita Vega y soy licenciada en Econom\u00eda con un especial inter\u00e9s por el desarrollo econ\u00f3mico y pobreza por eso decid\u00ed cursar m\u00e1ster en desarrollo econ\u00f3mico en la Universidad Carlos III y otro con especialidad m\u00e1s enfocada al territorio con un\u00a0m\u00e1ster en desarrollo econ\u00f3mico regional en la London School of economics. En la actualidad, estoy realizando el doctorado en Desarrollo econ\u00f3mico en la Universidad Pablo de Olavide de Sevilla sobre pobreza y usos del tiempo y adem\u00e1s trabajo en un proyecto de investigaci\u00f3n sobre pol\u00edticas de desarrollo social a nivel regional y formo parte del grupo de investigaci\u00f3n EcoEcoFem (Econom\u00eda Ecol\u00f3gica, Feminista y Desarrollo). En los \u00faltimos a\u00f1os he trabajado como asesora econ\u00f3mica en el gobierno regional y en varios proyectos de consultor\u00eda sobre educaci\u00f3n, desarrollo e inmigraci\u00f3n y en un proyecto con el Banco interamericano de desarrollo en Latinoam\u00e9rica sobre administraci\u00f3n de tierras. <\/span><\/span><\/span><\/p>\n<p><strong>Perfil acad\u00e9mico y profesional<\/strong><br \/>\n<a href=\"https:\/\/www.upo.es\/gepdo\/wp-content\/uploads\/2013\/02\/CV_MARGARITAVEGA.pdf\"><img decoding=\"async\" title=\"CV-ES\" src=\"https:\/\/www.upo.es\/gepdo\/wp-content\/uploads\/2013\/01\/docu.png\" alt=\"\" \/><\/a><\/p>\n<p>&nbsp;<\/p>\n","protected":false},"excerpt":{"rendered":"<p>Mi nombre es Margarita Vega y soy licenciada en Econom\u00eda con un especial inter\u00e9s por el desarrollo econ\u00f3mico y pobreza por eso decid\u00ed cursar m\u00e1ster en desarrollo econ\u00f3mico en la Universidad Carlos III y otro con especialidad m\u00e1s enfocada al territorio con un\u00a0m\u00e1ster en desarrollo econ\u00f3mico regional en la London School of economics. En la&hellip;<\/p>\n","protected":false},"author":1,"featured_media":0,"parent":227,"menu_order":21,"comment_status":"closed","ping_status":"closed","template":"template-onecolumn.php","meta":[],"_links":{"self":[{"href":"https:\/\/www.upo.es\/gepdo\/wp-json\/wp\/v2\/pages\/256"}],"collection":[{"href":"https:\/\/www.upo.es\/gepdo\/wp-json\/wp\/v2\/pages"}],"about":[{"href":"https:\/\/www.upo.es\/gepdo\/wp-json\/wp\/v2\/types\/page"}],"author":[{"embeddable":true,"href":"https:\/\/www.upo.es\/gepdo\/wp-json\/wp\/v2\/users\/1"}],"replies":[{"embeddable":true,"href":"https:\/\/www.upo.es\/gepdo\/wp-json\/wp\/v2\/comments?post=256"}],"version-history":[{"count":3,"href":"https:\/\/www.upo.es\/gepdo\/wp-json\/wp\/v2\/pages\/256\/revisions"}],"predecessor-version":[{"id":1784,"href":"https:\/\/www.upo.es\/gepdo\/wp-json\/wp\/v2\/pages\/256\/revisions\/1784"}],"up":[{"embeddable":true,"href":"https:\/\/www.upo.es\/gepdo\/wp-json\/wp\/v2\/pages\/227"}],"wp:attachment":[{"href":"https:\/\/www.upo.es\/gepdo\/wp-json\/wp\/v2\/media?parent=256"}],"curies":[{"name":"wp","href":"https:\/\/api.w.org\/{rel}","templated":true}]}}