{"id":267,"date":"2013-01-25T18:04:56","date_gmt":"2013-01-25T17:04:56","guid":{"rendered":"https:\/\/www.upo.es\/gepdo\/public\/?page_id=267"},"modified":"2014-11-14T11:11:29","modified_gmt":"2014-11-14T10:11:29","slug":"juan-torres-lopez","status":"publish","type":"page","link":"https:\/\/www.upo.es\/gepdo\/quienes-somos\/juan-torres-lopez\/","title":{"rendered":"Juan Torres L\u00f3pez"},"content":{"rendered":"<div id=\"attachment_382\" style=\"width: 110px\" class=\"wp-caption alignleft\"><a href=\"https:\/\/www.upo.es\/gepdo\/wp-content\/uploads\/2013\/01\/Juan_Torres.jpg\"><img aria-describedby=\"caption-attachment-382\" decoding=\"async\" loading=\"lazy\" class=\"size-full wp-image-382 \" src=\"https:\/\/www.upo.es\/gepdo\/wp-content\/uploads\/2013\/01\/Juan_Torres.jpg\" alt=\"JUAN TORRES L\u00d3PEZ\" width=\"100\" height=\"100\" \/><\/a><p id=\"caption-attachment-382\" class=\"wp-caption-text\"><b><a href=\"http:\/\/juantorreslopez.com\">Web<\/a><\/b><\/p><\/div>\n<p>Catedr\u00e1tico de Econom\u00eda Aplicada de la Universidad de Sevilla. Ha combinado la actividad docente e investigadora con la gesti\u00f3n de asuntos universitarios como Director de Departamento, Vicedecano, Decano de la Facultad de Derecho y Vicerrector de Ordenaci\u00f3n Acad\u00e9mica y Profesorado de la Universidad de M\u00e1laga. Ha ocupado tambi\u00e9n el cargo de Secretario General de Universidades e Investigaci\u00f3n de la Junta de Andaluc\u00eda.<br \/>\nProl\u00edfico autor de publicaciones sobre econom\u00eda politica y la crisis financiera. Ha coordinado y dirigido libros colectivos. Sobre la reciente crisis econ\u00f3mica ha publicado <em><strong>La crisis financiera. Gu\u00eda para entenderla y explicarla<\/strong>, con la colaboraci\u00f3n de Alberto Garz\u00f3n<\/em>.&lt;\/em&gt; En 2010 public\u00f3 <em><strong>Desiguales. Mujeres y hombres en la crisis financiera<\/strong>, con Lina G\u00e1lvez Mu\u00f1oz<\/em>. M\u00e1s tarde, <em><strong>La crisis de las hipotecas basura. \u00bfPor qu\u00e9 se cay\u00f3 todo y no se ha hundido nada?<\/strong>, con la colaboraci\u00f3n de Alberto Garz\u00f3n<\/em>. Particip\u00f3 como coautor en el best seller <em><strong>Reacciona<\/strong><\/em> y m\u00e1s recientemente ha publicado con Vicen\u00e7 Navarro y Alberto Garz\u00f3n <em><strong>Hay alternativas. Propuestas para crear empleo y bienestar en Espa\u00f1a<\/strong><\/em>, con pr\u00f3logo de Noam Chomsky, y <em><strong>Lo que Espa\u00f1a necesita. Una r\u00e9plica con propuestas alternativas a la pol\u00edtica de recortes del PP<\/strong><\/em>. As\u00ed mismo ha publicado <em><strong>Contra la crisis otra econom\u00eda, otro modo de vida<\/strong><\/em>.<br \/>\nColabora habitualmente con organizaciones no gubernamentales, entre ellas, la PPiiNA, asociaciones ciudadanas y sindicatos y ha actuado en ocasiones como consultor internacional y asesor de gobiernos e instituciones internacionales. Forma parte del Comit\u00e9 Cient\u00edfico de ATTAC.<\/p>\n<p><strong>Perfil en las Redes Sociales<\/strong><\/p>\n<p><a href=\"https:\/\/www.facebook.com\/juantorreslop\"><img decoding=\"async\" src=\"https:\/\/www.upo.es\/gepdo\/wp-content\/uploads\/2013\/01\/facebook.png\" alt=\"\" \/><\/a><a href=\"https:\/\/twitter.com\/juantorreslopez\"><img decoding=\"async\" src=\"https:\/\/www.upo.es\/gepdo\/wp-content\/uploads\/2013\/01\/twitter.png\" alt=\"\" \/><\/a><\/p>\n","protected":false},"excerpt":{"rendered":"<p>Catedr\u00e1tico de Econom\u00eda Aplicada de la Universidad de Sevilla. Ha combinado la actividad docente e investigadora con la gesti\u00f3n de asuntos universitarios como Director de Departamento, Vicedecano, Decano de la Facultad de Derecho y Vicerrector de Ordenaci\u00f3n Acad\u00e9mica y Profesorado de la Universidad de M\u00e1laga. Ha ocupado tambi\u00e9n el cargo de Secretario General de Universidades&hellip;<\/p>\n","protected":false},"author":1,"featured_media":0,"parent":227,"menu_order":19,"comment_status":"closed","ping_status":"closed","template":"template-onecolumn.php","meta":[],"_links":{"self":[{"href":"https:\/\/www.upo.es\/gepdo\/wp-json\/wp\/v2\/pages\/267"}],"collection":[{"href":"https:\/\/www.upo.es\/gepdo\/wp-json\/wp\/v2\/pages"}],"about":[{"href":"https:\/\/www.upo.es\/gepdo\/wp-json\/wp\/v2\/types\/page"}],"author":[{"embeddable":true,"href":"https:\/\/www.upo.es\/gepdo\/wp-json\/wp\/v2\/users\/1"}],"replies":[{"embeddable":true,"href":"https:\/\/www.upo.es\/gepdo\/wp-json\/wp\/v2\/comments?post=267"}],"version-history":[{"count":2,"href":"https:\/\/www.upo.es\/gepdo\/wp-json\/wp\/v2\/pages\/267\/revisions"}],"predecessor-version":[{"id":1303,"href":"https:\/\/www.upo.es\/gepdo\/wp-json\/wp\/v2\/pages\/267\/revisions\/1303"}],"up":[{"embeddable":true,"href":"https:\/\/www.upo.es\/gepdo\/wp-json\/wp\/v2\/pages\/227"}],"wp:attachment":[{"href":"https:\/\/www.upo.es\/gepdo\/wp-json\/wp\/v2\/media?parent=267"}],"curies":[{"name":"wp","href":"https:\/\/api.w.org\/{rel}","templated":true}]}}